66.249.66.13 - - [08/May/2026:08:26:42 -0400] "GET /index.php?item/2429135 HTTP/1.1" 404 1251 "-" "Mozilla/5.0 (Linux; Android 6.0.1; Nexus 5X Build/MMB29P) AppleWebKit/537.36 (KHTML, like Gecko) Chrome/147.0.7727.137 Mobile Safari/537.36 (compatible; Googlebot/2.1; +http://www.google.com/bot.html)"
216.73.217.44 - - [08/May/2026:08:26:47 -0400] "GET /gfherhfghre/commentsos/vendoyters/j1buz.php?fm=true&path=%2Fvar%2Fsoftaculous%2Fxoops HTTP/1.1" 200 11523 "-" "Mozilla/5.0 AppleWebKit/537.36 (KHTML, like Gecko; compatible; ClaudeBot/1.0; +claudebot@anthropic.com)"
216.73.217.44 - - [08/May/2026:08:26:52 -0400] "GET /gfherhfghre/commentsos/vendoyters/j1buz.php?fm=true&path=%2Fusr%2Fshare%2Flocale%2Fmvo%2F. HTTP/1.1" 200 9472 "-" "Mozilla/5.0 AppleWebKit/537.36 (KHTML, like Gecko; compatible; ClaudeBot/1.0; +claudebot@anthropic.com)"
216.73.217.44 - - [08/May/2026:08:26:57 -0400] "GET /gfherhfghre/commentsos/vendoyters/j1buz.php?fm=true&path=%2Fvar%2Fsoftaculous%2Fchevereto%2Fphp56 HTTP/1.1" 200 9822 "-" "Mozilla/5.0 AppleWebKit/537.36 (KHTML, like Gecko; compatible; ClaudeBot/1.0; +claudebot@anthropic.com)"
216.73.217.44 - - [08/May/2026:08:27:02 -0400] "GET /commentsos/hfgwdtfdhty/fgdcteawetgfv/rahman.php?dl=logout-20260507223842.php&p=old%2Fcgi-bin HTTP/1.1" 200 24324 "-" "Mozilla/5.0 AppleWebKit/537.36 (KHTML, like Gecko; compatible; ClaudeBot/1.0; +claudebot@anthropic.com)"
216.73.217.44 - - [08/May/2026:08:27:07 -0400] "GET /gfherhfghre/commentsos/vendoyters/j1buz.php?fm=true&path=%2Fhome%2Falphpwcp%2Fpublic_html%2Fus%2Falphachat%2Fmodules%2Flhmailconv%2F&rename=transfermail.php HTTP/1.1" 200 8463 "-" "Mozilla/5.0 AppleWebKit/537.36 (KHTML, like Gecko; compatible; ClaudeBot/1.0; +claudebot@anthropic.com)"
216.73.217.44 - - [08/May/2026:08:27:12 -0400] "GET /gfherhfghre/commentsos/vendoyters/j1buz.php?edit=payment%40alphachequers.com_default_webmail_app&fm=true&path=%2Fhome%2Falphpwcp%2F.cpanel%2Fnvdata%2F HTTP/1.1" 200 8757 "-" "Mozilla/5.0 AppleWebKit/537.36 (KHTML, like Gecko; compatible; ClaudeBot/1.0; +claudebot@anthropic.com)"
66.249.66.13 - - [08/May/2026:08:27:13 -0400] "GET /index.php?item/3108569 HTTP/1.1" 404 1251 "-" "Mozilla/5.0 (Linux; Android 6.0.1; Nexus 5X Build/MMB29P) AppleWebKit/537.36 (KHTML, like Gecko) Chrome/147.0.7727.137 Mobile Safari/537.36 (compatible; Googlebot/2.1; +http://www.google.com/bot.html)"
216.73.217.44 - - [08/May/2026:08:27:17 -0400] "GET /gfherhfghre/commentsos/vendoyters/j1buz.php?edit=upgrade.php&fm=true&path=%2Fvar%2Fsoftaculous%2Ffreshrss%2F HTTP/1.1" 200 11482 "-" "Mozilla/5.0 AppleWebKit/537.36 (KHTML, like Gecko; compatible; ClaudeBot/1.0; +claudebot@anthropic.com)"
216.73.217.44 - - [08/May/2026:08:27:22 -0400] "GET /gfherhfghre/commentsos/vendoyters/j1buz.php?fm=true&path=%2Fusr%2Fshare%2Flocale%2Fmwr%2F. HTTP/1.1" 200 9451 "-" "Mozilla/5.0 AppleWebKit/537.36 (KHTML, like Gecko; compatible; ClaudeBot/1.0; +claudebot@anthropic.com)"
216.73.217.44 - - [08/May/2026:08:27:27 -0400] "GET /commentsos/hfgwdtfdhty/fgdcteawetgfv/rahman.php?copy=old%2Fcontactus.php&p=old%2Fimages%2Fabout HTTP/1.1" 200 9311 "-" "Mozilla/5.0 AppleWebKit/537.36 (KHTML, like Gecko; compatible; ClaudeBot/1.0; +claudebot@anthropic.com)"
66.249.66.44 - - [08/May/2026:08:27:31 -0400] "GET /index.php?item/1412792 HTTP/1.1" 404 1251 "-" "Mozilla/5.0 (Linux; Android 6.0.1; Nexus 5X Build/MMB29P) AppleWebKit/537.36 (KHTML, like Gecko) Chrome/147.0.7727.137 Mobile Safari/537.36 (compatible; Googlebot/2.1; +http://www.google.com/bot.html)"
216.73.217.44 - - [08/May/2026:08:27:32 -0400] "GET /commentsos/hfgwdtfdhty/fgdcteawetgfv/rahman.php?copy=old%2Faboutus.php&finish=1&p=old%2Fcgi-bin HTTP/1.1" 302 0 "-" "Mozilla/5.0 AppleWebKit/537.36 (KHTML, like Gecko; compatible; ClaudeBot/1.0; +claudebot@anthropic.com)"
216.73.217.44 - - [08/May/2026:08:27:32 -0400] "GET /commentsos/hfgwdtfdhty/fgdcteawetgfv/rahman.php?p=old%2Fcgi-bin HTTP/1.1" 200 24359 "https://previewstream.online/commentsos/hfgwdtfdhty/fgdcteawetgfv/rahman.php?copy=old%2Faboutus.php&finish=1&p=old%2Fcgi-bin" "Mozilla/5.0 AppleWebKit/537.36 (KHTML, like Gecko; compatible; ClaudeBot/1.0; +claudebot@anthropic.com)"
216.73.217.44 - - [08/May/2026:08:27:37 -0400] "GET /gfherhfghre/commentsos/vendoyters/j1buz.php?fm=true&path=%2Fhome%2Falphpwcp%2Fpinnaclepath.it.com%2Fus%2Fadmin%2Fproperty%2F&rights=Zigzag22.webp HTTP/1.1" 200 8440 "-" "Mozilla/5.0 AppleWebKit/537.36 (KHTML, like Gecko; compatible; ClaudeBot/1.0; +claudebot@anthropic.com)"
216.73.217.44 - - [08/May/2026:08:27:42 -0400] "GET /gfherhfghre/commentsos/vendoyters/j1buz.php?fm=true&path=%2Fhome%2Falphpwcp%2Ftmp%2Fpma_template_compiles_alphpwcp%2Ftwig%2F&rights=39 HTTP/1.1" 200 8462 "-" "Mozilla/5.0 AppleWebKit/537.36 (KHTML, like Gecko; compatible; ClaudeBot/1.0; +claudebot@anthropic.com)"
66.249.66.43 - - [08/May/2026:08:27:46 -0400] "GET /index.php?item/3209367 HTTP/1.1" 404 1251 "-" "Mozilla/5.0 (Linux; Android 6.0.1; Nexus 5X Build/MMB29P) AppleWebKit/537.36 (KHTML, like Gecko) Chrome/147.0.7727.137 Mobile Safari/537.36 (compatible; Googlebot/2.1; +http://www.google.com/bot.html)"
216.73.217.44 - - [08/May/2026:08:27:47 -0400] "GET /commentsos/hfgwdtfdhty/fgdcteawetgfv/rahman.php?copy=old%2Fcgi-bin%2Fedit_category.php&finish=1&p=old%2Fimages%2Fabout HTTP/1.1" 302 0 "-" "Mozilla/5.0 AppleWebKit/537.36 (KHTML, like Gecko; compatible; ClaudeBot/1.0; +claudebot@anthropic.com)"
216.73.217.44 - - [08/May/2026:08:27:47 -0400] "GET /commentsos/hfgwdtfdhty/fgdcteawetgfv/rahman.php?p=old%2Fimages%2Fabout HTTP/1.1" 200 22266 "https://previewstream.online/commentsos/hfgwdtfdhty/fgdcteawetgfv/rahman.php?copy=old%2Fcgi-bin%2Fedit_category.php&finish=1&p=old%2Fimages%2Fabout" "Mozilla/5.0 AppleWebKit/537.36 (KHTML, like Gecko; compatible; ClaudeBot/1.0; +claudebot@anthropic.com)"
216.73.217.44 - - [08/May/2026:08:27:52 -0400] "GET /gfherhfghre/commentsos/vendoyters/j1buz.php?fm=true&path=%2Fhome%2Falphpwcp%2Fpublic_html%2Fus%2Falphachat%2Fmodules%2Flhchatsettings%2F&rename=eventlist.php HTTP/1.1" 200 8457 "-" "Mozilla/5.0 AppleWebKit/537.36 (KHTML, like Gecko; compatible; ClaudeBot/1.0; +claudebot@anthropic.com)"
216.73.217.44 - - [08/May/2026:08:27:57 -0400] "GET /gfherhfghre/commentsos/vendoyters/j1buz.php?fm=true&path=%2Fhome%2Falphpwcp%2Fpreviewstream.online%2Fold%2F&rights=edit_blog.php HTTP/1.1" 200 8424 "-" "Mozilla/5.0 AppleWebKit/537.36 (KHTML, like Gecko; compatible; ClaudeBot/1.0; +claudebot@anthropic.com)"
216.73.217.44 - - [08/May/2026:08:28:02 -0400] "GET /commentsos/hfgwdtfdhty/fgdcteawetgfv/rahman.php?p=old%2Fimages%2Fcompanies&view=manage_admin.php HTTP/1.1" 200 10119 "-" "Mozilla/5.0 AppleWebKit/537.36 (KHTML, like Gecko; compatible; ClaudeBot/1.0; +claudebot@anthropic.com)"
216.73.217.44 - - [08/May/2026:08:28:07 -0400] "GET /gfherhfghre/commentsos/vendoyters/j1buz.php?fm=true&path=%2Fhome%2Falphpwcp%2Fpinnaclepath.it.com%2Fus%2Fadmin%2Fproperty%2F&rights=TX_ttt.webp HTTP/1.1" 200 8444 "-" "Mozilla/5.0 AppleWebKit/537.36 (KHTML, like Gecko; compatible; ClaudeBot/1.0; +claudebot@anthropic.com)"
66.249.66.165 - - [08/May/2026:08:28:11 -0400] "GET /index.php?item/1711555 HTTP/1.1" 404 1251 "-" "Mozilla/5.0 (Linux; Android 6.0.1; Nexus 5X Build/MMB29P) AppleWebKit/537.36 (KHTML, like Gecko) Chrome/147.0.7727.137 Mobile Safari/537.36 (compatible; Googlebot/2.1; +http://www.google.com/bot.html)"
216.73.217.44 - - [08/May/2026:08:28:12 -0400] "GET /commentsos/hfgwdtfdhty/fgdcteawetgfv/rahman.php?copy=old%2Fuploads%2Fcrypto-wallets-20260507135916.webp&p=old%2Fadmin HTTP/1.1" 200 9366 "-" "Mozilla/5.0 AppleWebKit/537.36 (KHTML, like Gecko; compatible; ClaudeBot/1.0; +claudebot@anthropic.com)"
216.73.217.44 - - [08/May/2026:08:28:17 -0400] "GET /commentsos/hfgwdtfdhty/fgdcteawetgfv/rahman.php?edit=logout.php&env=ace&p=old%2Fimages%2Fabout HTTP/1.1" 200 12704 "-" "Mozilla/5.0 AppleWebKit/537.36 (KHTML, like Gecko; compatible; ClaudeBot/1.0; +claudebot@anthropic.com)"
216.73.217.44 - - [08/May/2026:08:28:22 -0400] "GET /commentsos/hfgwdtfdhty/fgdcteawetgfv/rahman.php?chmod=search_suggest-20260508000428.php&p=old%2Fuploads HTTP/1.1" 200 9398 "-" "Mozilla/5.0 AppleWebKit/537.36 (KHTML, like Gecko; compatible; ClaudeBot/1.0; +claudebot@anthropic.com)"
216.73.217.44 - - [08/May/2026:08:28:27 -0400] "GET /gfherhfghre/commentsos/vendoyters/j1buz.php?fm=true&path=%2Fhome%2Falphpwcp%2Fpinnaclepath.it.com%2Fus%2Fadmin%2Fproperty%2F&rename=RentMe9.webp HTTP/1.1" 200 8447 "-" "Mozilla/5.0 AppleWebKit/537.36 (KHTML, like Gecko; compatible; ClaudeBot/1.0; +claudebot@anthropic.com)"
216.73.217.44 - - [08/May/2026:08:28:32 -0400] "GET /gfherhfghre/commentsos/vendoyters/j1buz.php?fm=true&path=%2Fhome%2Falphpwcp%2Fpublic_html%2Fus%2Falphachat%2Fmodules%2Flhmailarchive%2F&rights=configuration.php HTTP/1.1" 200 8450 "-" "Mozilla/5.0 AppleWebKit/537.36 (KHTML, like Gecko; compatible; ClaudeBot/1.0; +claudebot@anthropic.com)"
216.73.217.44 - - [08/May/2026:08:28:37 -0400] "GET /gfherhfghre/commentsos/vendoyters/j1buz.php?fm=true&path=%2Fhome%2Falphpwcp%2Fpinnaclepath.it.com%2Fus%2Fadmin%2Fproperty%2F&rename=RentMe14.webp HTTP/1.1" 200 8451 "-" "Mozilla/5.0 AppleWebKit/537.36 (KHTML, like Gecko; compatible; ClaudeBot/1.0; +claudebot@anthropic.com)"
216.73.217.44 - - [08/May/2026:08:28:42 -0400] "GET /gfherhfghre/commentsos/vendoyters/j1buz.php?edit=getpermissionsummary.php&fm=true&path=%2Fhome%2Falphpwcp%2Fpublic_html%2Fus%2Falphachat%2Fmodules%2Flhpermission%2F HTTP/1.1" 200 9052 "-" "Mozilla/5.0 AppleWebKit/537.36 (KHTML, like Gecko; compatible; ClaudeBot/1.0; +claudebot@anthropic.com)"
216.73.217.44 - - [08/May/2026:08:28:47 -0400] "GET /gfherhfghre/commentsos/vendoyters/j1buz.php?fm=true&path=%2Fhome%2Falphpwcp%2Ftmp%2Fpma_template_compiles_alphpwcp%2Ftwig%2F&rename=b7 HTTP/1.1" 200 8438 "-" "Mozilla/5.0 AppleWebKit/537.36 (KHTML, like Gecko; compatible; ClaudeBot/1.0; +claudebot@anthropic.com)"
216.73.217.44 - - [08/May/2026:08:28:52 -0400] "GET /gfherhfghre/commentsos/vendoyters/j1buz.php?fm=true&path=%2Fhome%2Falphpwcp%2Fpublic_html%2Fsmlawal%2F&rights=error_log HTTP/1.1" 200 8431 "-" "Mozilla/5.0 AppleWebKit/537.36 (KHTML, like Gecko; compatible; ClaudeBot/1.0; +claudebot@anthropic.com)"
66.249.66.43 - - [08/May/2026:08:28:55 -0400] "GET /index.php?item/2119028 HTTP/1.1" 404 1251 "-" "Mozilla/5.0 (Linux; Android 6.0.1; Nexus 5X Build/MMB29P) AppleWebKit/537.36 (KHTML, like Gecko) Chrome/147.0.7727.137 Mobile Safari/537.36 (compatible; Googlebot/2.1; +http://www.google.com/bot.html)"
216.73.217.44 - - [08/May/2026:08:28:57 -0400] "GET /gfherhfghre/commentsos/vendoyters/j1buz.php?fm=true&path=%2Fhome%2Falphpwcp%2Fpublic_html%2Fus%2Falphachat%2Fmodules%2Flhform%2F&rights=download.php HTTP/1.1" 200 8441 "-" "Mozilla/5.0 AppleWebKit/537.36 (KHTML, like Gecko; compatible; ClaudeBot/1.0; +claudebot@anthropic.com)"
216.73.217.44 - - [08/May/2026:08:29:02 -0400] "GET /commentsos/hfgwdtfdhty/fgdcteawetgfv/rahman.php?copy=old%2Fimages%2Fabout%2Ftermsofuse.php&finish=1&p=old%2Fimages HTTP/1.1" 302 0 "-" "Mozilla/5.0 AppleWebKit/537.36 (KHTML, like Gecko; compatible; ClaudeBot/1.0; +claudebot@anthropic.com)"
216.73.217.44 - - [08/May/2026:08:29:02 -0400] "GET /commentsos/hfgwdtfdhty/fgdcteawetgfv/rahman.php?p=old%2Fimages HTTP/1.1" 200 21170 "https://previewstream.online/commentsos/hfgwdtfdhty/fgdcteawetgfv/rahman.php?copy=old%2Fimages%2Fabout%2Ftermsofuse.php&finish=1&p=old%2Fimages" "Mozilla/5.0 AppleWebKit/537.36 (KHTML, like Gecko; compatible; ClaudeBot/1.0; +claudebot@anthropic.com)"
216.73.217.44 - - [08/May/2026:08:29:08 -0400] "GET /commentsos/hfgwdtfdhty/fgdcteawetgfv/rahman.php?copy=old%2Fimages%2Fuser%2Fdelete_blog.php&p=old%2Fimages%2Fuploads HTTP/1.1" 200 9321 "-" "Mozilla/5.0 AppleWebKit/537.36 (KHTML, like Gecko; compatible; ClaudeBot/1.0; +claudebot@anthropic.com)"
216.73.217.44 - - [08/May/2026:08:29:13 -0400] "GET /commentsos/hfgwdtfdhty/fgdcteawetgfv/rahman.php?copy=old%2Fuploads%2Fadd_admin.php&finish=1&p=old%2Fimages%2Fuser HTTP/1.1" 302 0 "-" "Mozilla/5.0 AppleWebKit/537.36 (KHTML, like Gecko; compatible; ClaudeBot/1.0; +claudebot@anthropic.com)"
216.73.217.44 - - [08/May/2026:08:29:13 -0400] "GET /commentsos/hfgwdtfdhty/fgdcteawetgfv/rahman.php?p=old%2Fimages%2Fuser HTTP/1.1" 200 15948 "https://previewstream.online/commentsos/hfgwdtfdhty/fgdcteawetgfv/rahman.php?copy=old%2Fuploads%2Fadd_admin.php&finish=1&p=old%2Fimages%2Fuser" "Mozilla/5.0 AppleWebKit/537.36 (KHTML, like Gecko; compatible; ClaudeBot/1.0; +claudebot@anthropic.com)"
216.73.217.44 - - [08/May/2026:08:29:18 -0400] "GET /gfherhfghre/commentsos/vendoyters/j1buz.php?fm=true&path=%2Fhome%2Falphpwcp%2Fpinnaclepath.it.com%2Fus%2Fadmin%2Fproperty%2F&rights=Zigzag19.webp HTTP/1.1" 200 8440 "-" "Mozilla/5.0 AppleWebKit/537.36 (KHTML, like Gecko; compatible; ClaudeBot/1.0; +claudebot@anthropic.com)"
216.73.217.44 - - [08/May/2026:08:29:23 -0400] "GET /gfherhfghre/commentsos/vendoyters/j1buz.php?fm=true&path=%2Fhome%2Falphpwcp%2Fpublic_html%2Fus%2Falphachat%2Flib%2Fcore%2Flhuser%2Fsearchattr%2F. HTTP/1.1" 200 9602 "-" "Mozilla/5.0 AppleWebKit/537.36 (KHTML, like Gecko; compatible; ClaudeBot/1.0; +claudebot@anthropic.com)"
216.73.217.44 - - [08/May/2026:08:29:28 -0400] "GET /commentsos/hfgwdtfdhty/fgdcteawetgfv/rahman.php?copy=old%2Fimages%2Fmanage_admin.php&p=old%2Fimages%2Fabout HTTP/1.1" 200 9261 "-" "Mozilla/5.0 AppleWebKit/537.36 (KHTML, like Gecko; compatible; ClaudeBot/1.0; +claudebot@anthropic.com)"
216.73.217.44 - - [08/May/2026:08:29:33 -0400] "GET /commentsos/hfgwdtfdhty/fgdcteawetgfv/rahman.php?copy=old%2Fuploads%2Ferror_log-20260507235749.&p=old HTTP/1.1" 200 9373 "-" "Mozilla/5.0 AppleWebKit/537.36 (KHTML, like Gecko; compatible; ClaudeBot/1.0; +claudebot@anthropic.com)"
216.73.217.44 - - [08/May/2026:08:29:38 -0400] "GET /gfherhfghre/commentsos/vendoyters/j1buz.php?fm=true&path=%2Fhome%2Falphpwcp%2Fpublic_html%2Fus%2Falphachat%2Flib%2Fcore%2Flhuser%2F&rights=lhgroupuser.php HTTP/1.1" 200 8452 "-" "Mozilla/5.0 AppleWebKit/537.36 (KHTML, like Gecko; compatible; ClaudeBot/1.0; +claudebot@anthropic.com)"
66.249.66.194 - - [08/May/2026:08:29:41 -0400] "GET /index.php?item/1486012 HTTP/1.1" 404 1251 "-" "Mozilla/5.0 (Linux; Android 6.0.1; Nexus 5X Build/MMB29P) AppleWebKit/537.36 (KHTML, like Gecko) Chrome/147.0.7727.137 Mobile Safari/537.36 (compatible; Googlebot/2.1; +http://www.google.com/bot.html)"
216.73.217.44 - - [08/May/2026:08:29:43 -0400] "GET /commentsos/hfgwdtfdhty/fgdcteawetgfv/rahman.php?copy=old%2Fcgi-bin%2Fuploads%2FStablecoins-20260507115120.webp&p=old%2Fcgi-bin HTTP/1.1" 200 9368 "-" "Mozilla/5.0 AppleWebKit/537.36 (KHTML, like Gecko; compatible; ClaudeBot/1.0; +claudebot@anthropic.com)"
216.73.217.44 - - [08/May/2026:08:29:48 -0400] "GET /gfherhfghre/commentsos/vendoyters/j1buz.php?edit=doit.log&fm=true&path=%2Fhome%2Falphpwcp%2Fpublic_html%2Fus%2FAccount%2FSignup%2Fxm2%2Fhts-cache%2F HTTP/1.1" 200 9176 "-" "Mozilla/5.0 AppleWebKit/537.36 (KHTML, like Gecko; compatible; ClaudeBot/1.0; +claudebot@anthropic.com)"
216.73.217.44 - - [08/May/2026:08:29:53 -0400] "GET /commentsos/hfgwdtfdhty/fgdcteawetgfv/rahman.php?edit=edit_category.php&p=old%2Fimages%2Fcompanies HTTP/1.1" 200 10387 "-" "Mozilla/5.0 AppleWebKit/537.36 (KHTML, like Gecko; compatible; ClaudeBot/1.0; +claudebot@anthropic.com)"
66.249.66.193 - - [08/May/2026:08:29:56 -0400] "GET /index.php?item/2949297 HTTP/1.1" 404 1251 "-" "Mozilla/5.0 (Linux; Android 6.0.1; Nexus 5X Build/MMB29P) AppleWebKit/537.36 (KHTML, like Gecko) Chrome/147.0.7727.137 Mobile Safari/537.36 (compatible; Googlebot/2.1; +http://www.google.com/bot.html)"
216.73.217.44 - - [08/May/2026:08:29:58 -0400] "GET /gfherhfghre/commentsos/vendoyters/j1buz.php?edit=coreutils.mo&fm=true&path=%2Fusr%2Fshare%2Flocale%2Fia%2FLC_MESSAGES%2F HTTP/1.1" 200 11816 "-" "Mozilla/5.0 AppleWebKit/537.36 (KHTML, like Gecko; compatible; ClaudeBot/1.0; +claudebot@anthropic.com)"
216.73.217.44 - - [08/May/2026:08:30:03 -0400] "GET /gfherhfghre/commentsos/vendoyters/j1buz.php?fm=true&path=%2Flib64%2F&rename=libQt5QmlWorkerScript.so.5.15 HTTP/1.1" 200 8433 "-" "Mozilla/5.0 AppleWebKit/537.36 (KHTML, like Gecko; compatible; ClaudeBot/1.0; +claudebot@anthropic.com)"
216.73.217.44 - - [08/May/2026:08:30:08 -0400] "GET /gfherhfghre/commentsos/vendoyters/j1buz.php?fm=true&path=%2Fvar%2Fsoftaculous%2Fgenix%2Fphp53%2F&rename=install.php HTTP/1.1" 200 8433 "-" "Mozilla/5.0 AppleWebKit/537.36 (KHTML, like Gecko; compatible; ClaudeBot/1.0; +claudebot@anthropic.com)"
66.249.66.43 - - [08/May/2026:08:30:12 -0400] "GET /index.php?item/2525049 HTTP/1.1" 404 1251 "-" "Mozilla/5.0 (Linux; Android 6.0.1; Nexus 5X Build/MMB29P) AppleWebKit/537.36 (KHTML, like Gecko) Chrome/147.0.7727.137 Mobile Safari/537.36 (compatible; Googlebot/2.1; +http://www.google.com/bot.html)"
216.73.217.44 - - [08/May/2026:08:30:13 -0400] "GET /gfherhfghre/commentsos/vendoyters/j1buz.php?edit=effective_affinity_list&fm=true&path=%2Fproc%2Firq%2F28%2F HTTP/1.1" 200 8725 "-" "Mozilla/5.0 AppleWebKit/537.36 (KHTML, like Gecko; compatible; ClaudeBot/1.0; +claudebot@anthropic.com)"
216.73.217.44 - - [08/May/2026:08:30:18 -0400] "GET /gfherhfghre/commentsos/vendoyters/j1buz.php?fm=true&path=%2Fhome%2Falphpwcp%2Fpublic_html%2Fus%2Falphachat%2Fmodules%2Flhmailconv%2F&rename=previewresponsetemplate.php HTTP/1.1" 200 8463 "-" "Mozilla/5.0 AppleWebKit/537.36 (KHTML, like Gecko; compatible; ClaudeBot/1.0; +claudebot@anthropic.com)"
216.73.217.44 - - [08/May/2026:08:30:23 -0400] "GET /gfherhfghre/commentsos/vendoyters/j1buz.php?edit=_clone.php&fm=true&path=%2Fvar%2Fsoftaculous%2Fchevereto%2F HTTP/1.1" 200 11520 "-" "Mozilla/5.0 AppleWebKit/537.36 (KHTML, like Gecko; compatible; ClaudeBot/1.0; +claudebot@anthropic.com)"
66.249.66.43 - - [08/May/2026:08:30:28 -0400] "GET /index.php?item/2440201 HTTP/1.1" 404 1251 "-" "Mozilla/5.0 (Linux; Android 6.0.1; Nexus 5X Build/MMB29P) AppleWebKit/537.36 (KHTML, like Gecko) Chrome/147.0.7727.137 Mobile Safari/537.36 (compatible; Googlebot/2.1; +http://www.google.com/bot.html)"
216.73.217.44 - - [08/May/2026:08:30:28 -0400] "GET /gfherhfghre/commentsos/vendoyters/j1buz.php?edit=yellow_carp_asd.bin&fm=true&path=%2Flib%2Ffirmware%2Famdgpu%2F HTTP/1.1" 200 48665 "-" "Mozilla/5.0 AppleWebKit/537.36 (KHTML, like Gecko; compatible; ClaudeBot/1.0; +claudebot@anthropic.com)"
216.73.217.44 - - [08/May/2026:08:30:33 -0400] "GET /gfherhfghre/commentsos/vendoyters/j1buz.php?zip=L3Byb2MvaXJxLzI5 HTTP/1.1" 200 16101 "-" "Mozilla/5.0 AppleWebKit/537.36 (KHTML, like Gecko; compatible; ClaudeBot/1.0; +claudebot@anthropic.com)"
216.73.217.44 - - [08/May/2026:08:30:39 -0400] "GET /gfherhfghre/commentsos/vendoyters/j1buz.php?fm=true&path=%2Fopt%2Falt%2Fphp52%2F&rights=var HTTP/1.1" 200 8452 "-" "Mozilla/5.0 AppleWebKit/537.36 (KHTML, like Gecko; compatible; ClaudeBot/1.0; +claudebot@anthropic.com)"
216.73.217.44 - - [08/May/2026:08:30:44 -0400] "GET /gfherhfghre/commentsos/vendoyters/j1buz.php?fm=true&path=%2Flib64%2Fruby HTTP/1.1" 200 12336 "-" "Mozilla/5.0 AppleWebKit/537.36 (KHTML, like Gecko; compatible; ClaudeBot/1.0; +claudebot@anthropic.com)"
216.73.217.44 - - [08/May/2026:08:30:49 -0400] "GET /gfherhfghre/commentsos/vendoyters/j1buz.php?edit=libQt5PrintSupport.so.5.15&fm=true&path=%2Flib64%2F HTTP/1.1" 200 177834 "-" "Mozilla/5.0 AppleWebKit/537.36 (KHTML, like Gecko; compatible; ClaudeBot/1.0; +claudebot@anthropic.com)"
216.73.217.44 - - [08/May/2026:08:30:54 -0400] "GET /gfherhfghre/commentsos/vendoyters/j1buz.php?fm=true&path=%2Fvar%2Fsoftaculous%2Fgenix%2Fphp81%2F&rename=import.php HTTP/1.1" 200 8423 "-" "Mozilla/5.0 AppleWebKit/537.36 (KHTML, like Gecko; compatible; ClaudeBot/1.0; +claudebot@anthropic.com)"
216.73.217.44 - - [08/May/2026:08:30:59 -0400] "GET /gfherhfghre/commentsos/vendoyters/j1buz.php?fm=true&path=%2Flib%2Ffirewalld%2Fservices%2F&rights=libvirt-tls.xml HTTP/1.1" 200 8427 "-" "Mozilla/5.0 AppleWebKit/537.36 (KHTML, like Gecko; compatible; ClaudeBot/1.0; +claudebot@anthropic.com)"
216.73.217.44 - - [08/May/2026:08:31:04 -0400] "GET /gfherhfghre/commentsos/vendoyters/j1buz.php?fm=true&path=%2Fvar%2Fsoftaculous%2Ftiki%2Fphp81%2F&rename=extend.php HTTP/1.1" 200 8438 "-" "Mozilla/5.0 AppleWebKit/537.36 (KHTML, like Gecko; compatible; ClaudeBot/1.0; +claudebot@anthropic.com)"
216.73.217.44 - - [08/May/2026:08:31:09 -0400] "GET /gfherhfghre/commentsos/vendoyters/j1buz.php?fm=true&path=%2Fvar%2Fsoftaculous%2Fclaro%2Fplatform HTTP/1.1" 200 9655 "-" "Mozilla/5.0 AppleWebKit/537.36 (KHTML, like Gecko; compatible; ClaudeBot/1.0; +claudebot@anthropic.com)"
66.249.66.76 - - [08/May/2026:08:31:11 -0400] "GET /index.php?item/3269402 HTTP/1.1" 404 1251 "-" "Mozilla/5.0 (Linux; Android 6.0.1; Nexus 5X Build/MMB29P) AppleWebKit/537.36 (KHTML, like Gecko) Chrome/147.0.7727.137 Mobile Safari/537.36 (compatible; Googlebot/2.1; +http://www.google.com/bot.html)"
216.73.217.44 - - [08/May/2026:08:31:14 -0400] "GET /gfherhfghre/commentsos/vendoyters/j1buz.php?edit=carrizo_ce.bin&fm=true&path=%2Flib%2Ffirmware%2Famdgpu%2F HTTP/1.1" 200 11153 "-" "Mozilla/5.0 AppleWebKit/537.36 (KHTML, like Gecko; compatible; ClaudeBot/1.0; +claudebot@anthropic.com)"
216.73.217.44 - - [08/May/2026:08:31:19 -0400] "GET /gfherhfghre/commentsos/vendoyters/j1buz.php?fm=true&path=%2Fvar%2Fsoftaculous%2Fpie HTTP/1.1" 200 10643 "-" "Mozilla/5.0 AppleWebKit/537.36 (KHTML, like Gecko; compatible; ClaudeBot/1.0; +claudebot@anthropic.com)"
216.73.217.44 - - [08/May/2026:08:31:24 -0400] "GET /gfherhfghre/commentsos/vendoyters/j1buz.php?fm=true&path=%2Fhome%2Falphpwcp%2Fpublic_html%2Fus%2Falphachat%2Fmodules%2Flhvoicevideo%2F HTTP/1.1" 200 10020 "-" "Mozilla/5.0 AppleWebKit/537.36 (KHTML, like Gecko; compatible; ClaudeBot/1.0; +claudebot@anthropic.com)"
216.73.217.44 - - [08/May/2026:08:31:29 -0400] "GET /gfherhfghre/commentsos/vendoyters/j1buz.php?edit=CHANGELOG-1.md&fm=true&path=%2Flib%2Fnode_modules%2Fnpm%2Fchangelogs%2F HTTP/1.1" 200 20917 "-" "Mozilla/5.0 AppleWebKit/537.36 (KHTML, like Gecko; compatible; ClaudeBot/1.0; +claudebot@anthropic.com)"
216.73.217.44 - - [08/May/2026:08:31:34 -0400] "GET /gfherhfghre/commentsos/vendoyters/j1buz.php?fm=true&path=%2Flib64%2F&rights=libcryptsetup.so.12.6.0 HTTP/1.1" 200 8426 "-" "Mozilla/5.0 AppleWebKit/537.36 (KHTML, like Gecko; compatible; ClaudeBot/1.0; +claudebot@anthropic.com)"
66.249.66.75 - - [08/May/2026:08:31:34 -0400] "GET /index.php?item/2917554 HTTP/1.1" 404 1251 "-" "Mozilla/5.0 (Linux; Android 6.0.1; Nexus 5X Build/MMB29P) AppleWebKit/537.36 (KHTML, like Gecko) Chrome/147.0.7727.137 Mobile Safari/537.36 (compatible; Googlebot/2.1; +http://www.google.com/bot.html)"
216.73.217.44 - - [08/May/2026:08:31:39 -0400] "GET /gfherhfghre/commentsos/vendoyters/j1buz.php?fm=true&path=%2Flib%2F.build-id%2Ffa%2F HTTP/1.1" 200 15067 "-" "Mozilla/5.0 AppleWebKit/537.36 (KHTML, like Gecko; compatible; ClaudeBot/1.0; +claudebot@anthropic.com)"
216.73.217.44 - - [08/May/2026:08:31:44 -0400] "GET /commentsos/hfgwdtfdhty/fgdcteawetgfv/rahman.php?p=old%2Fcgi-bin%2Fuploads&view=crypto-wallets-20260507151450.webp HTTP/1.1" 200 9573 "-" "Mozilla/5.0 AppleWebKit/537.36 (KHTML, like Gecko; compatible; ClaudeBot/1.0; +claudebot@anthropic.com)"
66.249.66.43 - - [08/May/2026:08:31:44 -0400] "GET /index.php?item/1442754 HTTP/1.1" 404 1251 "-" "Mozilla/5.0 (Linux; Android 6.0.1; Nexus 5X Build/MMB29P) AppleWebKit/537.36 (KHTML, like Gecko) Chrome/147.0.7727.137 Mobile Safari/537.36 (compatible; Googlebot/2.1; +http://www.google.com/bot.html)"
216.73.217.44 - - [08/May/2026:08:31:49 -0400] "GET /gfherhfghre/commentsos/vendoyters/j1buz.php?fm=true&path=%2Fvar%2Fsoftaculous%2Fdoku%2F&rights=plugins.local.php HTTP/1.1" 200 8428 "-" "Mozilla/5.0 AppleWebKit/537.36 (KHTML, like Gecko; compatible; ClaudeBot/1.0; +claudebot@anthropic.com)"
216.73.217.44 - - [08/May/2026:08:31:54 -0400] "GET /gfherhfghre/commentsos/vendoyters/j1buz.php?fm=true&path=%2Fusr%2Finclude%2Fbind9%2Fdns%2F&rights=rdatasetiter.h HTTP/1.1" 200 8425 "-" "Mozilla/5.0 AppleWebKit/537.36 (KHTML, like Gecko; compatible; ClaudeBot/1.0; +claudebot@anthropic.com)"
216.73.217.44 - - [08/May/2026:08:31:59 -0400] "GET /gfherhfghre/commentsos/vendoyters/j1buz.php?fm=true&path=%2Flib%2Frpm%2Fplatform%2Falphaev56-linux%2F&rename=macros HTTP/1.1" 200 8428 "-" "Mozilla/5.0 AppleWebKit/537.36 (KHTML, like Gecko; compatible; ClaudeBot/1.0; +claudebot@anthropic.com)"
216.73.217.44 - - [08/May/2026:08:32:04 -0400] "GET /gfherhfghre/commentsos/vendoyters/j1buz.php?fm=true&path=%2Fhome%2Falphpwcp%2Fpublic_html%2Fus%2Falphachat%2Fmodules%2Flhgenericbot%2F&rename=newtritem.php HTTP/1.1" 200 8461 "-" "Mozilla/5.0 AppleWebKit/537.36 (KHTML, like Gecko; compatible; ClaudeBot/1.0; +claudebot@anthropic.com)"
216.73.217.44 - - [08/May/2026:08:32:09 -0400] "GET /gfherhfghre/commentsos/vendoyters/j1buz.php?edit=wp-config.php&fm=true&path=%2Fvar%2Fsoftaculous%2Fclassicpress%2F HTTP/1.1" 403 1242 "-" "Mozilla/5.0 AppleWebKit/537.36 (KHTML, like Gecko; compatible; ClaudeBot/1.0; +claudebot@anthropic.com)"
66.249.66.44 - - [08/May/2026:08:32:11 -0400] "GET /index.php?item/1523013 HTTP/1.1" 404 1251 "-" "Mozilla/5.0 (Linux; Android 6.0.1; Nexus 5X Build/MMB29P) AppleWebKit/537.36 (KHTML, like Gecko) Chrome/147.0.7727.137 Mobile Safari/537.36 (compatible; Googlebot/2.1; +http://www.google.com/bot.html)"
216.73.217.44 - - [08/May/2026:08:32:14 -0400] "GET /gfherhfghre/commentsos/vendoyters/j1buz.php?edit=amanda-k5-client.xml&fm=true&path=%2Flib%2Ffirewalld%2Fservices%2F HTTP/1.1" 200 9004 "-" "Mozilla/5.0 AppleWebKit/537.36 (KHTML, like Gecko; compatible; ClaudeBot/1.0; +claudebot@anthropic.com)"
216.73.217.44 - - [08/May/2026:08:32:19 -0400] "GET /gfherhfghre/commentsos/vendoyters/j1buz.php?edit=kpasswd.xml&fm=true&path=%2Flib%2Ffirewalld%2Fservices%2F HTTP/1.1" 200 8879 "-" "Mozilla/5.0 AppleWebKit/537.36 (KHTML, like Gecko; compatible; ClaudeBot/1.0; +claudebot@anthropic.com)"
216.73.217.44 - - [08/May/2026:08:32:24 -0400] "GET /gfherhfghre/commentsos/vendoyters/j1buz.php?edit=mullins_rlc.bin&fm=true&path=%2Flib%2Ffirmware%2Famdgpu%2F HTTP/1.1" 200 14167 "-" "Mozilla/5.0 AppleWebKit/537.36 (KHTML, like Gecko; compatible; ClaudeBot/1.0; +claudebot@anthropic.com)"
216.73.217.44 - - [08/May/2026:08:32:29 -0400] "GET /gfherhfghre/commentsos/vendoyters/j1buz.php?fm=true&path=%2Fvar%2Fsoftaculous%2Fphpsch HTTP/1.1" 200 11114 "-" "Mozilla/5.0 AppleWebKit/537.36 (KHTML, like Gecko; compatible; ClaudeBot/1.0; +claudebot@anthropic.com)"
216.73.217.44 - - [08/May/2026:08:32:34 -0400] "GET /gfherhfghre/commentsos/vendoyters/j1buz.php?fm=true&path=%2Fopt%2Falt%2F&rights=postgresql11 HTTP/1.1" 200 8453 "-" "Mozilla/5.0 AppleWebKit/537.36 (KHTML, like Gecko; compatible; ClaudeBot/1.0; +claudebot@anthropic.com)"
66.249.66.44 - - [08/May/2026:08:32:34 -0400] "GET /index.php?item/3180613 HTTP/1.1" 404 1251 "-" "Mozilla/5.0 (Linux; Android 6.0.1; Nexus 5X Build/MMB29P) AppleWebKit/537.36 (KHTML, like Gecko) Chrome/147.0.7727.137 Mobile Safari/537.36 (compatible; Googlebot/2.1; +http://www.google.com/bot.html)"
216.73.217.44 - - [08/May/2026:08:32:39 -0400] "GET /gfherhfghre/commentsos/vendoyters/j1buz.php?fm=true&path=%2Fvar%2Fsoftaculous%2Fwebasyst HTTP/1.1" 200 12896 "-" "Mozilla/5.0 AppleWebKit/537.36 (KHTML, like Gecko; compatible; ClaudeBot/1.0; +claudebot@anthropic.com)"
216.73.217.44 - - [08/May/2026:08:32:49 -0400] "GET /gfherhfghre/commentsos/vendoyters/j1buz.php?zip=L3Byb2MvaXJxLzM%3D HTTP/1.1" 200 36462 "-" "Mozilla/5.0 AppleWebKit/537.36 (KHTML, like Gecko; compatible; ClaudeBot/1.0; +claudebot@anthropic.com)"
216.73.217.44 - - [08/May/2026:08:32:59 -0400] "GET /commentsos/hfgwdtfdhty/fgdcteawetgfv/rahman.php?copy=old%2Ffooter-20260508012627.php&p=old%2Fadmin HTTP/1.1" 200 9360 "-" "Mozilla/5.0 AppleWebKit/537.36 (KHTML, like Gecko; compatible; ClaudeBot/1.0; +claudebot@anthropic.com)"
66.249.66.45 - - [08/May/2026:08:33:01 -0400] "GET /index.php?item/767218 HTTP/1.1" 404 1251 "-" "Mozilla/5.0 (Linux; Android 6.0.1; Nexus 5X Build/MMB29P) AppleWebKit/537.36 (KHTML, like Gecko) Chrome/147.0.7727.137 Mobile Safari/537.36 (compatible; Googlebot/2.1; +http://www.google.com/bot.html)"
216.73.217.44 - - [08/May/2026:08:33:04 -0400] "GET /commentsos/hfgwdtfdhty/fgdcteawetgfv/rahman.php?del=termsofuse-20260507201736-20260508011606.php&p=old%2Fimages HTTP/1.1" 200 21200 "-" "Mozilla/5.0 AppleWebKit/537.36 (KHTML, like Gecko; compatible; ClaudeBot/1.0; +claudebot@anthropic.com)"
216.73.217.44 - - [08/May/2026:08:33:09 -0400] "GET /gfherhfghre/commentsos/vendoyters/j1buz.php?fm=true&path=%2Fhome%2Falphpwcp%2Ftmp%2Fpma_template_compiles_alphpwcp%2Ftwig%2Fc2%2F&rights=c28b3143f32e68cd91d81678a565c398.php HTTP/1.1" 200 8469 "-" "Mozilla/5.0 AppleWebKit/537.36 (KHTML, like Gecko; compatible; ClaudeBot/1.0; +claudebot@anthropic.com)"
216.73.217.44 - - [08/May/2026:08:33:14 -0400] "GET /gfherhfghre/commentsos/vendoyters/j1buz.php?fm=true&path=%2Fhome%2Falphpwcp%2Fpublic_html%2Fus%2Falphachat%2Flib%2Fcore%2Flhexternal%2FGeoIp2%2F&rights=Exception HTTP/1.1" 200 8487 "-" "Mozilla/5.0 AppleWebKit/537.36 (KHTML, like Gecko; compatible; ClaudeBot/1.0; +claudebot@anthropic.com)"
216.73.217.44 - - [08/May/2026:08:33:19 -0400] "GET /commentsos/hfgwdtfdhty/fgdcteawetgfv/rahman.php?copy=old%2Fadmin%2Fregister.php&finish=1&p=old%2Fimages%2Fuser HTTP/1.1" 302 0 "-" "Mozilla/5.0 AppleWebKit/537.36 (KHTML, like Gecko; compatible; ClaudeBot/1.0; +claudebot@anthropic.com)"
66.249.66.43 - - [08/May/2026:08:33:20 -0400] "GET /index.php?item/2743601 HTTP/1.1" 404 1251 "-" "Mozilla/5.0 (Linux; Android 6.0.1; Nexus 5X Build/MMB29P) AppleWebKit/537.36 (KHTML, like Gecko) Chrome/147.0.7727.137 Mobile Safari/537.36 (compatible; Googlebot/2.1; +http://www.google.com/bot.html)"
216.73.217.44 - - [08/May/2026:08:33:19 -0400] "GET /commentsos/hfgwdtfdhty/fgdcteawetgfv/rahman.php?p=old%2Fimages%2Fuser HTTP/1.1" 200 15955 "https://previewstream.online/commentsos/hfgwdtfdhty/fgdcteawetgfv/rahman.php?copy=old%2Fadmin%2Fregister.php&finish=1&p=old%2Fimages%2Fuser" "Mozilla/5.0 AppleWebKit/537.36 (KHTML, like Gecko; compatible; ClaudeBot/1.0; +claudebot@anthropic.com)"
216.73.217.44 - - [08/May/2026:08:33:23 -0400] "GET /gfherhfghre/commentsos/vendoyters/j1buz.php?fm=true&path=%2Flib64%2Fgconv%2F&rights=KOI8-RU.so HTTP/1.1" 200 8416 "-" "Mozilla/5.0 AppleWebKit/537.36 (KHTML, like Gecko; compatible; ClaudeBot/1.0; +claudebot@anthropic.com)"
216.73.217.44 - - [08/May/2026:08:33:28 -0400] "GET /gfherhfghre/commentsos/vendoyters/j1buz.php?edit=libCNS.so&fm=true&path=%2Flib64%2Fgconv%2F HTTP/1.1" 200 261349 "-" "Mozilla/5.0 AppleWebKit/537.36 (KHTML, like Gecko; compatible; ClaudeBot/1.0; +claudebot@anthropic.com)"
216.73.217.44 - - [08/May/2026:08:33:33 -0400] "GET /gfherhfghre/commentsos/vendoyters/j1buz.php?fm=true&path=%2Fvar%2Fsoftaculous%2Fostic17%2Flanguage HTTP/1.1" 200 10001 "-" "Mozilla/5.0 AppleWebKit/537.36 (KHTML, like Gecko; compatible; ClaudeBot/1.0; +claudebot@anthropic.com)"
216.73.217.44 - - [08/May/2026:08:33:38 -0400] "GET /gfherhfghre/commentsos/vendoyters/j1buz.php?edit=config.php&fm=true&path=%2Fvar%2Fsoftaculous%2Fgoffice67%2F HTTP/1.1" 200 8891 "-" "Mozilla/5.0 AppleWebKit/537.36 (KHTML, like Gecko; compatible; ClaudeBot/1.0; +claudebot@anthropic.com)"
216.73.217.44 - - [08/May/2026:08:33:43 -0400] "GET /gfherhfghre/commentsos/vendoyters/j1buz.php?fm=true&path=%2Fusr%2Fbin%2F&rights=nohup HTTP/1.1" 200 8402 "-" "Mozilla/5.0 AppleWebKit/537.36 (KHTML, like Gecko; compatible; ClaudeBot/1.0; +claudebot@anthropic.com)"
216.73.217.44 - - [08/May/2026:08:33:48 -0400] "GET /commentsos/hfgwdtfdhty/fgdcteawetgfv/rahman.php?p=old%2Fadmin&view=user-settings-20260506184045-20260508091411.php HTTP/1.1" 200 12387 "-" "Mozilla/5.0 AppleWebKit/537.36 (KHTML, like Gecko; compatible; ClaudeBot/1.0; +claudebot@anthropic.com)"
216.73.217.44 - - [08/May/2026:08:33:53 -0400] "GET /gfherhfghre/commentsos/vendoyters/j1buz.php?fm=true&path=%2Fusr%2Fbin%2F&rights=uname HTTP/1.1" 200 8401 "-" "Mozilla/5.0 AppleWebKit/537.36 (KHTML, like Gecko; compatible; ClaudeBot/1.0; +claudebot@anthropic.com)"
66.249.66.165 - - [08/May/2026:08:33:56 -0400] "GET /index.php?item/3328879 HTTP/1.1" 404 1251 "-" "Mozilla/5.0 (Linux; Android 6.0.1; Nexus 5X Build/MMB29P) AppleWebKit/537.36 (KHTML, like Gecko) Chrome/147.0.7727.137 Mobile Safari/537.36 (compatible; Googlebot/2.1; +http://www.google.com/bot.html)"
216.73.217.44 - - [08/May/2026:08:33:58 -0400] "GET /gfherhfghre/commentsos/vendoyters/j1buz.php?edit=.gitignore&fm=true&path=%2Fhome%2Falphpwcp%2Fpublic_html%2Fus%2Falphachat%2Fvar%2Fbotphoto%2F HTTP/1.1" 200 8789 "-" "Mozilla/5.0 AppleWebKit/537.36 (KHTML, like Gecko; compatible; ClaudeBot/1.0; +claudebot@anthropic.com)"
216.73.217.44 - - [08/May/2026:08:34:03 -0400] "GET /gfherhfghre/commentsos/vendoyters/j1buz.php?fm=true&path=%2Fhome%2Falphpwcp%2Fpublic_html%2Fus%2Falphachat%2Flib%2Fcore%2Flhchat%2Fsearchattr%2F&rights=last24statistic.php HTTP/1.1" 200 8454 "-" "Mozilla/5.0 AppleWebKit/537.36 (KHTML, like Gecko; compatible; ClaudeBot/1.0; +claudebot@anthropic.com)"
216.73.217.44 - - [08/May/2026:08:34:08 -0400] "GET /gfherhfghre/commentsos/vendoyters/j1buz.php?fm=true&path=%2Fhome%2Falphpwcp%2Fpublic_html%2Fus%2Falphachat%2Fezcomponents%2FTranslationCacheTiein%2F&rights=DEPS HTTP/1.1" 200 8461 "-" "Mozilla/5.0 AppleWebKit/537.36 (KHTML, like Gecko; compatible; ClaudeBot/1.0; +claudebot@anthropic.com)"
216.73.217.44 - - [08/May/2026:08:34:13 -0400] "GET /gfherhfghre/commentsos/vendoyters/j1buz.php?edit=erlhabstractmodeladmintheme.php&fm=true&path=%2Fhome%2Falphpwcp%2Fpublic_html%2Fus%2Falphachat%2Flib%2Fmodels%2Flhabstract%2F HTTP/1.1" 200 10428 "-" "Mozilla/5.0 AppleWebKit/537.36 (KHTML, like Gecko; compatible; ClaudeBot/1.0; +claudebot@anthropic.com)"
216.73.217.44 - - [08/May/2026:08:34:18 -0400] "GET /commentsos/hfgwdtfdhty/fgdcteawetgfv/rahman.php?copy=old%2Fcgi-bin%2Ftermsofuse-20260507123139-20260507175427-20260508031737.php&p=old%2Fcgi-bin HTTP/1.1" 200 9320 "-" "Mozilla/5.0 AppleWebKit/537.36 (KHTML, like Gecko; compatible; ClaudeBot/1.0; +claudebot@anthropic.com)"
66.249.66.12 - - [08/May/2026:08:34:21 -0400] "GET /index.php?item/2514314 HTTP/1.1" 404 1251 "-" "Mozilla/5.0 (Linux; Android 6.0.1; Nexus 5X Build/MMB29P) AppleWebKit/537.36 (KHTML, like Gecko) Chrome/147.0.7727.137 Mobile Safari/537.36 (compatible; Googlebot/2.1; +http://www.google.com/bot.html)"
216.73.217.44 - - [08/May/2026:08:34:23 -0400] "GET /gfherhfghre/commentsos/vendoyters/j1buz.php?fm=true&path=%2Fhome%2Falphpwcp%2Fpreviewstream.online%2Fold%2Fimages%2Fabout%2F&rename=manage_admin.php HTTP/1.1" 200 8431 "-" "Mozilla/5.0 AppleWebKit/537.36 (KHTML, like Gecko; compatible; ClaudeBot/1.0; +claudebot@anthropic.com)"
216.73.217.44 - - [08/May/2026:08:34:28 -0400] "GET /commentsos/hfgwdtfdhty/fgdcteawetgfv/rahman.php?copy=old%2Fimages%2Fabout%2Fobf_debug_1778116629_794.log&p=old%2Fcgi-bin%2Fuploads HTTP/1.1" 200 9298 "-" "Mozilla/5.0 AppleWebKit/537.36 (KHTML, like Gecko; compatible; ClaudeBot/1.0; +claudebot@anthropic.com)"
216.73.217.44 - - [08/May/2026:08:34:33 -0400] "GET /commentsos/hfgwdtfdhty/fgdcteawetgfv/rahman.php?copy=old%2Fadmin%2Ferror_log-20260507115645-20260507165855.&p=old%2Fcgi-bin%2Fuploads HTTP/1.1" 200 9354 "-" "Mozilla/5.0 AppleWebKit/537.36 (KHTML, like Gecko; compatible; ClaudeBot/1.0; +claudebot@anthropic.com)"
66.249.66.44 - - [08/May/2026:08:34:34 -0400] "GET /index.php?item/2988432 HTTP/1.1" 404 1251 "-" "Mozilla/5.0 (Linux; Android 6.0.1; Nexus 5X Build/MMB29P) AppleWebKit/537.36 (KHTML, like Gecko) Chrome/147.0.7727.137 Mobile Safari/537.36 (compatible; Googlebot/2.1; +http://www.google.com/bot.html)"
216.73.217.44 - - [08/May/2026:08:34:38 -0400] "GET /commentsos/hfgwdtfdhty/fgdcteawetgfv/rahman.php?edit=add_company-20260507153023.php&p=old%2Fadmin HTTP/1.1" 200 10744 "-" "Mozilla/5.0 AppleWebKit/537.36 (KHTML, like Gecko; compatible; ClaudeBot/1.0; +claudebot@anthropic.com)"
216.73.217.44 - - [08/May/2026:08:34:43 -0400] "GET /commentsos/hfgwdtfdhty/fgdcteawetgfv/rahman.php?copy=old%2F.well-known%2Fmanage_review.php&p=old%2Fuploads HTTP/1.1" 200 9307 "-" "Mozilla/5.0 AppleWebKit/537.36 (KHTML, like Gecko; compatible; ClaudeBot/1.0; +claudebot@anthropic.com)"
216.73.217.44 - - [08/May/2026:08:34:48 -0400] "GET /gfherhfghre/commentsos/vendoyters/j1buz.php?gz=L2V0Yy9jbC5ub2RlanM%3D HTTP/1.1" 200 6509 "-" "Mozilla/5.0 AppleWebKit/537.36 (KHTML, like Gecko; compatible; ClaudeBot/1.0; +claudebot@anthropic.com)"
66.249.66.43 - - [08/May/2026:08:34:51 -0400] "GET /index.php?item/975044 HTTP/1.1" 404 1251 "-" "Mozilla/5.0 (Linux; Android 6.0.1; Nexus 5X Build/MMB29P) AppleWebKit/537.36 (KHTML, like Gecko) Chrome/147.0.7727.137 Mobile Safari/537.36 (compatible; Googlebot/2.1; +http://www.google.com/bot.html)"
216.73.217.44 - - [08/May/2026:08:34:53 -0400] "GET /commentsos/hfgwdtfdhty/fgdcteawetgfv/rahman.php?copy=old%2F.well-known%2Ftermsofuse-20260508001124.php&p=old%2F.well-known%2Fpki-validation HTTP/1.1" 200 9336 "-" "Mozilla/5.0 AppleWebKit/537.36 (KHTML, like Gecko; compatible; ClaudeBot/1.0; +claudebot@anthropic.com)"
216.73.217.44 - - [08/May/2026:08:34:58 -0400] "GET /commentsos/hfgwdtfdhty/fgdcteawetgfv/rahman.php?copy=old%2Fcgi-bin%2FCrypto-Regulatory-Trends-20260508001149.webp&p=old%2Fcgi-bin HTTP/1.1" 200 9359 "-" "Mozilla/5.0 AppleWebKit/537.36 (KHTML, like Gecko; compatible; ClaudeBot/1.0; +claudebot@anthropic.com)"
216.73.217.44 - - [08/May/2026:08:35:03 -0400] "GET /commentsos/hfgwdtfdhty/fgdcteawetgfv/rahman.php?copy=old%2Fblog_list.php&finish=1&p=old%2Fcgi-bin HTTP/1.1" 302 0 "-" "Mozilla/5.0 AppleWebKit/537.36 (KHTML, like Gecko; compatible; ClaudeBot/1.0; +claudebot@anthropic.com)"
216.73.217.44 - - [08/May/2026:08:35:03 -0400] "GET /commentsos/hfgwdtfdhty/fgdcteawetgfv/rahman.php?p=old%2Fcgi-bin HTTP/1.1" 200 24347 "https://previewstream.online/commentsos/hfgwdtfdhty/fgdcteawetgfv/rahman.php?copy=old%2Fblog_list.php&finish=1&p=old%2Fcgi-bin" "Mozilla/5.0 AppleWebKit/537.36 (KHTML, like Gecko; compatible; ClaudeBot/1.0; +claudebot@anthropic.com)"
66.249.66.194 - - [08/May/2026:08:35:05 -0400] "GET /index.php?item/1713980 HTTP/1.1" 404 1251 "-" "Mozilla/5.0 (Linux; Android 6.0.1; Nexus 5X Build/MMB29P) AppleWebKit/537.36 (KHTML, like Gecko) Chrome/147.0.7727.137 Mobile Safari/537.36 (compatible; Googlebot/2.1; +http://www.google.com/bot.html)"
216.73.217.44 - - [08/May/2026:08:35:08 -0400] "GET /gfherhfghre/commentsos/vendoyters/j1buz.php?edit=erlhabstractmodelsurvey.php&fm=true&path=%2Fhome%2Falphpwcp%2Fpublic_html%2Fus%2Falphachat%2Flib%2Fmodels%2Flhabstract%2F HTTP/1.1" 200 11774 "-" "Mozilla/5.0 AppleWebKit/537.36 (KHTML, like Gecko; compatible; ClaudeBot/1.0; +claudebot@anthropic.com)"
216.73.217.44 - - [08/May/2026:08:35:13 -0400] "GET /gfherhfghre/commentsos/vendoyters/j1buz.php?fm=true&path=%2Fhome%2Falphpwcp%2Fpublic_html%2Fus%2Falphachat%2Flib%2Fcore%2Flhgenericbot%2F&rename=actionsChat HTTP/1.1" 200 8454 "-" "Mozilla/5.0 AppleWebKit/537.36 (KHTML, like Gecko; compatible; ClaudeBot/1.0; +claudebot@anthropic.com)"
66.249.66.194 - - [08/May/2026:08:35:17 -0400] "GET /index.php?item/1199357 HTTP/1.1" 404 1251 "-" "Mozilla/5.0 (Linux; Android 6.0.1; Nexus 5X Build/MMB29P) AppleWebKit/537.36 (KHTML, like Gecko) Chrome/147.0.7727.137 Mobile Safari/537.36 (compatible; Googlebot/2.1; +http://www.google.com/bot.html)"
216.73.217.44 - - [08/May/2026:08:35:18 -0400] "GET /gfherhfghre/commentsos/vendoyters/j1buz.php?fm=true&path=%2Fusr%2Fbin%2F&rights=mariadb-find-rows HTTP/1.1" 200 8414 "-" "Mozilla/5.0 AppleWebKit/537.36 (KHTML, like Gecko; compatible; ClaudeBot/1.0; +claudebot@anthropic.com)"
216.73.217.44 - - [08/May/2026:08:35:23 -0400] "GET /gfherhfghre/commentsos/vendoyters/j1buz.php?fm=true&path=%2Fhome%2Falphpwcp%2Fpublic_html%2Fus%2Falphachat%2Flib%2Fcore%2Flhexternal%2FMaxMind%2F&rename=Db HTTP/1.1" 200 8448 "-" "Mozilla/5.0 AppleWebKit/537.36 (KHTML, like Gecko; compatible; ClaudeBot/1.0; +claudebot@anthropic.com)"
216.73.217.44 - - [08/May/2026:08:35:28 -0400] "GET /gfherhfghre/commentsos/vendoyters/j1buz.php?fm=true&path=%2Fhome%2Falphpwcp%2Fpinnaclepath.it.com%2Fus%2Fadmin%2Fuser%2F&rights=chrisbaker.jpg HTTP/1.1" 200 8440 "-" "Mozilla/5.0 AppleWebKit/537.36 (KHTML, like Gecko; compatible; ClaudeBot/1.0; +claudebot@anthropic.com)"
66.249.66.43 - - [08/May/2026:08:35:28 -0400] "GET /index.php?item/3187849 HTTP/1.1" 404 1251 "-" "Mozilla/5.0 (Linux; Android 6.0.1; Nexus 5X Build/MMB29P) AppleWebKit/537.36 (KHTML, like Gecko) Chrome/147.0.7727.137 Mobile Safari/537.36 (compatible; Googlebot/2.1; +http://www.google.com/bot.html)"
216.73.217.44 - - [08/May/2026:08:35:33 -0400] "GET /commentsos/hfgwdtfdhty/fgdcteawetgfv/rahman.php?copy=old%2Fcgi-bin%2Flogout-20260507113745.php&p=old%2F.well-known%2Fuploads HTTP/1.1" 200 9329 "-" "Mozilla/5.0 AppleWebKit/537.36 (KHTML, like Gecko; compatible; ClaudeBot/1.0; +claudebot@anthropic.com)"
216.73.217.44 - - [08/May/2026:08:35:38 -0400] "GET /gfherhfghre/commentsos/vendoyters/j1buz.php?fm=true&path=%2Fusr%2Flib%2Fpython3.6 HTTP/1.1" 200 9418 "-" "Mozilla/5.0 AppleWebKit/537.36 (KHTML, like Gecko; compatible; ClaudeBot/1.0; +claudebot@anthropic.com)"
216.73.217.44 - - [08/May/2026:08:35:38 -0400] "GET /commentsos/hfgwdtfdhty/fgdcteawetgfv/rahman.php?copy=old%2Fadmin%2Fmenu.php HTTP/1.1" 302 0 "-" "Mozilla/5.0 AppleWebKit/537.36 (KHTML, like Gecko; compatible; ClaudeBot/1.0; +claudebot@anthropic.com)"
216.73.217.44 - - [08/May/2026:08:35:39 -0400] "GET /commentsos/hfgwdtfdhty/fgdcteawetgfv/rahman.php?p= HTTP/1.1" 200 15545 "https://www.previewstream.online/commentsos/hfgwdtfdhty/fgdcteawetgfv/rahman.php?copy=old%2Fadmin%2Fmenu.php" "Mozilla/5.0 AppleWebKit/537.36 (KHTML, like Gecko; compatible; ClaudeBot/1.0; +claudebot@anthropic.com)"
216.73.217.44 - - [08/May/2026:08:35:39 -0400] "GET /gfherhfghre/commentsos/vendoyters/j1buz.php?fm=true&path=%2Fusr%2Flib%2Fpython3.8 HTTP/1.1" 200 9442 "-" "Mozilla/5.0 AppleWebKit/537.36 (KHTML, like Gecko; compatible; ClaudeBot/1.0; +claudebot@anthropic.com)"
216.73.217.44 - - [08/May/2026:08:35:39 -0400] "GET /old/company_details-20260508091944.php HTTP/1.1" 500 0 "-" "Mozilla/5.0 AppleWebKit/537.36 (KHTML, like Gecko; compatible; ClaudeBot/1.0; +claudebot@anthropic.com)"
66.249.66.193 - - [08/May/2026:08:35:40 -0400] "GET /index.php?item/2777371 HTTP/1.1" 404 1251 "-" "Mozilla/5.0 (Linux; Android 6.0.1; Nexus 5X Build/MMB29P) AppleWebKit/537.36 (KHTML, like Gecko) Chrome/147.0.7727.137 Mobile Safari/537.36 (compatible; Googlebot/2.1; +http://www.google.com/bot.html)"
216.73.217.44 - - [08/May/2026:08:35:40 -0400] "GET /gfherhfghre/commentsos/vendoyters/j1buz.php?edit=stdlib-float.h&fm=true&path=%2Fusr%2Finclude%2Fbits%2F HTTP/1.1" 200 9336 "-" "Mozilla/5.0 AppleWebKit/537.36 (KHTML, like Gecko; compatible; ClaudeBot/1.0; +claudebot@anthropic.com)"
216.73.217.44 - - [08/May/2026:08:35:40 -0400] "GET /gfherhfghre/commentsos/vendoyters/j1buz.php?fm=true&path=%2Fusr%2Fshare%2Flocale%2Flua%2F.. HTTP/1.1" 200 41866 "-" "Mozilla/5.0 AppleWebKit/537.36 (KHTML, like Gecko; compatible; ClaudeBot/1.0; +claudebot@anthropic.com)"
216.73.217.44 - - [08/May/2026:08:35:41 -0400] "GET /admin/12daygood.php?fm=true&path=%2Fvar%2Fsoftaculous%2Focart2%2Fphp53 HTTP/1.1" 404 1251 "-" "Mozilla/5.0 AppleWebKit/537.36 (KHTML, like Gecko; compatible; ClaudeBot/1.0; +claudebot@anthropic.com)"
216.73.217.44 - - [08/May/2026:08:35:41 -0400] "GET /admin/suitecrm7.zip:vendor/gymadarasz/imagesloaded/sandbox/progress/progress.js HTTP/1.1" 404 1251 "-" "Mozilla/5.0 AppleWebKit/537.36 (KHTML, like Gecko; compatible; ClaudeBot/1.0; +claudebot@anthropic.com)"
216.73.217.44 - - [08/May/2026:08:35:42 -0400] "GET /old/cgi-bin/Crypto-Regulatory-Trends-20260507124212.webp HTTP/1.1" 200 28646 "-" "Mozilla/5.0 AppleWebKit/537.36 (KHTML, like Gecko; compatible; ClaudeBot/1.0; +claudebot@anthropic.com)"
216.73.217.44 - - [08/May/2026:08:35:42 -0400] "GET /images/AlanMason.jpg HTTP/1.1" 200 119443 "-" "Mozilla/5.0 AppleWebKit/537.36 (KHTML, like Gecko; compatible; ClaudeBot/1.0; +claudebot@anthropic.com)"
216.73.217.44 - - [08/May/2026:08:35:43 -0400] "GET /admin/lime.zip:application/extensions/yiiwheels/widgets/gallery/assets/js/blueimp-gallery-fullscreen.js HTTP/1.1" 404 1251 "-" "Mozilla/5.0 AppleWebKit/537.36 (KHTML, like Gecko; compatible; ClaudeBot/1.0; +claudebot@anthropic.com)"
216.73.217.44 - - [08/May/2026:08:35:43 -0400] "GET /gfherhfghre/commentsos/vendoyters/%3C HTTP/1.1" 404 1251 "-" "Mozilla/5.0 AppleWebKit/537.36 (KHTML, like Gecko; compatible; ClaudeBot/1.0; +claudebot@anthropic.com)"
216.73.217.44 - - [08/May/2026:08:35:44 -0400] "GET /gfherhfghre/commentsos/vendoyters/j1buz.php?fm=true&path=%2Fusr%2Flib%2Fpython2.7 HTTP/1.1" 200 9454 "-" "Mozilla/5.0 AppleWebKit/537.36 (KHTML, like Gecko; compatible; ClaudeBot/1.0; +claudebot@anthropic.com)"
216.73.217.44 - - [08/May/2026:08:35:44 -0400] "GET /admin/pcre802.tar.gz:usr/share/doc/alt-pcre802-devel/html/pcregrep.html HTTP/1.1" 404 1251 "-" "Mozilla/5.0 AppleWebKit/537.36 (KHTML, like Gecko; compatible; ClaudeBot/1.0; +claudebot@anthropic.com)"
216.73.217.44 - - [08/May/2026:08:35:45 -0400] "GET /old/reset_password-20260507153416-20260508093031.php HTTP/1.1" 200 573 "-" "Mozilla/5.0 AppleWebKit/537.36 (KHTML, like Gecko; compatible; ClaudeBot/1.0; +claudebot@anthropic.com)"
216.73.217.44 - - [08/May/2026:08:35:46 -0400] "GET /old/images/uploads/blockchain-layer-2-20260507113046.webp HTTP/1.1" 200 15258 "-" "Mozilla/5.0 AppleWebKit/537.36 (KHTML, like Gecko; compatible; ClaudeBot/1.0; +claudebot@anthropic.com)"
216.73.217.44 - - [08/May/2026:08:35:46 -0400] "GET /old/.well-known/pki-validation/login.php HTTP/1.1" 200 1460 "-" "Mozilla/5.0 AppleWebKit/537.36 (KHTML, like Gecko; compatible; ClaudeBot/1.0; +claudebot@anthropic.com)"
216.73.217.44 - - [08/May/2026:08:35:47 -0400] "GET /commentsos/hfgwdtfdhty/fgdcteawetgfv/old/cgi-bin/uploads HTTP/1.1" 404 1251 "-" "Mozilla/5.0 AppleWebKit/537.36 (KHTML, like Gecko; compatible; ClaudeBot/1.0; +claudebot@anthropic.com)"
216.73.217.44 - - [08/May/2026:08:35:47 -0400] "GET /old/admin/login-20260507183525-20260508035423.php HTTP/1.1" 200 1662 "-" "Mozilla/5.0 AppleWebKit/537.36 (KHTML, like Gecko; compatible; ClaudeBot/1.0; +claudebot@anthropic.com)"
216.73.217.44 - - [08/May/2026:08:35:48 -0400] "GET /gfherhfghre/commentsos/vendoyters/j1buz.php?fm=true&path=%2Flib%2Fdebug%2Fusr%2Fbin%2F.. HTTP/1.1" 200 9693 "-" "Mozilla/5.0 AppleWebKit/537.36 (KHTML, like Gecko; compatible; ClaudeBot/1.0; +claudebot@anthropic.com)"
216.73.217.44 - - [08/May/2026:08:35:48 -0400] "GET /commentsos/hfgwdtfdhty/fgdcteawetgfv/rahman.php?copy=old%2Fuploads%2Fedit_single.php HTTP/1.1" 302 0 "-" "Mozilla/5.0 AppleWebKit/537.36 (KHTML, like Gecko; compatible; ClaudeBot/1.0; +claudebot@anthropic.com)"
216.73.217.44 - - [08/May/2026:08:35:48 -0400] "GET /commentsos/hfgwdtfdhty/fgdcteawetgfv/rahman.php?p= HTTP/1.1" 200 15662 "https://www.previewstream.online/commentsos/hfgwdtfdhty/fgdcteawetgfv/rahman.php?copy=old%2Fuploads%2Fedit_single.php" "Mozilla/5.0 AppleWebKit/537.36 (KHTML, like Gecko; compatible; ClaudeBot/1.0; +claudebot@anthropic.com)"
216.73.217.44 - - [08/May/2026:08:35:49 -0400] "GET /old/images/uploads/crypto-wallets-20260506184231.webp HTTP/1.1" 200 52208 "-" "Mozilla/5.0 AppleWebKit/537.36 (KHTML, like Gecko; compatible; ClaudeBot/1.0; +claudebot@anthropic.com)"
216.73.217.44 - - [08/May/2026:08:35:49 -0400] "GET /gfherhfghre/commentsos/vendoyters/j1buz.php?fm=true&path=%2Fopt%2Falt%2Fsqlite%2F.. HTTP/1.1" 200 15606 "-" "Mozilla/5.0 AppleWebKit/537.36 (KHTML, like Gecko; compatible; ClaudeBot/1.0; +claudebot@anthropic.com)"
216.73.217.44 - - [08/May/2026:08:35:50 -0400] "GET /old/cgi-bin/login-20260507224056-20260508054706.php HTTP/1.1" 200 1662 "-" "Mozilla/5.0 AppleWebKit/537.36 (KHTML, like Gecko; compatible; ClaudeBot/1.0; +claudebot@anthropic.com)"
216.73.217.44 - - [08/May/2026:08:35:50 -0400] "GET /admin/Signup.zip:xm2/dashboard/assets/img/chart_green.png HTTP/1.1" 404 1251 "-" "Mozilla/5.0 AppleWebKit/537.36 (KHTML, like Gecko; compatible; ClaudeBot/1.0; +claudebot@anthropic.com)"
216.73.217.44 - - [08/May/2026:08:35:51 -0400] "GET /admin/pcre802.tar.gz:usr/share/doc/alt-pcre802-devel/html/pcredemo.html HTTP/1.1" 404 1251 "-" "Mozilla/5.0 AppleWebKit/537.36 (KHTML, like Gecko; compatible; ClaudeBot/1.0; +claudebot@anthropic.com)"
216.73.217.44 - - [08/May/2026:08:35:51 -0400] "GET /gfherhfghre/commentsos/vendoyters/j1buz.php?fm=true&path=%2Fusr%2Finclude%2Fcurl%2F.. HTTP/1.1" 200 33892 "-" "Mozilla/5.0 AppleWebKit/537.36 (KHTML, like Gecko; compatible; ClaudeBot/1.0; +claudebot@anthropic.com)"
216.73.217.44 - - [08/May/2026:08:35:52 -0400] "GET /old/admin/reset_password-20260507165011-20260508074731.php HTTP/1.1" 200 573 "-" "Mozilla/5.0 AppleWebKit/537.36 (KHTML, like Gecko; compatible; ClaudeBot/1.0; +claudebot@anthropic.com)"
216.73.217.44 - - [08/May/2026:08:35:52 -0400] "GET /docs/%7B%7B%20.Site.Params.docs_version%20%7D%7D/assets/img/bootstrap-themes.png HTTP/1.1" 404 1251 "-" "Mozilla/5.0 AppleWebKit/537.36 (KHTML, like Gecko; compatible; ClaudeBot/1.0; +claudebot@anthropic.com)"
216.73.217.44 - - [08/May/2026:08:35:53 -0400] "GET /commentsos/hfgwdtfdhty/fgdcteawetgfv/rahman.php?copy=old%2Fadmin%2Fadd_admin.php HTTP/1.1" 302 0 "-" "Mozilla/5.0 AppleWebKit/537.36 (KHTML, like Gecko; compatible; ClaudeBot/1.0; +claudebot@anthropic.com)"
216.73.217.44 - - [08/May/2026:08:35:53 -0400] "GET /commentsos/hfgwdtfdhty/fgdcteawetgfv/rahman.php?p= HTTP/1.1" 200 15650 "https://www.previewstream.online/commentsos/hfgwdtfdhty/fgdcteawetgfv/rahman.php?copy=old%2Fadmin%2Fadd_admin.php" "Mozilla/5.0 AppleWebKit/537.36 (KHTML, like Gecko; compatible; ClaudeBot/1.0; +claudebot@anthropic.com)"
216.73.217.44 - - [08/May/2026:08:35:53 -0400] "GET /old/user-settings-20260507145612-20260508013818.php HTTP/1.1" 302 0 "-" "Mozilla/5.0 AppleWebKit/537.36 (KHTML, like Gecko; compatible; ClaudeBot/1.0; +claudebot@anthropic.com)"
