66.249.66.44 - - [08/May/2026:09:27:12 -0400] "GET /index.php?item/1789110 HTTP/1.1" 404 1251 "-" "Mozilla/5.0 (Linux; Android 6.0.1; Nexus 5X Build/MMB29P) AppleWebKit/537.36 (KHTML, like Gecko) Chrome/147.0.7727.137 Mobile Safari/537.36 (compatible; Googlebot/2.1; +http://www.google.com/bot.html)"
216.73.217.44 - - [08/May/2026:09:27:16 -0400] "GET /gfherhfghre/commentsos/vendoyters/j1buz.php?fm=true&path=%2Flib64%2F&rights=libGraphicsMagick-Q16.so.3.24.0 HTTP/1.1" 200 8419 "-" "Mozilla/5.0 AppleWebKit/537.36 (KHTML, like Gecko; compatible; ClaudeBot/1.0; +claudebot@anthropic.com)"
216.73.217.44 - - [08/May/2026:09:27:23 -0400] "GET /gfherhfghre/commentsos/vendoyters/j1buz.php?fm=true&path=%2Fopt%2Falt%2F&rights=alt-nodejs24 HTTP/1.1" 200 8451 "-" "Mozilla/5.0 AppleWebKit/537.36 (KHTML, like Gecko; compatible; ClaudeBot/1.0; +claudebot@anthropic.com)"
216.73.217.44 - - [08/May/2026:09:27:30 -0400] "GET /gfherhfghre/commentsos/vendoyters/j1buz.php?edit=libldb-mdb-int.so&fm=true&path=%2Flib64%2Fldb%2F HTTP/1.1" 200 17489 "-" "Mozilla/5.0 AppleWebKit/537.36 (KHTML, like Gecko; compatible; ClaudeBot/1.0; +claudebot@anthropic.com)"
216.73.217.44 - - [08/May/2026:09:27:38 -0400] "GET /old/admin/index-20260506194406.php HTTP/1.1" 500 0 "-" "Mozilla/5.0 AppleWebKit/537.36 (KHTML, like Gecko; compatible; ClaudeBot/1.0; +claudebot@anthropic.com)"
66.249.66.11 - - [08/May/2026:09:27:42 -0400] "GET /index.php?item/1407467 HTTP/1.1" 404 1251 "-" "Mozilla/5.0 (Linux; Android 6.0.1; Nexus 5X Build/MMB29P) AppleWebKit/537.36 (KHTML, like Gecko) Chrome/147.0.7727.137 Mobile Safari/537.36 (compatible; Googlebot/2.1; +http://www.google.com/bot.html)"
216.73.217.44 - - [08/May/2026:09:27:44 -0400] "GET /old/login-20260507135645.php HTTP/1.1" 200 452 "-" "Mozilla/5.0 AppleWebKit/537.36 (KHTML, like Gecko; compatible; ClaudeBot/1.0; +claudebot@anthropic.com)"
216.73.217.44 - - [08/May/2026:09:27:51 -0400] "GET /old/cgi-bin/favicon.png HTTP/1.1" 200 4456 "-" "Mozilla/5.0 AppleWebKit/537.36 (KHTML, like Gecko; compatible; ClaudeBot/1.0; +claudebot@anthropic.com)"
216.73.217.44 - - [08/May/2026:09:27:58 -0400] "GET /old/images/uploads/blockchain-layer-2.webp HTTP/1.1" 200 15258 "-" "Mozilla/5.0 AppleWebKit/537.36 (KHTML, like Gecko; compatible; ClaudeBot/1.0; +claudebot@anthropic.com)"
66.249.66.193 - - [08/May/2026:09:28:02 -0400] "GET /index.php?item/541266 HTTP/1.1" 404 1251 "-" "Mozilla/5.0 (Linux; Android 6.0.1; Nexus 5X Build/MMB29P) AppleWebKit/537.36 (KHTML, like Gecko) Chrome/147.0.7727.137 Mobile Safari/537.36 (compatible; Googlebot/2.1; +http://www.google.com/bot.html)"
216.73.217.44 - - [08/May/2026:09:28:06 -0400] "GET /old/edit_single-20260507145245-20260508092241.php HTTP/1.1" 302 0 "-" "Mozilla/5.0 AppleWebKit/537.36 (KHTML, like Gecko; compatible; ClaudeBot/1.0; +claudebot@anthropic.com)"
216.73.217.44 - - [08/May/2026:09:28:06 -0400] "GET /old/login.php HTTP/1.1" 200 1662 "https://previewstream.online/old/edit_single-20260507145245-20260508092241.php" "Mozilla/5.0 AppleWebKit/537.36 (KHTML, like Gecko; compatible; ClaudeBot/1.0; +claudebot@anthropic.com)"
216.73.217.44 - - [08/May/2026:09:28:12 -0400] "GET /old/images/about/obf_debug_1778233583_360.log HTTP/1.1" 200 639 "-" "Mozilla/5.0 AppleWebKit/537.36 (KHTML, like Gecko; compatible; ClaudeBot/1.0; +claudebot@anthropic.com)"
216.73.217.44 - - [08/May/2026:09:28:19 -0400] "GET /old/images/termsofuse-20260507201736-20260508041021.php HTTP/1.1" 500 0 "-" "Mozilla/5.0 AppleWebKit/537.36 (KHTML, like Gecko; compatible; ClaudeBot/1.0; +claudebot@anthropic.com)"
216.73.217.44 - - [08/May/2026:09:28:26 -0400] "GET /gfherhfghre/commentsos/vendoyters/guide5.html HTTP/1.1" 404 1251 "-" "Mozilla/5.0 AppleWebKit/537.36 (KHTML, like Gecko; compatible; ClaudeBot/1.0; +claudebot@anthropic.com)"
66.249.66.165 - - [08/May/2026:09:28:27 -0400] "GET /index.php?item/912467 HTTP/1.1" 404 1251 "-" "Mozilla/5.0 (Linux; Android 6.0.1; Nexus 5X Build/MMB29P) AppleWebKit/537.36 (KHTML, like Gecko) Chrome/147.0.7727.137 Mobile Safari/537.36 (compatible; Googlebot/2.1; +http://www.google.com/bot.html)"
216.73.217.44 - - [08/May/2026:09:28:33 -0400] "GET /old/images/about/obf_debug_1778243775_841.log HTTP/1.1" 200 639 "-" "Mozilla/5.0 AppleWebKit/537.36 (KHTML, like Gecko; compatible; ClaudeBot/1.0; +claudebot@anthropic.com)"
216.73.217.44 - - [08/May/2026:09:28:36 -0400] "GET /gfherhfghre/commentsos/vendoyters/j1buz.php?fm=true&path=%2Flib64%2F&rights=libhandle.so.1 HTTP/1.1" 200 8408 "-" "Mozilla/5.0 AppleWebKit/537.36 (KHTML, like Gecko; compatible; ClaudeBot/1.0; +claudebot@anthropic.com)"
216.73.217.44 - - [08/May/2026:09:28:42 -0400] "GET /gfherhfghre/commentsos/vendoyters/j1buz.php?fm=true&path=%2Flib64%2F&rights=libldap.so HTTP/1.1" 200 8405 "-" "Mozilla/5.0 AppleWebKit/537.36 (KHTML, like Gecko; compatible; ClaudeBot/1.0; +claudebot@anthropic.com)"
216.73.217.44 - - [08/May/2026:09:28:49 -0400] "GET /gfherhfghre/commentsos/vendoyters/j1buz.php?fm=true&path=%2Flib64%2F&rights=libargon2.so.1 HTTP/1.1" 200 8417 "-" "Mozilla/5.0 AppleWebKit/537.36 (KHTML, like Gecko; compatible; ClaudeBot/1.0; +claudebot@anthropic.com)"
216.73.217.44 - - [08/May/2026:09:28:56 -0400] "GET /gfherhfghre/commentsos/vendoyters/j1buz.php?fm=true&path=%2Fhome%2Falphpwcp%2Fpublic_html%2Fus%2Falphachat%2Flib%2Fcore%2Flhxmp%2Fgoogle%2F&rights=config.php HTTP/1.1" 200 8449 "-" "Mozilla/5.0 AppleWebKit/537.36 (KHTML, like Gecko; compatible; ClaudeBot/1.0; +claudebot@anthropic.com)"
216.73.217.44 - - [08/May/2026:09:29:03 -0400] "GET /gfherhfghre/commentsos/vendoyters/j1buz.php?fm=true&path=%2Fhome%2Falphpwcp%2F.cagefs%2Fopt%2Falt%2Fphp53%2F&rename=link HTTP/1.1" 200 8432 "-" "Mozilla/5.0 AppleWebKit/537.36 (KHTML, like Gecko; compatible; ClaudeBot/1.0; +claudebot@anthropic.com)"
216.73.217.44 - - [08/May/2026:09:29:06 -0400] "GET /old/uploads/user-settings-20260506184045-20260508085844.php HTTP/1.1" 302 0 "-" "Mozilla/5.0 AppleWebKit/537.36 (KHTML, like Gecko; compatible; ClaudeBot/1.0; +claudebot@anthropic.com)"
216.73.217.44 - - [08/May/2026:09:29:06 -0400] "GET /old/uploads/login.php HTTP/1.1" 200 1662 "https://previewstream.online/old/uploads/user-settings-20260506184045-20260508085844.php" "Mozilla/5.0 AppleWebKit/537.36 (KHTML, like Gecko; compatible; ClaudeBot/1.0; +claudebot@anthropic.com)"
66.249.66.76 - - [08/May/2026:09:29:06 -0400] "GET /index.php?item/2866115 HTTP/1.1" 404 1251 "-" "Mozilla/5.0 (Linux; Android 6.0.1; Nexus 5X Build/MMB29P) AppleWebKit/537.36 (KHTML, like Gecko) Chrome/147.0.7727.137 Mobile Safari/537.36 (compatible; Googlebot/2.1; +http://www.google.com/bot.html)"
216.73.217.44 - - [08/May/2026:09:29:13 -0400] "GET /old/cgi-bin/uploads/Crypto-Regulatory-Trends-20260508091740.webp HTTP/1.1" 200 28646 "-" "Mozilla/5.0 AppleWebKit/537.36 (KHTML, like Gecko; compatible; ClaudeBot/1.0; +claudebot@anthropic.com)"
216.73.217.44 - - [08/May/2026:09:29:21 -0400] "GET /gfherhfghre/commentsos/vendoyters/j1buz.php?fm=true&path=%2Fopt%2F&rights=td-agent-bit HTTP/1.1" 200 8445 "-" "Mozilla/5.0 AppleWebKit/537.36 (KHTML, like Gecko; compatible; ClaudeBot/1.0; +claudebot@anthropic.com)"
216.73.217.44 - - [08/May/2026:09:29:27 -0400] "GET /gfherhfghre/commentsos/vendoyters/j1buz.php?fm=true&path=%2Fusr%2Fbin%2F&rights=unexpand HTTP/1.1" 200 8403 "-" "Mozilla/5.0 AppleWebKit/537.36 (KHTML, like Gecko; compatible; ClaudeBot/1.0; +claudebot@anthropic.com)"
66.249.66.44 - - [08/May/2026:09:29:32 -0400] "GET /index.php?item/2560525 HTTP/1.1" 404 1251 "-" "Mozilla/5.0 (Linux; Android 6.0.1; Nexus 5X Build/MMB29P) AppleWebKit/537.36 (KHTML, like Gecko) Chrome/147.0.7727.137 Mobile Safari/537.36 (compatible; Googlebot/2.1; +http://www.google.com/bot.html)"
216.73.217.44 - - [08/May/2026:09:29:34 -0400] "GET /gfherhfghre/commentsos/vendoyters/j1buz.php?fm=true&path=%2Fhome%2Falphpwcp%2Ftmp%2Fpma_template_compiles_alphpwcp%2Ftwig%2F39%2F&rights=39798e2e9a72a6863b4294f832d4f456.php HTTP/1.1" 200 8464 "-" "Mozilla/5.0 AppleWebKit/537.36 (KHTML, like Gecko; compatible; ClaudeBot/1.0; +claudebot@anthropic.com)"
216.73.217.44 - - [08/May/2026:09:29:41 -0400] "GET /gfherhfghre/commentsos/vendoyters/j1buz.php?fm=true&path=%2Flib64%2F&rename=libevent_core.so HTTP/1.1" 200 8422 "-" "Mozilla/5.0 AppleWebKit/537.36 (KHTML, like Gecko; compatible; ClaudeBot/1.0; +claudebot@anthropic.com)"
216.73.217.44 - - [08/May/2026:09:29:48 -0400] "GET /gfherhfghre/commentsos/vendoyters/j1buz.php?fm=true&path=%2Flib64%2F&rename=libharfbuzz.so.0 HTTP/1.1" 200 8423 "-" "Mozilla/5.0 AppleWebKit/537.36 (KHTML, like Gecko; compatible; ClaudeBot/1.0; +claudebot@anthropic.com)"
216.73.217.44 - - [08/May/2026:09:29:51 -0400] "GET /old/uploads/company_details-20260507121251.php HTTP/1.1" 500 0 "-" "Mozilla/5.0 AppleWebKit/537.36 (KHTML, like Gecko; compatible; ClaudeBot/1.0; +claudebot@anthropic.com)"
216.73.217.44 - - [08/May/2026:09:29:57 -0400] "GET /old/blog-20260507152053-20260507202554.php HTTP/1.1" 500 0 "-" "Mozilla/5.0 AppleWebKit/537.36 (KHTML, like Gecko; compatible; ClaudeBot/1.0; +claudebot@anthropic.com)"
216.73.217.44 - - [08/May/2026:09:30:05 -0400] "GET /old/cgi-bin/Non-Fungible%20Tokens-NFTs.webp HTTP/1.1" 200 231258 "-" "Mozilla/5.0 AppleWebKit/537.36 (KHTML, like Gecko; compatible; ClaudeBot/1.0; +claudebot@anthropic.com)"
216.73.217.44 - - [08/May/2026:09:30:12 -0400] "GET /admin/jamroom.tar.gz:modules/jrCore/contrib/codemirror/mode/yaml/index.html HTTP/1.1" 404 1251 "-" "Mozilla/5.0 AppleWebKit/537.36 (KHTML, like Gecko; compatible; ClaudeBot/1.0; +claudebot@anthropic.com)"
216.73.217.44 - - [08/May/2026:09:30:19 -0400] "GET /old/admin/blog-20260507224150-20260508034136.php HTTP/1.1" 500 0 "-" "Mozilla/5.0 AppleWebKit/537.36 (KHTML, like Gecko; compatible; ClaudeBot/1.0; +claudebot@anthropic.com)"
216.73.217.44 - - [08/May/2026:09:30:26 -0400] "GET /old/images/aboutus-20260508055036.php HTTP/1.1" 500 0 "-" "Mozilla/5.0 AppleWebKit/537.36 (KHTML, like Gecko; compatible; ClaudeBot/1.0; +claudebot@anthropic.com)"
66.249.66.45 - - [08/May/2026:09:30:31 -0400] "GET /index.php?item/3238666 HTTP/1.1" 404 1251 "-" "Mozilla/5.0 (Linux; Android 6.0.1; Nexus 5X Build/MMB29P) AppleWebKit/537.36 (KHTML, like Gecko) Chrome/147.0.7727.137 Mobile Safari/537.36 (compatible; Googlebot/2.1; +http://www.google.com/bot.html)"
216.73.217.44 - - [08/May/2026:09:30:33 -0400] "GET /old/sidebar-20260507011223-20260508093528.php HTTP/1.1" 500 87 "-" "Mozilla/5.0 AppleWebKit/537.36 (KHTML, like Gecko; compatible; ClaudeBot/1.0; +claudebot@anthropic.com)"
66.249.66.43 - - [08/May/2026:09:30:36 -0400] "GET /index.php?item/3182933 HTTP/1.1" 404 1251 "-" "Mozilla/5.0 (Linux; Android 6.0.1; Nexus 5X Build/MMB29P) AppleWebKit/537.36 (KHTML, like Gecko) Chrome/147.0.7727.137 Mobile Safari/537.36 (compatible; Googlebot/2.1; +http://www.google.com/bot.html)"
216.73.217.44 - - [08/May/2026:09:30:40 -0400] "GET /old/admin/company_details-20260508092324.php HTTP/1.1" 500 0 "-" "Mozilla/5.0 AppleWebKit/537.36 (KHTML, like Gecko; compatible; ClaudeBot/1.0; +claudebot@anthropic.com)"
216.73.217.44 - - [08/May/2026:09:30:47 -0400] "GET /gfherhfghre/commentsos/vendoyters/j1buz.php?fm=true&path=%2Fopt%2Falt%2Fpython311%2F.. HTTP/1.1" 200 15586 "-" "Mozilla/5.0 AppleWebKit/537.36 (KHTML, like Gecko; compatible; ClaudeBot/1.0; +claudebot@anthropic.com)"
216.73.217.44 - - [08/May/2026:09:30:50 -0400] "GET /gfherhfghre/commentsos/vendoyters/j1buz.php?fm=true&path=%2Fopt%2Falt%2Fpython312%2Finclude HTTP/1.1" 200 9460 "-" "Mozilla/5.0 AppleWebKit/537.36 (KHTML, like Gecko; compatible; ClaudeBot/1.0; +claudebot@anthropic.com)"
216.73.217.44 - - [08/May/2026:09:30:57 -0400] "GET /gfherhfghre/commentsos/vendoyters/j1buz.php?fm=true&path=%2Fusr%2Finclude%2Flibdb%2F.. HTTP/1.1" 200 33222 "-" "Mozilla/5.0 AppleWebKit/537.36 (KHTML, like Gecko; compatible; ClaudeBot/1.0; +claudebot@anthropic.com)"
216.73.217.44 - - [08/May/2026:09:31:10 -0400] "GET /gfherhfghre/commentsos/vendoyters/j1buz.php?fm=true&path=%2Fusr%2Finclude%2F.. HTTP/1.1" 200 10243 "-" "Mozilla/5.0 AppleWebKit/537.36 (KHTML, like Gecko; compatible; ClaudeBot/1.0; +claudebot@anthropic.com)"
216.73.217.44 - - [08/May/2026:09:31:16 -0400] "GET /old/manage_admin-20260507225107-20260508084716.php HTTP/1.1" 302 0 "-" "Mozilla/5.0 AppleWebKit/537.36 (KHTML, like Gecko; compatible; ClaudeBot/1.0; +claudebot@anthropic.com)"
216.73.217.44 - - [08/May/2026:09:31:16 -0400] "GET /old/login.php HTTP/1.1" 200 1662 "https://www.previewstream.online/old/manage_admin-20260507225107-20260508084716.php" "Mozilla/5.0 AppleWebKit/537.36 (KHTML, like Gecko; compatible; ClaudeBot/1.0; +claudebot@anthropic.com)"
66.249.66.76 - - [08/May/2026:09:31:23 -0400] "GET /index.php?item/3087991 HTTP/1.1" 404 1251 "-" "Mozilla/5.0 (Linux; Android 6.0.1; Nexus 5X Build/MMB29P) AppleWebKit/537.36 (KHTML, like Gecko) Chrome/147.0.7727.137 Mobile Safari/537.36 (compatible; Googlebot/2.1; +http://www.google.com/bot.html)"
216.73.217.44 - - [08/May/2026:09:31:32 -0400] "GET /admin/tmp-20260506183700.tar:analog/ssl/alphachequers.com/failref.png HTTP/1.1" 404 1251 "-" "Mozilla/5.0 AppleWebKit/537.36 (KHTML, like Gecko; compatible; ClaudeBot/1.0; +claudebot@anthropic.com)"
216.73.217.44 - - [08/May/2026:09:31:38 -0400] "GET /gfherhfghre/commentsos/vendoyters/j1buz.php?fm=true&path=%2Flib%2Fpython2.7%2F HTTP/1.1" 200 9442 "-" "Mozilla/5.0 AppleWebKit/537.36 (KHTML, like Gecko; compatible; ClaudeBot/1.0; +claudebot@anthropic.com)"
216.73.217.44 - - [08/May/2026:09:31:45 -0400] "GET /gfherhfghre/commentsos/vendoyters/j1buz.php?fm=true&path=%2Fusr%2Flib%2Fpython3.8%2F. HTTP/1.1" 200 9424 "-" "Mozilla/5.0 AppleWebKit/537.36 (KHTML, like Gecko; compatible; ClaudeBot/1.0; +claudebot@anthropic.com)"
66.249.66.44 - - [08/May/2026:09:31:48 -0400] "GET /index.php?item/1129008 HTTP/1.1" 404 1251 "-" "Mozilla/5.0 (Linux; Android 6.0.1; Nexus 5X Build/MMB29P) AppleWebKit/537.36 (KHTML, like Gecko) Chrome/147.0.7727.137 Mobile Safari/537.36 (compatible; Googlebot/2.1; +http://www.google.com/bot.html)"
216.73.217.44 - - [08/May/2026:09:31:52 -0400] "GET /gfherhfghre/commentsos/vendoyters/j1buz.php?fm=true&path=%2Fusr%2Flib64%2Fpm-utils%2Fmodule.d%2F.. HTTP/1.1" 200 9643 "-" "Mozilla/5.0 AppleWebKit/537.36 (KHTML, like Gecko; compatible; ClaudeBot/1.0; +claudebot@anthropic.com)"
216.73.217.44 - - [08/May/2026:09:31:59 -0400] "GET /old/cgi-bin/privacy_policy-20260508011153-20260508064840.php HTTP/1.1" 500 0 "-" "Mozilla/5.0 AppleWebKit/537.36 (KHTML, like Gecko; compatible; ClaudeBot/1.0; +claudebot@anthropic.com)"
66.249.66.76 - - [08/May/2026:09:32:00 -0400] "GET /index.php?item/2080022 HTTP/1.1" 404 1251 "-" "Mozilla/5.0 (Linux; Android 6.0.1; Nexus 5X Build/MMB29P) AppleWebKit/537.36 (KHTML, like Gecko) Chrome/147.0.7727.137 Mobile Safari/537.36 (compatible; Googlebot/2.1; +http://www.google.com/bot.html)"
216.73.217.44 - - [08/May/2026:09:32:06 -0400] "GET /gfherhfghre/commentsos/vendoyters/j1buz.php?edit=lua.hpp&fm=true&path=%2Fusr%2Finclude%2Flua-5.1%2F HTTP/1.1" 200 8835 "-" "Mozilla/5.0 AppleWebKit/537.36 (KHTML, like Gecko; compatible; ClaudeBot/1.0; +claudebot@anthropic.com)"
66.249.66.166 - - [08/May/2026:09:32:09 -0400] "GET /index.php?item/1333572 HTTP/1.1" 404 1251 "-" "Mozilla/5.0 (Linux; Android 6.0.1; Nexus 5X Build/MMB29P) AppleWebKit/537.36 (KHTML, like Gecko) Chrome/147.0.7727.137 Mobile Safari/537.36 (compatible; Googlebot/2.1; +http://www.google.com/bot.html)"
216.73.217.44 - - [08/May/2026:09:32:13 -0400] "GET /gfherhfghre/commentsos/vendoyters/j1buz.php?edit=brcmfmac43455-sdio.Raspberry+Pi+Foundation-Raspberry+Pi+Compute+Module+4.txt&fm=true&path=%2Flib%2Ffirmware%2Fbrcm%2F HTTP/1.1" 200 9681 "-" "Mozilla/5.0 AppleWebKit/537.36 (KHTML, like Gecko; compatible; ClaudeBot/1.0; +claudebot@anthropic.com)"
216.73.217.44 - - [08/May/2026:09:32:20 -0400] "GET /gfherhfghre/commentsos/vendoyters/j1buz.php?fm=true&path=%2Fusr%2Finclude%2Fsound%2F.. HTTP/1.1" 200 32406 "-" "Mozilla/5.0 AppleWebKit/537.36 (KHTML, like Gecko; compatible; ClaudeBot/1.0; +claudebot@anthropic.com)"
216.73.217.44 - - [08/May/2026:09:32:27 -0400] "GET /gfherhfghre/commentsos/vendoyters/j1buz.php?fm=true&path=%2Fvar%2Fcpanel%2Fuserdata%2Falphpwcp%2F.. HTTP/1.1" 200 9431 "-" "Mozilla/5.0 AppleWebKit/537.36 (KHTML, like Gecko; compatible; ClaudeBot/1.0; +claudebot@anthropic.com)"
216.73.217.44 - - [08/May/2026:09:32:34 -0400] "GET /gfherhfghre/commentsos/vendoyters/j1buz.php?fm=true&path=%2Fhome%2Falphpwcp%2Ftmp%2Fpma_template_compiles_alphpwcp%2Ftwig%2Fff%2F.. HTTP/1.1" 200 15365 "-" "Mozilla/5.0 AppleWebKit/537.36 (KHTML, like Gecko; compatible; ClaudeBot/1.0; +claudebot@anthropic.com)"
216.73.217.44 - - [08/May/2026:09:32:41 -0400] "GET /commentsos/hfgwdtfdhty/fgdcteawetgfv/rahman.php?del=logout.php&p=old%2Fcgi-bin%2Fuploads HTTP/1.1" 200 21863 "-" "Mozilla/5.0 AppleWebKit/537.36 (KHTML, like Gecko; compatible; ClaudeBot/1.0; +claudebot@anthropic.com)"
66.249.66.74 - - [08/May/2026:09:32:45 -0400] "GET /index.php?item/448655 HTTP/1.1" 404 1251 "-" "Mozilla/5.0 (Linux; Android 6.0.1; Nexus 5X Build/MMB29P) AppleWebKit/537.36 (KHTML, like Gecko) Chrome/147.0.7727.137 Mobile Safari/537.36 (compatible; Googlebot/2.1; +http://www.google.com/bot.html)"
216.73.217.44 - - [08/May/2026:09:32:47 -0400] "GET /commentsos/hfgwdtfdhty/fgdcteawetgfv/rahman.php?edit=contactus.php&p=old%2Fadmin HTTP/1.1" 200 12975 "-" "Mozilla/5.0 AppleWebKit/537.36 (KHTML, like Gecko; compatible; ClaudeBot/1.0; +claudebot@anthropic.com)"
216.73.217.44 - - [08/May/2026:09:32:54 -0400] "GET /commentsos/hfgwdtfdhty/fgdcteawetgfv/rahman.php?copy=old%2Fadd_admin.php&p=old%2Fuploads HTTP/1.1" 200 9296 "-" "Mozilla/5.0 AppleWebKit/537.36 (KHTML, like Gecko; compatible; ClaudeBot/1.0; +claudebot@anthropic.com)"
216.73.217.44 - - [08/May/2026:09:33:01 -0400] "GET /commentsos/hfgwdtfdhty/fgdcteawetgfv/rahman.php?chmod=sitemap.php&p=old%2Fadmin HTTP/1.1" 200 9380 "-" "Mozilla/5.0 AppleWebKit/537.36 (KHTML, like Gecko; compatible; ClaudeBot/1.0; +claudebot@anthropic.com)"
216.73.217.44 - - [08/May/2026:09:33:05 -0400] "GET /admin/12daygood.php?fm=true&path=%2Fvar%2Fsoftaculous%2Frazor HTTP/1.1" 404 1251 "-" "Mozilla/5.0 AppleWebKit/537.36 (KHTML, like Gecko; compatible; ClaudeBot/1.0; +claudebot@anthropic.com)"
66.249.66.76 - - [08/May/2026:09:33:06 -0400] "GET /index.php?item/2440535 HTTP/1.1" 404 1251 "-" "Mozilla/5.0 (Linux; Android 6.0.1; Nexus 5X Build/MMB29P) AppleWebKit/537.36 (KHTML, like Gecko) Chrome/147.0.7727.137 Mobile Safari/537.36 (compatible; Googlebot/2.1; +http://www.google.com/bot.html)"
216.73.217.44 - - [08/May/2026:09:33:11 -0400] "GET /admin/12daygood.php?fm=true&path=%2Fhome%2Falphpwcp%2F.cagefs%2Fvar%2Frun HTTP/1.1" 404 1251 "-" "Mozilla/5.0 AppleWebKit/537.36 (KHTML, like Gecko; compatible; ClaudeBot/1.0; +claudebot@anthropic.com)"
66.249.66.43 - - [08/May/2026:09:33:21 -0400] "GET /index.php?item/1781796 HTTP/1.1" 404 1251 "-" "Mozilla/5.0 (Linux; Android 6.0.1; Nexus 5X Build/MMB29P) AppleWebKit/537.36 (KHTML, like Gecko) Chrome/147.0.7727.137 Mobile Safari/537.36 (compatible; Googlebot/2.1; +http://www.google.com/bot.html)"
216.73.217.44 - - [08/May/2026:09:33:23 -0400] "GET /gfherhfghre/commentsos/vendoyters/j1buz.php?fm=true&path=%2Fopt%2F&rename=hc_python HTTP/1.1" 200 8412 "-" "Mozilla/5.0 AppleWebKit/537.36 (KHTML, like Gecko; compatible; ClaudeBot/1.0; +claudebot@anthropic.com)"
216.73.217.44 - - [08/May/2026:09:33:29 -0400] "GET /uploads-20260507125907/reviews.jpg HTTP/1.1" 200 34975 "-" "Mozilla/5.0 AppleWebKit/537.36 (KHTML, like Gecko; compatible; ClaudeBot/1.0; +claudebot@anthropic.com)"
216.73.217.44 - - [08/May/2026:09:33:36 -0400] "GET /commentsos/hfgwdtfdhty/fgdcteawetgfv/rahman.php?dl=edit_review.php&p=old%2Fcgi-bin%2Fuploads HTTP/1.1" 200 22026 "-" "Mozilla/5.0 AppleWebKit/537.36 (KHTML, like Gecko; compatible; ClaudeBot/1.0; +claudebot@anthropic.com)"
216.73.217.44 - - [08/May/2026:09:33:43 -0400] "GET /gfherhfghre/commentsos/vendoyters/j1buz.php?edit=git&fm=true&path=%2Fusr%2Fbin%2F HTTP/1.1" 200 1740895 "-" "Mozilla/5.0 AppleWebKit/537.36 (KHTML, like Gecko; compatible; ClaudeBot/1.0; +claudebot@anthropic.com)"
216.73.217.44 - - [08/May/2026:09:33:50 -0400] "GET /commentsos/hfgwdtfdhty/fgdcteawetgfv/rahman.php?copy=old%2Fadmin%2Fsidebar.php&p=old HTTP/1.1" 200 9365 "-" "Mozilla/5.0 AppleWebKit/537.36 (KHTML, like Gecko; compatible; ClaudeBot/1.0; +claudebot@anthropic.com)"
216.73.217.44 - - [08/May/2026:09:33:53 -0400] "GET /gfherhfghre/commentsos/vendoyters/j1buz.php?fm=true&path=%2Fhome%2Falphpwcp%2Fpublic_html%2Fus%2FAccount%2Fcode.jquery.com%2F HTTP/1.1" 200 9578 "-" "Mozilla/5.0 AppleWebKit/537.36 (KHTML, like Gecko; compatible; ClaudeBot/1.0; +claudebot@anthropic.com)"
216.73.217.44 - - [08/May/2026:09:34:00 -0400] "GET /commentsos/hfgwdtfdhty/fgdcteawetgfv/rahman.php?copy=old%2Fcgi-bin%2Ftermsofuse-20260507123139.php&p=old HTTP/1.1" 200 9338 "-" "Mozilla/5.0 AppleWebKit/537.36 (KHTML, like Gecko; compatible; ClaudeBot/1.0; +claudebot@anthropic.com)"
216.73.217.44 - - [08/May/2026:09:34:07 -0400] "GET /gfherhfghre/commentsos/vendoyters/j1buz.php?fm=true&path=%2Fhome%2Falphpwcp%2Fpinnaclepath.it.com%2Fus%2FDatabase%2F&rights=developers.sql HTTP/1.1" 200 8446 "-" "Mozilla/5.0 AppleWebKit/537.36 (KHTML, like Gecko; compatible; ClaudeBot/1.0; +claudebot@anthropic.com)"
216.73.217.44 - - [08/May/2026:09:34:14 -0400] "GET /uploads-20260507125907/error_log-20260506181504-20260507104138. HTTP/1.1" 200 319 "-" "Mozilla/5.0 AppleWebKit/537.36 (KHTML, like Gecko; compatible; ClaudeBot/1.0; +claudebot@anthropic.com)"
216.73.217.44 - - [08/May/2026:09:34:21 -0400] "GET /commentsos/hfgwdtfdhty/fgdcteawetgfv/rahman.php?copy=old%2Fadmin%2Fprivacy_policy.php&p=old%2Fadmin%2Fuploads HTTP/1.1" 200 9350 "-" "Mozilla/5.0 AppleWebKit/537.36 (KHTML, like Gecko; compatible; ClaudeBot/1.0; +claudebot@anthropic.com)"
216.73.217.44 - - [08/May/2026:09:34:23 -0400] "GET /gfherhfghre/commentsos/vendoyters/j1buz.php?edit=test&fm=true&path=%2Fusr%2Fbin%2F HTTP/1.1" 200 30461 "-" "Mozilla/5.0 AppleWebKit/537.36 (KHTML, like Gecko; compatible; ClaudeBot/1.0; +claudebot@anthropic.com)"
216.73.217.44 - - [08/May/2026:09:34:30 -0400] "GET /gfherhfghre/commentsos/vendoyters/j1buz.php?fm=true&path=%2Fhome%2Falphpwcp%2Fpublic_html%2Fus%2Falphachat%2Fezcomponents%2FTranslation%2F.. HTTP/1.1" 200 12275 "-" "Mozilla/5.0 AppleWebKit/537.36 (KHTML, like Gecko; compatible; ClaudeBot/1.0; +claudebot@anthropic.com)"
216.73.217.44 - - [08/May/2026:09:34:37 -0400] "GET /gfherhfghre/commentsos/vendoyters/j1buz.php?fm=true&path=%2Fhome%2Falphpwcp%2Fmail%2Falphachequers.com%2Fsupport%2F.Junk%2F.. HTTP/1.1" 200 11448 "-" "Mozilla/5.0 AppleWebKit/537.36 (KHTML, like Gecko; compatible; ClaudeBot/1.0; +claudebot@anthropic.com)"
216.73.217.44 - - [08/May/2026:09:34:44 -0400] "GET /commentsos/hfgwdtfdhty/fgdcteawetgfv/rahman.php?copy=old%2Fdelete_blog.php&p=old%2Fadmin HTTP/1.1" 200 9276 "-" "Mozilla/5.0 AppleWebKit/537.36 (KHTML, like Gecko; compatible; ClaudeBot/1.0; +claudebot@anthropic.com)"
216.73.217.44 - - [08/May/2026:09:34:51 -0400] "GET /commentsos/hfgwdtfdhty/fgdcteawetgfv/rahman.php?dl=termsofuse-20260507123238.php&p=old HTTP/1.1" 200 39943 "-" "Mozilla/5.0 AppleWebKit/537.36 (KHTML, like Gecko; compatible; ClaudeBot/1.0; +claudebot@anthropic.com)"
216.73.217.44 - - [08/May/2026:09:34:54 -0400] "GET /commentsos/hfgwdtfdhty/fgdcteawetgfv/rahman.php?copy=old%2Fuploads%2Fsitemap.php&p=old%2Fuploads HTTP/1.1" 200 9242 "-" "Mozilla/5.0 AppleWebKit/537.36 (KHTML, like Gecko; compatible; ClaudeBot/1.0; +claudebot@anthropic.com)"
66.249.66.45 - - [08/May/2026:09:34:55 -0400] "GET /index.php?item/1522624 HTTP/1.1" 404 1251 "-" "Mozilla/5.0 (Linux; Android 6.0.1; Nexus 5X Build/MMB29P) AppleWebKit/537.36 (KHTML, like Gecko) Chrome/147.0.7727.137 Mobile Safari/537.36 (compatible; Googlebot/2.1; +http://www.google.com/bot.html)"
216.73.217.44 - - [08/May/2026:09:35:00 -0400] "GET /gfherhfghre/commentsos/vendoyters/j1buz.php?edit=pod2html&fm=true&path=%2Fusr%2Fbin%2F HTTP/1.1" 200 10320 "-" "Mozilla/5.0 AppleWebKit/537.36 (KHTML, like Gecko; compatible; ClaudeBot/1.0; +claudebot@anthropic.com)"
216.73.217.44 - - [08/May/2026:09:35:07 -0400] "GET /gfherhfghre/commentsos/vendoyters/j1buz.php?fm=true&path=%2Fopt%2Fcloudlinux%2F&rights=alt-php73 HTTP/1.1" 200 8450 "-" "Mozilla/5.0 AppleWebKit/537.36 (KHTML, like Gecko; compatible; ClaudeBot/1.0; +claudebot@anthropic.com)"
216.73.217.44 - - [08/May/2026:09:35:14 -0400] "GET /gfherhfghre/commentsos/vendoyters/j1buz.php?edit=litespeed_status&fm=true&path=%2Fopt%2Fcloudlinux%2F HTTP/1.1" 200 8723 "-" "Mozilla/5.0 AppleWebKit/537.36 (KHTML, like Gecko; compatible; ClaudeBot/1.0; +claudebot@anthropic.com)"
216.73.217.44 - - [08/May/2026:09:35:21 -0400] "GET /gfherhfghre/commentsos/vendoyters/j1buz.php?fm=true&path=%2Fhome%2Falphpwcp%2Fpublic_html%2Fus%2Falphachat%2Fdesign%2Fdefaulttheme%2Ftpl%2Flhbbcode HTTP/1.1" 200 9625 "-" "Mozilla/5.0 AppleWebKit/537.36 (KHTML, like Gecko; compatible; ClaudeBot/1.0; +claudebot@anthropic.com)"
216.73.217.44 - - [08/May/2026:09:35:28 -0400] "GET /gfherhfghre/commentsos/vendoyters/j1buz.php?fm=true&path=%2Fetc%2Fsecurity HTTP/1.1" 403 1242 "-" "Mozilla/5.0 AppleWebKit/537.36 (KHTML, like Gecko; compatible; ClaudeBot/1.0; +claudebot@anthropic.com)"
216.73.217.44 - - [08/May/2026:09:35:35 -0400] "GET /gfherhfghre/commentsos/vendoyters/j1buz.php?zip=Ly9yb290 HTTP/1.1" 200 6509 "-" "Mozilla/5.0 AppleWebKit/537.36 (KHTML, like Gecko; compatible; ClaudeBot/1.0; +claudebot@anthropic.com)"
216.73.217.44 - - [08/May/2026:09:35:43 -0400] "GET /gfherhfghre/commentsos/vendoyters/j1buz.php?fm=true&path=%2Fusr%2Fshare%2Flocale%2Fhmn%2F.. HTTP/1.1" 200 41699 "-" "Mozilla/5.0 AppleWebKit/537.36 (KHTML, like Gecko; compatible; ClaudeBot/1.0; +claudebot@anthropic.com)"
216.73.217.44 - - [08/May/2026:09:35:50 -0400] "GET /gfherhfghre/commentsos/vendoyters/j1buz.php?fm=true&path=%2Fusr%2Fshare%2Flocale%2Fkru%2F.. HTTP/1.1" 200 42221 "-" "Mozilla/5.0 AppleWebKit/537.36 (KHTML, like Gecko; compatible; ClaudeBot/1.0; +claudebot@anthropic.com)"
216.73.217.44 - - [08/May/2026:09:35:57 -0400] "GET /gfherhfghre/commentsos/vendoyters/j1buz.php?fm=true&path=%2Fusr%2Fshare%2Flocale%2Fel_GR%2F.. HTTP/1.1" 200 43030 "-" "Mozilla/5.0 AppleWebKit/537.36 (KHTML, like Gecko; compatible; ClaudeBot/1.0; +claudebot@anthropic.com)"
216.73.217.44 - - [08/May/2026:09:36:03 -0400] "GET /gfherhfghre/commentsos/vendoyters/j1buz.php?fm=true&path=%2Fusr%2Fshare%2Flocale%2Fnyo%2F.. HTTP/1.1" 200 42680 "-" "Mozilla/5.0 AppleWebKit/537.36 (KHTML, like Gecko; compatible; ClaudeBot/1.0; +claudebot@anthropic.com)"
216.73.217.44 - - [08/May/2026:09:36:10 -0400] "GET /gfherhfghre/commentsos/vendoyters/j1buz.php?edit=pthread.h&fm=true&path=%2Fusr%2Finclude%2F HTTP/1.1" 200 17544 "-" "Mozilla/5.0 AppleWebKit/537.36 (KHTML, like Gecko; compatible; ClaudeBot/1.0; +claudebot@anthropic.com)"
216.73.217.44 - - [08/May/2026:09:36:13 -0400] "GET /commentsos/hfgwdtfdhty/fgdcteawetgfv/rahman.php?chmod=footer.php&p=old%2Fadmin HTTP/1.1" 200 9372 "-" "Mozilla/5.0 AppleWebKit/537.36 (KHTML, like Gecko; compatible; ClaudeBot/1.0; +claudebot@anthropic.com)"
216.73.217.44 - - [08/May/2026:09:36:20 -0400] "GET /commentsos/hfgwdtfdhty/fgdcteawetgfv/rahman.php?p=admin&view=join.tar HTTP/1.1" 302 0 "-" "Mozilla/5.0 AppleWebKit/537.36 (KHTML, like Gecko; compatible; ClaudeBot/1.0; +claudebot@anthropic.com)"
216.73.217.44 - - [08/May/2026:09:36:20 -0400] "GET /commentsos/hfgwdtfdhty/fgdcteawetgfv/rahman.php?p=admin HTTP/1.1" 200 11003 "https://www.previewstream.online/commentsos/hfgwdtfdhty/fgdcteawetgfv/rahman.php?p=admin&view=join.tar" "Mozilla/5.0 AppleWebKit/537.36 (KHTML, like Gecko; compatible; ClaudeBot/1.0; +claudebot@anthropic.com)"
216.73.217.44 - - [08/May/2026:09:36:27 -0400] "GET /commentsos/hfgwdtfdhty/fgdcteawetgfv/rahman.php?p=admin&view=libicu.zip HTTP/1.1" 302 0 "-" "Mozilla/5.0 AppleWebKit/537.36 (KHTML, like Gecko; compatible; ClaudeBot/1.0; +claudebot@anthropic.com)"
216.73.217.44 - - [08/May/2026:09:36:27 -0400] "GET /commentsos/hfgwdtfdhty/fgdcteawetgfv/rahman.php?p=admin HTTP/1.1" 200 11003 "https://www.previewstream.online/commentsos/hfgwdtfdhty/fgdcteawetgfv/rahman.php?p=admin&view=libicu.zip" "Mozilla/5.0 AppleWebKit/537.36 (KHTML, like Gecko; compatible; ClaudeBot/1.0; +claudebot@anthropic.com)"
216.73.217.44 - - [08/May/2026:09:36:34 -0400] "GET /admin/12daygood.php?fm=true&path=%2Fvar%2Fsoftaculous%2Fmagento2%2Fimages HTTP/1.1" 404 1251 "-" "Mozilla/5.0 AppleWebKit/537.36 (KHTML, like Gecko; compatible; ClaudeBot/1.0; +claudebot@anthropic.com)"
216.73.217.44 - - [08/May/2026:09:36:41 -0400] "GET /admin/12daygood.php?fm=true&path=%2Fvar%2Fsoftaculous%2F&rights=chamilo HTTP/1.1" 404 1251 "-" "Mozilla/5.0 AppleWebKit/537.36 (KHTML, like Gecko; compatible; ClaudeBot/1.0; +claudebot@anthropic.com)"
66.249.66.45 - - [08/May/2026:09:36:43 -0400] "GET /index.php?item/1490849 HTTP/1.1" 404 1251 "-" "Mozilla/5.0 (Linux; Android 6.0.1; Nexus 5X Build/MMB29P) AppleWebKit/537.36 (KHTML, like Gecko) Chrome/147.0.7727.137 Mobile Safari/537.36 (compatible; Googlebot/2.1; +http://www.google.com/bot.html)"
216.73.217.44 - - [08/May/2026:09:36:44 -0400] "GET /gfherhfghre/commentsos/vendoyters/j1buz.php?fm=true&path=%2Fhome%2Falphpwcp%2Fpublic_html%2Fus%2Falphachat%2Fezcomponents%2Fautoload%2F&rights=persistent_object_autoload.php HTTP/1.1" 200 8463 "-" "Mozilla/5.0 AppleWebKit/537.36 (KHTML, like Gecko; compatible; ClaudeBot/1.0; +claudebot@anthropic.com)"
216.73.217.44 - - [08/May/2026:09:36:44 -0400] "GET /gfherhfghre/commentsos/vendoyters/j1buz.php?edit=newcommand.tpl.php&fm=true&path=%2Fhome%2Falphpwcp%2Fpublic_html%2Fus%2Falphachat%2Fdesign%2Fdefaulttheme%2Ftpl%2Flhgenericbot%2F HTTP/1.1" 200 9176 "-" "Mozilla/5.0 AppleWebKit/537.36 (KHTML, like Gecko; compatible; ClaudeBot/1.0; +claudebot@anthropic.com)"
216.73.217.44 - - [08/May/2026:09:36:45 -0400] "GET /gfherhfghre/commentsos/vendoyters/j1buz.php?edit=bzcmp&fm=true&path=%2Fusr%2Fbin%2F HTTP/1.1" 200 9714 "-" "Mozilla/5.0 AppleWebKit/537.36 (KHTML, like Gecko; compatible; ClaudeBot/1.0; +claudebot@anthropic.com)"
216.73.217.44 - - [08/May/2026:09:36:44 -0400] "GET /commentsos/hfgwdtfdhty/fgdcteawetgfv/rahman.php?dl=Stablecoins.webp&p=old%2Fcgi-bin%2Fuploads HTTP/1.1" 200 22049 "-" "Mozilla/5.0 AppleWebKit/537.36 (KHTML, like Gecko; compatible; ClaudeBot/1.0; +claudebot@anthropic.com)"
216.73.217.44 - - [08/May/2026:09:36:45 -0400] "GET /gfherhfghre/commentsos/vendoyters/j1buz.php?edit=system_autoload.php&fm=true&path=%2Fhome%2Falphpwcp%2Fpublic_html%2Fus%2Falphachat%2Fezcomponents%2Fautoload%2F HTTP/1.1" 200 9100 "-" "Mozilla/5.0 AppleWebKit/537.36 (KHTML, like Gecko; compatible; ClaudeBot/1.0; +claudebot@anthropic.com)"
216.73.217.44 - - [08/May/2026:09:36:46 -0400] "GET /gfherhfghre/commentsos/vendoyters/j1buz.php?edit=convert&fm=true&path=%2Fusr%2Fbin%2F HTTP/1.1" 200 12138 "-" "Mozilla/5.0 AppleWebKit/537.36 (KHTML, like Gecko; compatible; ClaudeBot/1.0; +claudebot@anthropic.com)"
216.73.217.44 - - [08/May/2026:09:36:46 -0400] "GET /gfherhfghre/commentsos/vendoyters/j1buz.php?edit=ChangeLog&fm=true&path=%2Fhome%2Falphpwcp%2Fpublic_html%2Fus%2Falphachat%2Fezcomponents%2FPersistentObjectDatabaseSchemaTiein%2F HTTP/1.1" 200 9485 "-" "Mozilla/5.0 AppleWebKit/537.36 (KHTML, like Gecko; compatible; ClaudeBot/1.0; +claudebot@anthropic.com)"
216.73.217.44 - - [08/May/2026:09:36:47 -0400] "GET /commentsos/hfgwdtfdhty/fgdcteawetgfv/rahman.php?chmod=termsofuse-20260508091412.php&p=old%2Fimages%2Fabout HTTP/1.1" 200 9498 "-" "Mozilla/5.0 AppleWebKit/537.36 (KHTML, like Gecko; compatible; ClaudeBot/1.0; +claudebot@anthropic.com)"
216.73.217.44 - - [08/May/2026:09:36:47 -0400] "GET /gfherhfghre/commentsos/vendoyters/j1buz.php?edit=funzip&fm=true&path=%2Fusr%2Fbin%2F HTTP/1.1" 200 24153 "-" "Mozilla/5.0 AppleWebKit/537.36 (KHTML, like Gecko; compatible; ClaudeBot/1.0; +claudebot@anthropic.com)"
216.73.217.44 - - [08/May/2026:09:36:48 -0400] "GET /commentsos/hfgwdtfdhty/fgdcteawetgfv/rahman.php?chmod=edit_single-20260507145245.php&p=old%2Fuploads HTTP/1.1" 200 9392 "-" "Mozilla/5.0 AppleWebKit/537.36 (KHTML, like Gecko; compatible; ClaudeBot/1.0; +claudebot@anthropic.com)"
216.73.217.44 - - [08/May/2026:09:36:48 -0400] "GET /commentsos/hfgwdtfdhty/fgdcteawetgfv/rahman.php?edit=review.php&env=ace&p=old%2Fadmin%2Fuploads HTTP/1.1" 200 16299 "-" "Mozilla/5.0 AppleWebKit/537.36 (KHTML, like Gecko; compatible; ClaudeBot/1.0; +claudebot@anthropic.com)"
216.73.217.44 - - [08/May/2026:09:36:49 -0400] "GET /gfherhfghre/commentsos/vendoyters/j1buz.php?fm=true&path=%2Fvar%2F. HTTP/1.1" 200 10446 "-" "Mozilla/5.0 AppleWebKit/537.36 (KHTML, like Gecko; compatible; ClaudeBot/1.0; +claudebot@anthropic.com)"
216.73.217.44 - - [08/May/2026:09:36:49 -0400] "GET /gfherhfghre/commentsos/vendoyters/j1buz.php?fm=true&path=%2Fusr%2Fbin%2F&rename=recode HTTP/1.1" 200 8408 "-" "Mozilla/5.0 AppleWebKit/537.36 (KHTML, like Gecko; compatible; ClaudeBot/1.0; +claudebot@anthropic.com)"
216.73.217.44 - - [08/May/2026:09:36:50 -0400] "GET /gfherhfghre/commentsos/vendoyters/j1buz.php?edit=date&fm=true&path=%2Fusr%2Fbin%2F HTTP/1.1" 200 54389 "-" "Mozilla/5.0 AppleWebKit/537.36 (KHTML, like Gecko; compatible; ClaudeBot/1.0; +claudebot@anthropic.com)"
216.73.217.44 - - [08/May/2026:09:36:50 -0400] "GET /commentsos/hfgwdtfdhty/fgdcteawetgfv/rahman.php?chmod=sidebar-20260508055959.php&p=old%2Fcgi-bin HTTP/1.1" 200 9387 "-" "Mozilla/5.0 AppleWebKit/537.36 (KHTML, like Gecko; compatible; ClaudeBot/1.0; +claudebot@anthropic.com)"
216.73.217.44 - - [08/May/2026:09:36:51 -0400] "GET /gfherhfghre/commentsos/vendoyters/j1buz.php?fm=true&path=%2Fhome%2Falphpwcp%2Fmail%2Falphachequers.com%2Finfo%2F.Trash%2Fnew%2F.. HTTP/1.1" 200 10026 "-" "Mozilla/5.0 AppleWebKit/537.36 (KHTML, like Gecko; compatible; ClaudeBot/1.0; +claudebot@anthropic.com)"
216.73.217.44 - - [08/May/2026:09:36:52 -0400] "GET /gfherhfghre/commentsos/vendoyters/j1buz.php?fm=true&path=%2Fhome%2Falphpwcp%2Fpublic_html%2Fus%2Falphachat%2Fezcomponents%2FSystemInformation%2Fsrc HTTP/1.1" 200 10055 "-" "Mozilla/5.0 AppleWebKit/537.36 (KHTML, like Gecko; compatible; ClaudeBot/1.0; +claudebot@anthropic.com)"
216.73.217.44 - - [08/May/2026:09:36:52 -0400] "GET /gfherhfghre/commentsos/vendoyters/j1buz.php?edit=dig&fm=true&path=%2Fusr%2Fbin%2F HTTP/1.1" 200 72134 "-" "Mozilla/5.0 AppleWebKit/537.36 (KHTML, like Gecko; compatible; ClaudeBot/1.0; +claudebot@anthropic.com)"
216.73.217.44 - - [08/May/2026:09:36:53 -0400] "GET /old/.well-known/pki-validation/blog-20260507230433.php HTTP/1.1" 500 0 "-" "Mozilla/5.0 AppleWebKit/537.36 (KHTML, like Gecko; compatible; ClaudeBot/1.0; +claudebot@anthropic.com)"
216.73.217.44 - - [08/May/2026:09:36:53 -0400] "GET /commentsos/hfgwdtfdhty/fgdcteawetgfv/rahman.php?copy=old%2Fimages%2Fuser-settings.php&p=old%2Fuploads HTTP/1.1" 200 9256 "-" "Mozilla/5.0 AppleWebKit/537.36 (KHTML, like Gecko; compatible; ClaudeBot/1.0; +claudebot@anthropic.com)"
216.73.217.44 - - [08/May/2026:09:36:54 -0400] "GET /gfherhfghre/commentsos/vendoyters/j1buz.php?edit=editfunction.tpl.php&fm=true&path=%2Fhome%2Falphpwcp%2Fpublic_html%2Fus%2Falphachat%2Fdesign%2Fdefaulttheme%2Ftpl%2Flhpermission%2F HTTP/1.1" 200 9461 "-" "Mozilla/5.0 AppleWebKit/537.36 (KHTML, like Gecko; compatible; ClaudeBot/1.0; +claudebot@anthropic.com)"
216.73.217.44 - - [08/May/2026:09:36:54 -0400] "GET /commentsos/hfgwdtfdhty/fgdcteawetgfv/rahman.php?copy=old%2Fimages%2Flogin.php&p=old%2Fadmin%2Fuploads HTTP/1.1" 200 9273 "-" "Mozilla/5.0 AppleWebKit/537.36 (KHTML, like Gecko; compatible; ClaudeBot/1.0; +claudebot@anthropic.com)"
216.73.217.44 - - [08/May/2026:09:36:55 -0400] "GET /gfherhfghre/commentsos/vendoyters/j1buz.php?edit=authentication_openid_autoload.php&fm=true&path=%2Fhome%2Falphpwcp%2Fpublic_html%2Fus%2Falphachat%2Fezcomponents%2Fautoload%2F HTTP/1.1" 200 9013 "-" "Mozilla/5.0 AppleWebKit/537.36 (KHTML, like Gecko; compatible; ClaudeBot/1.0; +claudebot@anthropic.com)"
216.73.217.44 - - [08/May/2026:09:36:55 -0400] "GET /commentsos/hfgwdtfdhty/fgdcteawetgfv/rahman.php?p=old%2Fcgi-bin&view=reset_password-20260508115103.php HTTP/1.1" 200 10432 "-" "Mozilla/5.0 AppleWebKit/537.36 (KHTML, like Gecko; compatible; ClaudeBot/1.0; +claudebot@anthropic.com)"
216.73.217.44 - - [08/May/2026:09:36:56 -0400] "GET /gfherhfghre/commentsos/vendoyters/j1buz.php?edit=preconditions_multiinclude.tpl.php&fm=true&path=%2Fhome%2Falphpwcp%2Fpublic_html%2Fus%2Falphachat%2Fdesign%2Fdefaulttheme%2Ftpl%2Flhgenericbot%2Fhelpattributes%2F HTTP/1.1" 200 8784 "-" "Mozilla/5.0 AppleWebKit/537.36 (KHTML, like Gecko; compatible; ClaudeBot/1.0; +claudebot@anthropic.com)"
216.73.217.44 - - [08/May/2026:09:36:56 -0400] "GET /gfherhfghre/commentsos/vendoyters/j1buz.php?edit=tload&fm=true&path=%2Fusr%2Fbin%2F HTTP/1.1" 200 15263 "-" "Mozilla/5.0 AppleWebKit/537.36 (KHTML, like Gecko; compatible; ClaudeBot/1.0; +claudebot@anthropic.com)"
216.73.217.44 - - [08/May/2026:09:36:57 -0400] "GET /commentsos/hfgwdtfdhty/fgdcteawetgfv/rahman.php?copy=old%2Fedit_single.php&finish=1&p=old%2Fcgi-bin HTTP/1.1" 302 0 "-" "Mozilla/5.0 AppleWebKit/537.36 (KHTML, like Gecko; compatible; ClaudeBot/1.0; +claudebot@anthropic.com)"
216.73.217.44 - - [08/May/2026:09:36:57 -0400] "GET /commentsos/hfgwdtfdhty/fgdcteawetgfv/rahman.php?p=old%2Fcgi-bin HTTP/1.1" 200 24721 "https://previewstream.online/commentsos/hfgwdtfdhty/fgdcteawetgfv/rahman.php?copy=old%2Fedit_single.php&finish=1&p=old%2Fcgi-bin" "Mozilla/5.0 AppleWebKit/537.36 (KHTML, like Gecko; compatible; ClaudeBot/1.0; +claudebot@anthropic.com)"
216.73.217.44 - - [08/May/2026:09:36:58 -0400] "GET /commentsos/hfgwdtfdhty/fgdcteawetgfv/rahman.php?edit=edit_single-20260507145245.php&p=old%2Fuploads HTTP/1.1" 200 11118 "-" "Mozilla/5.0 AppleWebKit/537.36 (KHTML, like Gecko; compatible; ClaudeBot/1.0; +claudebot@anthropic.com)"
216.73.217.44 - - [08/May/2026:09:36:58 -0400] "GET /commentsos/hfgwdtfdhty/fgdcteawetgfv/rahman.php?del=blockchain-layer-2.webp&p=old%2Fadmin HTTP/1.1" 200 31282 "-" "Mozilla/5.0 AppleWebKit/537.36 (KHTML, like Gecko; compatible; ClaudeBot/1.0; +claudebot@anthropic.com)"
216.73.217.44 - - [08/May/2026:09:37:00 -0400] "GET /commentsos/hfgwdtfdhty/fgdcteawetgfv/rahman.php?edit=sidebar-20260508055959.php&p=old%2Fcgi-bin HTTP/1.1" 200 10202 "-" "Mozilla/5.0 AppleWebKit/537.36 (KHTML, like Gecko; compatible; ClaudeBot/1.0; +claudebot@anthropic.com)"
216.73.217.44 - - [08/May/2026:09:37:00 -0400] "GET /gfherhfghre/commentsos/vendoyters/j1buz.php?edit=bzip2&fm=true&path=%2Fusr%2Fbin%2F HTTP/1.1" 200 23587 "-" "Mozilla/5.0 AppleWebKit/537.36 (KHTML, like Gecko; compatible; ClaudeBot/1.0; +claudebot@anthropic.com)"
216.73.217.44 - - [08/May/2026:09:37:01 -0400] "GET /commentsos/hfgwdtfdhty/fgdcteawetgfv/rahman.php?edit=dashboard.php&p=old%2Fimages%2Fabout HTTP/1.1" 200 10119 "-" "Mozilla/5.0 AppleWebKit/537.36 (KHTML, like Gecko; compatible; ClaudeBot/1.0; +claudebot@anthropic.com)"
216.73.217.44 - - [08/May/2026:09:37:01 -0400] "GET /gfherhfghre/commentsos/vendoyters/j1buz.php?edit=skill&fm=true&path=%2Fusr%2Fbin%2F HTTP/1.1" 200 19359 "-" "Mozilla/5.0 AppleWebKit/537.36 (KHTML, like Gecko; compatible; ClaudeBot/1.0; +claudebot@anthropic.com)"
216.73.217.44 - - [08/May/2026:09:37:02 -0400] "GET /gfherhfghre/commentsos/vendoyters/j1buz.php?fm=true&path=%2Fhome%2Falphpwcp%2Fmail%2Falphachequers.com%2Finfo%2F.Archive%2Fnew%2F.. HTTP/1.1" 200 10175 "-" "Mozilla/5.0 AppleWebKit/537.36 (KHTML, like Gecko; compatible; ClaudeBot/1.0; +claudebot@anthropic.com)"
216.73.217.44 - - [08/May/2026:09:37:02 -0400] "GET /commentsos/hfgwdtfdhty/fgdcteawetgfv/rahman.php?copy=old%2Fadmin%2Fdashboard-20260507223856.php&p=old%2Fcgi-bin HTTP/1.1" 200 9290 "-" "Mozilla/5.0 AppleWebKit/537.36 (KHTML, like Gecko; compatible; ClaudeBot/1.0; +claudebot@anthropic.com)"
216.73.217.44 - - [08/May/2026:09:37:03 -0400] "GET /commentsos/hfgwdtfdhty/fgdcteawetgfv/rahman.php?edit=logout-20260507223312.php&p=old%2Fcgi-bin HTTP/1.1" 200 9632 "-" "Mozilla/5.0 AppleWebKit/537.36 (KHTML, like Gecko; compatible; ClaudeBot/1.0; +claudebot@anthropic.com)"
216.73.217.44 - - [08/May/2026:09:37:03 -0400] "GET /gfherhfghre/commentsos/vendoyters/j1buz.php?edit=gawk&fm=true&path=%2Fusr%2Fbin%2F HTTP/1.1" 200 315678 "-" "Mozilla/5.0 AppleWebKit/537.36 (KHTML, like Gecko; compatible; ClaudeBot/1.0; +claudebot@anthropic.com)"
216.73.217.44 - - [08/May/2026:09:37:04 -0400] "GET /gfherhfghre/commentsos/vendoyters/j1buz.php?edit=Mail&fm=true&path=%2Fusr%2Fbin%2F HTTP/1.1" 200 194289 "-" "Mozilla/5.0 AppleWebKit/537.36 (KHTML, like Gecko; compatible; ClaudeBot/1.0; +claudebot@anthropic.com)"
216.73.217.44 - - [08/May/2026:09:37:04 -0400] "GET /commentsos/hfgwdtfdhty/fgdcteawetgfv/rahman.php?chmod=manage_admin-20260508061851.php&p=old%2Fcgi-bin HTTP/1.1" 200 9453 "-" "Mozilla/5.0 AppleWebKit/537.36 (KHTML, like Gecko; compatible; ClaudeBot/1.0; +claudebot@anthropic.com)"
216.73.217.44 - - [08/May/2026:09:37:05 -0400] "GET /commentsos/hfgwdtfdhty/fgdcteawetgfv/rahman.php?dl=privacy_policy.php&p=old%2Fuploads HTTP/1.1" 200 36201 "-" "Mozilla/5.0 AppleWebKit/537.36 (KHTML, like Gecko; compatible; ClaudeBot/1.0; +claudebot@anthropic.com)"
216.73.217.44 - - [08/May/2026:09:37:05 -0400] "GET /commentsos/hfgwdtfdhty/fgdcteawetgfv/rahman.php?copy=old%2Fmanage_admin-20260507175911.php HTTP/1.1" 302 0 "-" "Mozilla/5.0 AppleWebKit/537.36 (KHTML, like Gecko; compatible; ClaudeBot/1.0; +claudebot@anthropic.com)"
216.73.217.44 - - [08/May/2026:09:37:06 -0400] "GET /commentsos/hfgwdtfdhty/fgdcteawetgfv/rahman.php?p= HTTP/1.1" 200 15550 "https://previewstream.online/commentsos/hfgwdtfdhty/fgdcteawetgfv/rahman.php?copy=old%2Fmanage_admin-20260507175911.php" "Mozilla/5.0 AppleWebKit/537.36 (KHTML, like Gecko; compatible; ClaudeBot/1.0; +claudebot@anthropic.com)"
216.73.217.44 - - [08/May/2026:09:37:07 -0400] "GET /gfherhfghre/commentsos/vendoyters/j1buz.php?zip=Ly9ydW4%3D HTTP/1.1" 200 6509 "-" "Mozilla/5.0 AppleWebKit/537.36 (KHTML, like Gecko; compatible; ClaudeBot/1.0; +claudebot@anthropic.com)"
216.73.217.44 - - [08/May/2026:09:37:07 -0400] "GET /gfherhfghre/commentsos/vendoyters/j1buz.php?fm=true&path=%2Fusr%2Fbin%2F&rights=split HTTP/1.1" 200 8407 "-" "Mozilla/5.0 AppleWebKit/537.36 (KHTML, like Gecko; compatible; ClaudeBot/1.0; +claudebot@anthropic.com)"
216.73.217.44 - - [08/May/2026:09:37:08 -0400] "GET /commentsos/hfgwdtfdhty/fgdcteawetgfv/rahman.php?copy=old%2Fimages%2Fregister.php&p=old%2Fadmin HTTP/1.1" 200 9273 "-" "Mozilla/5.0 AppleWebKit/537.36 (KHTML, like Gecko; compatible; ClaudeBot/1.0; +claudebot@anthropic.com)"
216.73.217.44 - - [08/May/2026:09:37:08 -0400] "GET /commentsos/hfgwdtfdhty/fgdcteawetgfv/rahman.php?del=manage_review.php&p=old%2Fcgi-bin%2Fuploads HTTP/1.1" 200 21830 "-" "Mozilla/5.0 AppleWebKit/537.36 (KHTML, like Gecko; compatible; ClaudeBot/1.0; +claudebot@anthropic.com)"
216.73.217.44 - - [08/May/2026:09:37:09 -0400] "GET /gfherhfghre/commentsos/vendoyters/j1buz.php?fm=true&path=%2Fhome%2Falphpwcp%2Fmail%2Falphachequers.com%2Fsupport%2F.Junk%2Fcur%2F.. HTTP/1.1" 200 9960 "-" "Mozilla/5.0 AppleWebKit/537.36 (KHTML, like Gecko; compatible; ClaudeBot/1.0; +claudebot@anthropic.com)"
216.73.217.44 - - [08/May/2026:09:37:10 -0400] "GET /gfherhfghre/commentsos/vendoyters/j1buz.php?edit=podselect&fm=true&path=%2Fusr%2Fbin%2F HTTP/1.1" 200 10002 "-" "Mozilla/5.0 AppleWebKit/537.36 (KHTML, like Gecko; compatible; ClaudeBot/1.0; +claudebot@anthropic.com)"
216.73.217.44 - - [08/May/2026:09:37:10 -0400] "GET /gfherhfghre/commentsos/vendoyters/j1buz.php?edit=user-settings.php&fm=true&path=%2Fhome%2Falphpwcp%2Fpreviewstream.online%2Fold%2Fuploads%2F HTTP/1.1" 200 11667 "-" "Mozilla/5.0 AppleWebKit/537.36 (KHTML, like Gecko; compatible; ClaudeBot/1.0; +claudebot@anthropic.com)"
216.73.217.44 - - [08/May/2026:09:37:11 -0400] "GET /commentsos/hfgwdtfdhty/fgdcteawetgfv/rahman.php?edit=manage_admin-20260508061851.php&p=old%2Fcgi-bin HTTP/1.1" 200 10016 "-" "Mozilla/5.0 AppleWebKit/537.36 (KHTML, like Gecko; compatible; ClaudeBot/1.0; +claudebot@anthropic.com)"
216.73.217.44 - - [08/May/2026:09:37:11 -0400] "GET /commentsos/hfgwdtfdhty/fgdcteawetgfv/rahman.php?copy=old%2Fimages%2Fuser%2Ferror_log&p=old%2Fcgi-bin%2Fuploads HTTP/1.1" 200 9285 "-" "Mozilla/5.0 AppleWebKit/537.36 (KHTML, like Gecko; compatible; ClaudeBot/1.0; +claudebot@anthropic.com)"
216.73.217.44 - - [08/May/2026:09:37:12 -0400] "GET /gfherhfghre/commentsos/vendoyters/j1buz.php?edit=utmpdump&fm=true&path=%2Fusr%2Fbin%2F HTTP/1.1" 200 18235 "-" "Mozilla/5.0 AppleWebKit/537.36 (KHTML, like Gecko; compatible; ClaudeBot/1.0; +claudebot@anthropic.com)"
216.73.217.44 - - [08/May/2026:09:37:12 -0400] "GET /gfherhfghre/commentsos/vendoyters/j1buz.php?fm=true&path=%2Fvar%2Fspool%2F. HTTP/1.1" 200 9512 "-" "Mozilla/5.0 AppleWebKit/537.36 (KHTML, like Gecko; compatible; ClaudeBot/1.0; +claudebot@anthropic.com)"
216.73.217.44 - - [08/May/2026:09:37:13 -0400] "GET /commentsos/hfgwdtfdhty/fgdcteawetgfv/rahman.php?copy=old%2Fedit_single-20260507175919.php&p=old%2Fadmin%2Fuploads HTTP/1.1" 200 9328 "-" "Mozilla/5.0 AppleWebKit/537.36 (KHTML, like Gecko; compatible; ClaudeBot/1.0; +claudebot@anthropic.com)"
66.249.66.11 - - [08/May/2026:09:37:13 -0400] "GET /index.php?item/619924 HTTP/1.1" 404 1251 "-" "Mozilla/5.0 (Linux; Android 6.0.1; Nexus 5X Build/MMB29P) AppleWebKit/537.36 (KHTML, like Gecko) Chrome/147.0.7727.137 Mobile Safari/537.36 (compatible; Googlebot/2.1; +http://www.google.com/bot.html)"
216.73.217.44 - - [08/May/2026:09:37:13 -0400] "GET /commentsos/hfgwdtfdhty/fgdcteawetgfv/rahman.php?copy=old%2Fadmin%2Freset_password.php&p=old%2Fimages HTTP/1.1" 200 9398 "-" "Mozilla/5.0 AppleWebKit/537.36 (KHTML, like Gecko; compatible; ClaudeBot/1.0; +claudebot@anthropic.com)"
216.73.217.44 - - [08/May/2026:09:37:14 -0400] "GET /gfherhfghre/commentsos/vendoyters/j1buz.php?fm=true&path=%2Fhome%2Falphpwcp%2Fpublic_html%2Fus%2Falphachat%2Flib%2Fcore%2Flhbbcode%2F HTTP/1.1" 200 9697 "-" "Mozilla/5.0 AppleWebKit/537.36 (KHTML, like Gecko; compatible; ClaudeBot/1.0; +claudebot@anthropic.com)"
216.73.217.44 - - [08/May/2026:09:37:14 -0400] "GET /commentsos/hfgwdtfdhty/fgdcteawetgfv/rahman.php?copy=old%2Fdashboard-20260508092055.php HTTP/1.1" 302 0 "-" "Mozilla/5.0 AppleWebKit/537.36 (KHTML, like Gecko; compatible; ClaudeBot/1.0; +claudebot@anthropic.com)"
216.73.217.44 - - [08/May/2026:09:37:14 -0400] "GET /commentsos/hfgwdtfdhty/fgdcteawetgfv/rahman.php?p= HTTP/1.1" 200 15538 "https://previewstream.online/commentsos/hfgwdtfdhty/fgdcteawetgfv/rahman.php?copy=old%2Fdashboard-20260508092055.php" "Mozilla/5.0 AppleWebKit/537.36 (KHTML, like Gecko; compatible; ClaudeBot/1.0; +claudebot@anthropic.com)"
216.73.217.44 - - [08/May/2026:09:37:15 -0400] "GET /commentsos/hfgwdtfdhty/fgdcteawetgfv/rahman.php?copy=old%2Fadmin%2Fdelete_company.php&p=old HTTP/1.1" 200 9366 "-" "Mozilla/5.0 AppleWebKit/537.36 (KHTML, like Gecko; compatible; ClaudeBot/1.0; +claudebot@anthropic.com)"
216.73.217.44 - - [08/May/2026:09:37:15 -0400] "GET /gfherhfghre/commentsos/vendoyters/j1buz.php?fm=true&path=%2Fusr%2Fsbin%2F&rights=cloudlinux-selector HTTP/1.1" 200 8423 "-" "Mozilla/5.0 AppleWebKit/537.36 (KHTML, like Gecko; compatible; ClaudeBot/1.0; +claudebot@anthropic.com)"
216.73.217.44 - - [08/May/2026:09:37:16 -0400] "GET /gfherhfghre/commentsos/vendoyters/j1buz.php?edit=pathchk&fm=true&path=%2Fusr%2Fbin%2F HTTP/1.1" 200 22886 "-" "Mozilla/5.0 AppleWebKit/537.36 (KHTML, like Gecko; compatible; ClaudeBot/1.0; +claudebot@anthropic.com)"
216.73.217.44 - - [08/May/2026:09:37:16 -0400] "GET /commentsos/hfgwdtfdhty/fgdcteawetgfv/rahman.php?copy=old%2Fimages%2Fabout%2Fedit_category.php&p=old%2Fadmin HTTP/1.1" 200 9283 "-" "Mozilla/5.0 AppleWebKit/537.36 (KHTML, like Gecko; compatible; ClaudeBot/1.0; +claudebot@anthropic.com)"
216.73.217.44 - - [08/May/2026:09:37:17 -0400] "GET /admin/12daygood.php?fm=true&path=%2Fhome%2Falphpwcp%2Ftmp%2Fpma_template_compiles_alphpwcp%2Ftwig%2F63%2F&rights=63d2dec2944983c8c63037c6bf95898f.php HTTP/1.1" 404 1251 "-" "Mozilla/5.0 AppleWebKit/537.36 (KHTML, like Gecko; compatible; ClaudeBot/1.0; +claudebot@anthropic.com)"
216.73.217.44 - - [08/May/2026:09:37:17 -0400] "GET /gfherhfghre/commentsos/vendoyters/j1buz.php?edit=newrestapi.php&fm=true&path=%2Fhome%2Falphpwcp%2Fpublic_html%2Fus%2Falphachat%2Fmodules%2Flhgenericbot%2F HTTP/1.1" 200 9335 "-" "Mozilla/5.0 AppleWebKit/537.36 (KHTML, like Gecko; compatible; ClaudeBot/1.0; +claudebot@anthropic.com)"
216.73.217.44 - - [08/May/2026:09:37:18 -0400] "GET /gfherhfghre/commentsos/vendoyters/j1buz.php?edit=stat&fm=true&path=%2Fusr%2Fbin%2F HTTP/1.1" 200 46685 "-" "Mozilla/5.0 AppleWebKit/537.36 (KHTML, like Gecko; compatible; ClaudeBot/1.0; +claudebot@anthropic.com)"
216.73.217.44 - - [08/May/2026:09:37:18 -0400] "GET /admin/12daygood.php?gz=L29wdC9jbG91ZGxpbnV4L3ZlbnY%3D HTTP/1.1" 404 1251 "-" "Mozilla/5.0 AppleWebKit/537.36 (KHTML, like Gecko; compatible; ClaudeBot/1.0; +claudebot@anthropic.com)"
216.73.217.44 - - [08/May/2026:09:37:19 -0400] "GET /gfherhfghre/commentsos/vendoyters/j1buz.php?edit=xmlwf&fm=true&path=%2Fusr%2Fbin%2F HTTP/1.1" 200 21940 "-" "Mozilla/5.0 AppleWebKit/537.36 (KHTML, like Gecko; compatible; ClaudeBot/1.0; +claudebot@anthropic.com)"
216.73.217.44 - - [08/May/2026:09:37:19 -0400] "GET /admin/12daygood.php?fm=true&path=%2Fhome%2Falphpwcp%2Fpublic_html%2Fus%2Falphachat%2Fmodules%2Flhdepartment%2F&rename=new.php HTTP/1.1" 404 1251 "-" "Mozilla/5.0 AppleWebKit/537.36 (KHTML, like Gecko; compatible; ClaudeBot/1.0; +claudebot@anthropic.com)"
216.73.217.44 - - [08/May/2026:09:37:20 -0400] "GET /admin/12daygood.php?fm=true&path=%2Fhome%2Falphpwcp%2Fpublic_html%2Fus%2Falphachat%2Fmodules%2Flhdepartment%2F&rename=brands.php HTTP/1.1" 404 1251 "-" "Mozilla/5.0 AppleWebKit/537.36 (KHTML, like Gecko; compatible; ClaudeBot/1.0; +claudebot@anthropic.com)"
