���ѧۧݧ�ӧ�� �ާ֧ߧ֧էا֧� - ���֧էѧܧ�ڧ��ӧѧ�� - /usr/local/apache/domlogs/alphpwcp/previewstream.online.alphachequers.com-ssl_log
���ѧ٧ѧ�
216.73.217.44 - - [08/May/2026:08:04:14 -0400] "GET /old/contactus-20260507202300-20260508092005.php HTTP/1.1" 500 0 "-" "Mozilla/5.0 AppleWebKit/537.36 (KHTML, like Gecko; compatible; ClaudeBot/1.0; +claudebot@anthropic.com)"
216.73.217.44 - - [08/May/2026:08:04:14 -0400] "GET /old/uploads/logout-20260507154409-20260508081025.php HTTP/1.1" 302 0 "-" "Mozilla/5.0 AppleWebKit/537.36 (KHTML, like Gecko; compatible; ClaudeBot/1.0; +claudebot@anthropic.com)"
216.73.217.44 - - [08/May/2026:08:04:14 -0400] "GET /old/uploads/login.php HTTP/1.1" 200 1662 "https://previewstream.online/old/uploads/logout-20260507154409-20260508081025.php" "Mozilla/5.0 AppleWebKit/537.36 (KHTML, like Gecko; compatible; ClaudeBot/1.0; +claudebot@anthropic.com)"
216.73.217.44 - - [08/May/2026:08:04:15 -0400] "GET /old/uploads/sidebar-20260507164954-20260507230147.php HTTP/1.1" 500 87 "-" "Mozilla/5.0 AppleWebKit/537.36 (KHTML, like Gecko; compatible; ClaudeBot/1.0; +claudebot@anthropic.com)"
216.73.217.44 - - [08/May/2026:08:04:15 -0400] "GET /old/admin/uploads/error_log-20260506181504-20260507104138. HTTP/1.1" 200 319 "-" "Mozilla/5.0 AppleWebKit/537.36 (KHTML, like Gecko; compatible; ClaudeBot/1.0; +claudebot@anthropic.com)"
216.73.217.44 - - [08/May/2026:08:04:16 -0400] "GET /old/admin/style-20260507223810-20260508011710.css HTTP/1.1" 200 733 "-" "Mozilla/5.0 AppleWebKit/537.36 (KHTML, like Gecko; compatible; ClaudeBot/1.0; +claudebot@anthropic.com)"
216.73.217.44 - - [08/May/2026:08:04:16 -0400] "GET /old/images/cryptoexchange.jpg HTTP/1.1" 200 225853 "-" "Mozilla/5.0 AppleWebKit/537.36 (KHTML, like Gecko; compatible; ClaudeBot/1.0; +claudebot@anthropic.com)"
216.73.217.44 - - [08/May/2026:08:04:17 -0400] "GET /old/cgi-bin/user-settings-20260507170511-20260508000936.php HTTP/1.1" 302 0 "-" "Mozilla/5.0 AppleWebKit/537.36 (KHTML, like Gecko; compatible; ClaudeBot/1.0; +claudebot@anthropic.com)"
216.73.217.44 - - [08/May/2026:08:04:17 -0400] "GET /old/cgi-bin/login.php HTTP/1.1" 200 1662 "https://previewstream.online/old/cgi-bin/user-settings-20260507170511-20260508000936.php" "Mozilla/5.0 AppleWebKit/537.36 (KHTML, like Gecko; compatible; ClaudeBot/1.0; +claudebot@anthropic.com)"
216.73.217.44 - - [08/May/2026:08:04:17 -0400] "GET /old/cgi-bin/uploads/dex-20260506231458.png HTTP/1.1" 200 785043 "-" "Mozilla/5.0 AppleWebKit/537.36 (KHTML, like Gecko; compatible; ClaudeBot/1.0; +claudebot@anthropic.com)"
216.73.217.44 - - [08/May/2026:08:04:18 -0400] "GET /old/.well-known/add_blog.php HTTP/1.1" 404 1251 "-" "Mozilla/5.0 AppleWebKit/537.36 (KHTML, like Gecko; compatible; ClaudeBot/1.0; +claudebot@anthropic.com)"
216.73.217.44 - - [08/May/2026:08:04:19 -0400] "GET /old/.well-known/uploads/crypto-wallets.webp HTTP/1.1" 200 52208 "-" "Mozilla/5.0 AppleWebKit/537.36 (KHTML, like Gecko; compatible; ClaudeBot/1.0; +claudebot@anthropic.com)"
216.73.217.44 - - [08/May/2026:08:04:19 -0400] "GET /old/images/about/blog-20260507230424.php HTTP/1.1" 500 0 "-" "Mozilla/5.0 AppleWebKit/537.36 (KHTML, like Gecko; compatible; ClaudeBot/1.0; +claudebot@anthropic.com)"
216.73.217.44 - - [08/May/2026:08:04:20 -0400] "GET /old/uploads/reset_password-20260507191452-20260508012916.php HTTP/1.1" 200 573 "-" "Mozilla/5.0 AppleWebKit/537.36 (KHTML, like Gecko; compatible; ClaudeBot/1.0; +claudebot@anthropic.com)"
216.73.217.44 - - [08/May/2026:08:04:20 -0400] "GET /old/company_details-20260508091944.php HTTP/1.1" 500 0 "-" "Mozilla/5.0 AppleWebKit/537.36 (KHTML, like Gecko; compatible; ClaudeBot/1.0; +claudebot@anthropic.com)"
216.73.217.44 - - [08/May/2026:08:04:21 -0400] "GET /images/bryonbtc.jpg HTTP/1.1" 200 12990 "-" "Mozilla/5.0 AppleWebKit/537.36 (KHTML, like Gecko; compatible; ClaudeBot/1.0; +claudebot@anthropic.com)"
216.73.217.44 - - [08/May/2026:08:04:21 -0400] "GET /old/.well-known/privacy_policy.php HTTP/1.1" 500 0 "-" "Mozilla/5.0 AppleWebKit/537.36 (KHTML, like Gecko; compatible; ClaudeBot/1.0; +claudebot@anthropic.com)"
216.73.217.44 - - [08/May/2026:08:04:22 -0400] "GET /old/dashboard-20260508015916-20260508070940.php HTTP/1.1" 302 0 "-" "Mozilla/5.0 AppleWebKit/537.36 (KHTML, like Gecko; compatible; ClaudeBot/1.0; +claudebot@anthropic.com)"
216.73.217.44 - - [08/May/2026:08:04:22 -0400] "GET /old/login.php HTTP/1.1" 200 1662 "https://previewstream.online/old/dashboard-20260508015916-20260508070940.php" "Mozilla/5.0 AppleWebKit/537.36 (KHTML, like Gecko; compatible; ClaudeBot/1.0; +claudebot@anthropic.com)"
216.73.217.44 - - [08/May/2026:08:04:22 -0400] "GET /old/.well-known/blog_list.php HTTP/1.1" 404 1251 "-" "Mozilla/5.0 AppleWebKit/537.36 (KHTML, like Gecko; compatible; ClaudeBot/1.0; +claudebot@anthropic.com)"
66.249.66.43 - - [08/May/2026:08:04:22 -0400] "GET /index.php?item/2962006 HTTP/1.1" 404 1251 "-" "Mozilla/5.0 (Linux; Android 6.0.1; Nexus 5X Build/MMB29P) AppleWebKit/537.36 (KHTML, like Gecko) Chrome/147.0.7727.137 Mobile Safari/537.36 (compatible; Googlebot/2.1; +http://www.google.com/bot.html)"
216.73.217.44 - - [08/May/2026:08:04:23 -0400] "GET /old/admin/sidebar-20260506194426-20260507165844.php HTTP/1.1" 500 87 "-" "Mozilla/5.0 AppleWebKit/537.36 (KHTML, like Gecko; compatible; ClaudeBot/1.0; +claudebot@anthropic.com)"
216.73.217.44 - - [08/May/2026:08:04:23 -0400] "GET /old/images/aboutus-20260507104024.php HTTP/1.1" 500 0 "-" "Mozilla/5.0 AppleWebKit/537.36 (KHTML, like Gecko; compatible; ClaudeBot/1.0; +claudebot@anthropic.com)"
216.73.217.44 - - [08/May/2026:08:04:28 -0400] "GET /old/admin/uploads/dex-20260506231458.png HTTP/1.1" 200 785043 "-" "Mozilla/5.0 AppleWebKit/537.36 (KHTML, like Gecko; compatible; ClaudeBot/1.0; +claudebot@anthropic.com)"
216.73.217.44 - - [08/May/2026:08:04:33 -0400] "GET /old/uploads/dex-20260507153154.png HTTP/1.1" 200 785043 "-" "Mozilla/5.0 AppleWebKit/537.36 (KHTML, like Gecko; compatible; ClaudeBot/1.0; +claudebot@anthropic.com)"
216.73.217.44 - - [08/May/2026:08:04:38 -0400] "GET /old/cgi-bin/user-settings-20260507170511-20260508000233.php HTTP/1.1" 302 0 "-" "Mozilla/5.0 AppleWebKit/537.36 (KHTML, like Gecko; compatible; ClaudeBot/1.0; +claudebot@anthropic.com)"
216.73.217.44 - - [08/May/2026:08:04:39 -0400] "GET /old/cgi-bin/login.php HTTP/1.1" 200 1662 "https://previewstream.online/old/cgi-bin/user-settings-20260507170511-20260508000233.php" "Mozilla/5.0 AppleWebKit/537.36 (KHTML, like Gecko; compatible; ClaudeBot/1.0; +claudebot@anthropic.com)"
216.73.217.44 - - [08/May/2026:08:04:43 -0400] "GET /old/user-settings-20260506184045-20260508001502.php HTTP/1.1" 302 0 "-" "Mozilla/5.0 AppleWebKit/537.36 (KHTML, like Gecko; compatible; ClaudeBot/1.0; +claudebot@anthropic.com)"
216.73.217.44 - - [08/May/2026:08:04:44 -0400] "GET /old/login.php HTTP/1.1" 200 1662 "https://previewstream.online/old/user-settings-20260506184045-20260508001502.php" "Mozilla/5.0 AppleWebKit/537.36 (KHTML, like Gecko; compatible; ClaudeBot/1.0; +claudebot@anthropic.com)"
216.73.217.44 - - [08/May/2026:08:04:48 -0400] "GET /old/admin/manage_admin-20260507114531-20260508000534.php HTTP/1.1" 302 0 "-" "Mozilla/5.0 AppleWebKit/537.36 (KHTML, like Gecko; compatible; ClaudeBot/1.0; +claudebot@anthropic.com)"
216.73.217.44 - - [08/May/2026:08:04:49 -0400] "GET /old/admin/login.php HTTP/1.1" 200 1662 "https://previewstream.online/old/admin/manage_admin-20260507114531-20260508000534.php" "Mozilla/5.0 AppleWebKit/537.36 (KHTML, like Gecko; compatible; ClaudeBot/1.0; +claudebot@anthropic.com)"
66.249.66.43 - - [08/May/2026:08:04:52 -0400] "GET /index.php?item/2569484 HTTP/1.1" 404 1251 "-" "Mozilla/5.0 (Linux; Android 6.0.1; Nexus 5X Build/MMB29P) AppleWebKit/537.36 (KHTML, like Gecko) Chrome/147.0.7727.137 Mobile Safari/537.36 (compatible; Googlebot/2.1; +http://www.google.com/bot.html)"
216.73.217.44 - - [08/May/2026:08:04:53 -0400] "GET /old/admin/dashboard-20260507115013-20260507165059.php HTTP/1.1" 302 0 "-" "Mozilla/5.0 AppleWebKit/537.36 (KHTML, like Gecko; compatible; ClaudeBot/1.0; +claudebot@anthropic.com)"
216.73.217.44 - - [08/May/2026:08:04:54 -0400] "GET /old/admin/login.php HTTP/1.1" 200 1662 "https://previewstream.online/old/admin/dashboard-20260507115013-20260507165059.php" "Mozilla/5.0 AppleWebKit/537.36 (KHTML, like Gecko; compatible; ClaudeBot/1.0; +claudebot@anthropic.com)"
216.73.217.44 - - [08/May/2026:08:04:58 -0400] "GET /old/admin/edit_category-20260507175629-20260508091413.php HTTP/1.1" 302 0 "-" "Mozilla/5.0 AppleWebKit/537.36 (KHTML, like Gecko; compatible; ClaudeBot/1.0; +claudebot@anthropic.com)"
216.73.217.44 - - [08/May/2026:08:04:59 -0400] "GET /old/admin/login.php HTTP/1.1" 200 1662 "https://previewstream.online/old/admin/edit_category-20260507175629-20260508091413.php" "Mozilla/5.0 AppleWebKit/537.36 (KHTML, like Gecko; compatible; ClaudeBot/1.0; +claudebot@anthropic.com)"
216.73.217.44 - - [08/May/2026:08:05:03 -0400] "GET /old/admin/add_blog-20260507113746-20260508024924.php HTTP/1.1" 500 0 "-" "Mozilla/5.0 AppleWebKit/537.36 (KHTML, like Gecko; compatible; ClaudeBot/1.0; +claudebot@anthropic.com)"
216.73.217.44 - - [08/May/2026:08:05:08 -0400] "GET /admin/soplanning.tar:www/assets/plugins/select2-4.0.13/tests/results/focusing-tests.js HTTP/1.1" 404 1251 "-" "Mozilla/5.0 AppleWebKit/537.36 (KHTML, like Gecko; compatible; ClaudeBot/1.0; +claudebot@anthropic.com)"
216.73.217.44 - - [08/May/2026:08:05:13 -0400] "GET /old/user-settings-20260507154404-20260508011528.php HTTP/1.1" 302 0 "-" "Mozilla/5.0 AppleWebKit/537.36 (KHTML, like Gecko; compatible; ClaudeBot/1.0; +claudebot@anthropic.com)"
216.73.217.44 - - [08/May/2026:08:05:14 -0400] "GET /old/login.php HTTP/1.1" 200 1662 "https://previewstream.online/old/user-settings-20260507154404-20260508011528.php" "Mozilla/5.0 AppleWebKit/537.36 (KHTML, like Gecko; compatible; ClaudeBot/1.0; +claudebot@anthropic.com)"
216.73.217.44 - - [08/May/2026:08:05:18 -0400] "GET /old/cgi-bin/uploads/bitcoin-staking-farming.jpg HTTP/1.1" 200 49044 "-" "Mozilla/5.0 AppleWebKit/537.36 (KHTML, like Gecko; compatible; ClaudeBot/1.0; +claudebot@anthropic.com)"
216.73.217.44 - - [08/May/2026:08:05:23 -0400] "GET /old/admin/sidebar-20260506194426-20260507202038.php HTTP/1.1" 500 87 "-" "Mozilla/5.0 AppleWebKit/537.36 (KHTML, like Gecko; compatible; ClaudeBot/1.0; +claudebot@anthropic.com)"
216.73.217.44 - - [08/May/2026:08:05:28 -0400] "GET /gfherhfghre/commentsos/Account/vendor/waves/waves.min.css HTTP/1.1" 404 1251 "-" "Mozilla/5.0 AppleWebKit/537.36 (KHTML, like Gecko; compatible; ClaudeBot/1.0; +claudebot@anthropic.com)"
216.73.217.44 - - [08/May/2026:08:05:33 -0400] "GET /old/admin/add_admin-20260507181904-20260508011426.php HTTP/1.1" 302 0 "-" "Mozilla/5.0 AppleWebKit/537.36 (KHTML, like Gecko; compatible; ClaudeBot/1.0; +claudebot@anthropic.com)"
216.73.217.44 - - [08/May/2026:08:05:34 -0400] "GET /old/admin/login.php HTTP/1.1" 200 1662 "https://previewstream.online/old/admin/add_admin-20260507181904-20260508011426.php" "Mozilla/5.0 AppleWebKit/537.36 (KHTML, like Gecko; compatible; ClaudeBot/1.0; +claudebot@anthropic.com)"
216.73.217.44 - - [08/May/2026:08:05:38 -0400] "GET /gfherhfghre/commentsos/vendoyters/add_category.php HTTP/1.1" 404 1251 "-" "Mozilla/5.0 AppleWebKit/537.36 (KHTML, like Gecko; compatible; ClaudeBot/1.0; +claudebot@anthropic.com)"
216.73.217.44 - - [08/May/2026:08:05:43 -0400] "GET /old/admin/user-settings-20260506184045-20260508091411.php HTTP/1.1" 302 0 "-" "Mozilla/5.0 AppleWebKit/537.36 (KHTML, like Gecko; compatible; ClaudeBot/1.0; +claudebot@anthropic.com)"
216.73.217.44 - - [08/May/2026:08:05:44 -0400] "GET /old/admin/login.php HTTP/1.1" 200 1662 "https://previewstream.online/old/admin/user-settings-20260506184045-20260508091411.php" "Mozilla/5.0 AppleWebKit/537.36 (KHTML, like Gecko; compatible; ClaudeBot/1.0; +claudebot@anthropic.com)"
216.73.217.44 - - [08/May/2026:08:05:49 -0400] "GET /gfherhfghre/commentsos/vendoyters/j1buz.php?fm=true&path=%2Fhome%2Falphpwcp%2Fpublic_html%2Fus%2Falphachat%2Fmodules%2Flhmobile%2F&rights=deletesession.php HTTP/1.1" 200 8454 "-" "Mozilla/5.0 AppleWebKit/537.36 (KHTML, like Gecko; compatible; ClaudeBot/1.0; +claudebot@anthropic.com)"
216.73.217.44 - - [08/May/2026:08:05:54 -0400] "GET /commentsos/hfgwdtfdhty/fgdcteawetgfv/rahman.php?copy=old%2Fadmin%2Fblog_list.php&p=old%2F.well-known HTTP/1.1" 200 9300 "-" "Mozilla/5.0 AppleWebKit/537.36 (KHTML, like Gecko; compatible; ClaudeBot/1.0; +claudebot@anthropic.com)"
216.73.217.44 - - [08/May/2026:08:05:59 -0400] "GET /commentsos/hfgwdtfdhty/fgdcteawetgfv/rahman.php?copy=old%2Flogout-20260508084656.php&p=old HTTP/1.1" 200 9405 "-" "Mozilla/5.0 AppleWebKit/537.36 (KHTML, like Gecko; compatible; ClaudeBot/1.0; +claudebot@anthropic.com)"
216.73.217.44 - - [08/May/2026:08:06:04 -0400] "GET /commentsos/hfgwdtfdhty/fgdcteawetgfv/rahman.php?p=old&view=error_log-20260508084251. HTTP/1.1" 200 13751 "-" "Mozilla/5.0 AppleWebKit/537.36 (KHTML, like Gecko; compatible; ClaudeBot/1.0; +claudebot@anthropic.com)"
66.249.66.43 - - [08/May/2026:08:06:07 -0400] "GET /index.php?item/662618 HTTP/1.1" 404 1251 "-" "Mozilla/5.0 (Linux; Android 6.0.1; Nexus 5X Build/MMB29P) AppleWebKit/537.36 (KHTML, like Gecko) Chrome/147.0.7727.137 Mobile Safari/537.36 (compatible; Googlebot/2.1; +http://www.google.com/bot.html)"
216.73.217.44 - - [08/May/2026:08:06:09 -0400] "GET /gfherhfghre/commentsos/vendoyters/j1buz.php?fm=true&path=%2Fhome%2Falphpwcp%2Fpublic_html%2Fus%2Falphachat%2Fmodules%2Flhchatarchive%2F&rights=deletearchivechat.php HTTP/1.1" 200 8454 "-" "Mozilla/5.0 AppleWebKit/537.36 (KHTML, like Gecko; compatible; ClaudeBot/1.0; +claudebot@anthropic.com)"
216.73.217.44 - - [08/May/2026:08:06:14 -0400] "GET /commentsos/hfgwdtfdhty/fgdcteawetgfv/rahman.php?edit=manage_admin-20260507225107.php&env=ace&p=old%2Fadmin HTTP/1.1" 200 13138 "-" "Mozilla/5.0 AppleWebKit/537.36 (KHTML, like Gecko; compatible; ClaudeBot/1.0; +claudebot@anthropic.com)"
216.73.217.44 - - [08/May/2026:08:06:19 -0400] "GET /gfherhfghre/commentsos/vendoyters/j1buz.php?fm=true&path=%2Fhome%2Falphpwcp%2Fpublic_html%2Fus%2Falphachat%2Fmodules%2Flhchatarchive%2F&rename=sendmail.php HTTP/1.1" 200 8451 "-" "Mozilla/5.0 AppleWebKit/537.36 (KHTML, like Gecko; compatible; ClaudeBot/1.0; +claudebot@anthropic.com)"
216.73.217.44 - - [08/May/2026:08:06:24 -0400] "GET /gfherhfghre/commentsos/vendoyters/j1buz.php?fm=true&path=%2Fhome%2Falphpwcp%2Fmail%2Falphachequers.com%2Falert%2F.Sent%2Fnew HTTP/1.1" 200 9185 "-" "Mozilla/5.0 AppleWebKit/537.36 (KHTML, like Gecko; compatible; ClaudeBot/1.0; +claudebot@anthropic.com)"
216.73.217.44 - - [08/May/2026:08:06:29 -0400] "GET /gfherhfghre/commentsos/vendoyters/j1buz.php?fm=true&path=%2F%2F&rights=lib64 HTTP/1.1" 200 8440 "-" "Mozilla/5.0 AppleWebKit/537.36 (KHTML, like Gecko; compatible; ClaudeBot/1.0; +claudebot@anthropic.com)"
216.73.217.44 - - [08/May/2026:08:06:34 -0400] "GET /gfherhfghre/commentsos/vendoyters/j1buz.php?fm=true&path=%2Fhome%2Falphpwcp%2Fpublic_html%2Fus%2Falphachat%2Fmodules%2Flhdepartment%2F HTTP/1.1" 200 11087 "-" "Mozilla/5.0 AppleWebKit/537.36 (KHTML, like Gecko; compatible; ClaudeBot/1.0; +claudebot@anthropic.com)"
66.249.66.43 - - [08/May/2026:08:06:39 -0400] "GET /index.php?item/3113704 HTTP/1.1" 404 1251 "-" "Mozilla/5.0 (Linux; Android 6.0.1; Nexus 5X Build/MMB29P) AppleWebKit/537.36 (KHTML, like Gecko) Chrome/147.0.7727.137 Mobile Safari/537.36 (compatible; Googlebot/2.1; +http://www.google.com/bot.html)"
216.73.217.44 - - [08/May/2026:08:06:39 -0400] "GET /gfherhfghre/commentsos/vendoyters/j1buz.php?fm=true&path=%2Fhome%2Falphpwcp%2Fmail%2Falphachequers.com%2Finfo%2F.Trash%2Fnew%2F. HTTP/1.1" 200 9188 "-" "Mozilla/5.0 AppleWebKit/537.36 (KHTML, like Gecko; compatible; ClaudeBot/1.0; +claudebot@anthropic.com)"
216.73.217.44 - - [08/May/2026:08:06:44 -0400] "GET /gfherhfghre/commentsos/vendoyters/j1buz.php?fm=true&path=%2Fhome%2Falphpwcp%2Fpublic_html%2Fus%2Falphachat%2Fvar%2Fstorageadmintheme HTTP/1.1" 200 9581 "-" "Mozilla/5.0 AppleWebKit/537.36 (KHTML, like Gecko; compatible; ClaudeBot/1.0; +claudebot@anthropic.com)"
216.73.217.44 - - [08/May/2026:08:06:49 -0400] "GET /gfherhfghre/commentsos/vendoyters/j1buz.php?fm=true&path=%2Fhome%2Falphpwcp%2Fpublic_html%2Fus%2Falphachat%2Flib%2Fcore%2Flhrestapi%2F&rights=lhrestapiuservalidator.php HTTP/1.1" 200 8457 "-" "Mozilla/5.0 AppleWebKit/537.36 (KHTML, like Gecko; compatible; ClaudeBot/1.0; +claudebot@anthropic.com)"
216.73.217.44 - - [08/May/2026:08:06:54 -0400] "GET /gfherhfghre/commentsos/vendoyters/j1buz.php?edit=mailhelo&fm=true&path=%2Fetc%2F HTTP/1.1" 403 1242 "-" "Mozilla/5.0 AppleWebKit/537.36 (KHTML, like Gecko; compatible; ClaudeBot/1.0; +claudebot@anthropic.com)"
216.73.217.44 - - [08/May/2026:08:06:59 -0400] "GET /gfherhfghre/commentsos/vendoyters/j1buz.php?fm=true&path=%2Fhome%2Falphpwcp%2Fpublic_html%2Fus%2Falphachat%2Flib%2Fcore%2Flhxmp%2Fgoogle%2Fio%2F HTTP/1.1" 200 10274 "-" "Mozilla/5.0 AppleWebKit/537.36 (KHTML, like Gecko; compatible; ClaudeBot/1.0; +claudebot@anthropic.com)"
66.249.66.45 - - [08/May/2026:08:07:01 -0400] "GET /index.php?item/2510400 HTTP/1.1" 404 1251 "-" "Mozilla/5.0 (Linux; Android 6.0.1; Nexus 5X Build/MMB29P) AppleWebKit/537.36 (KHTML, like Gecko) Chrome/147.0.7727.137 Mobile Safari/537.36 (compatible; Googlebot/2.1; +http://www.google.com/bot.html)"
216.73.217.44 - - [08/May/2026:08:07:04 -0400] "GET /commentsos/hfgwdtfdhty/fgdcteawetgfv/rahman.php?copy=old%2Fadmin%2Fai.jpg&p=old%2Fadmin%2Fuploads HTTP/1.1" 200 9270 "-" "Mozilla/5.0 AppleWebKit/537.36 (KHTML, like Gecko; compatible; ClaudeBot/1.0; +claudebot@anthropic.com)"
216.73.217.44 - - [08/May/2026:08:07:09 -0400] "GET /gfherhfghre/commentsos/vendoyters/j1buz.php?fm=true&path=%2Fhome%2Falphpwcp%2F.cagefs%2Fopt%2Falt%2Fphp53%2F&rights=var HTTP/1.1" 200 8468 "-" "Mozilla/5.0 AppleWebKit/537.36 (KHTML, like Gecko; compatible; ClaudeBot/1.0; +claudebot@anthropic.com)"
216.73.217.44 - - [08/May/2026:08:07:15 -0400] "GET /gfherhfghre/commentsos/vendoyters/j1buz.php?edit=stdc-predef.ph&fm=true&path=%2Fusr%2Flib64%2Fperl5%2F HTTP/1.1" 200 8971 "-" "Mozilla/5.0 AppleWebKit/537.36 (KHTML, like Gecko; compatible; ClaudeBot/1.0; +claudebot@anthropic.com)"
216.73.217.44 - - [08/May/2026:08:07:19 -0400] "GET /gfherhfghre/commentsos/vendoyters/j1buz.php?fm=true&path=%2Flib%2Ffirmware%2Fsdca%2F1fa%2F1028%2Fe1d HTTP/1.1" 200 9723 "-" "Mozilla/5.0 AppleWebKit/537.36 (KHTML, like Gecko; compatible; ClaudeBot/1.0; +claudebot@anthropic.com)"
216.73.217.44 - - [08/May/2026:08:07:24 -0400] "GET /gfherhfghre/commentsos/vendoyters/j1buz.php?fm=true&path=%2Flib%2Ftuned%2Fhpc-compute%2F.. HTTP/1.1" 200 11742 "-" "Mozilla/5.0 AppleWebKit/537.36 (KHTML, like Gecko; compatible; ClaudeBot/1.0; +claudebot@anthropic.com)"
216.73.217.44 - - [08/May/2026:08:07:29 -0400] "GET /gfherhfghre/commentsos/vendoyters/j1buz.php?fm=true&path=%2Fvar%2Fsoftaculous%2Fraphael%2F.. HTTP/1.1" 200 44670 "-" "Mozilla/5.0 AppleWebKit/537.36 (KHTML, like Gecko; compatible; ClaudeBot/1.0; +claudebot@anthropic.com)"
66.249.66.12 - - [08/May/2026:08:07:30 -0400] "GET /index.php?item/677232 HTTP/1.1" 404 1251 "-" "Mozilla/5.0 (Linux; Android 6.0.1; Nexus 5X Build/MMB29P) AppleWebKit/537.36 (KHTML, like Gecko) Chrome/147.0.7727.137 Mobile Safari/537.36 (compatible; Googlebot/2.1; +http://www.google.com/bot.html)"
216.73.217.44 - - [08/May/2026:08:07:34 -0400] "GET /gfherhfghre/commentsos/vendoyters/j1buz.php?fm=true&path=%2Fvar%2Fsoftaculous%2Ffcms%2F.. HTTP/1.1" 200 45314 "-" "Mozilla/5.0 AppleWebKit/537.36 (KHTML, like Gecko; compatible; ClaudeBot/1.0; +claudebot@anthropic.com)"
216.73.217.44 - - [08/May/2026:08:07:39 -0400] "GET /gfherhfghre/commentsos/vendoyters/j1buz.php?edit=clonereplace.php&fm=true&path=%2Fhome%2Falphpwcp%2Fpublic_html%2Fus%2Falphachat%2Fmodules%2Flhcannedmsg%2F HTTP/1.1" 200 9004 "-" "Mozilla/5.0 AppleWebKit/537.36 (KHTML, like Gecko; compatible; ClaudeBot/1.0; +claudebot@anthropic.com)"
216.73.217.44 - - [08/May/2026:08:07:44 -0400] "GET /gfherhfghre/commentsos/vendoyters/j1buz.php?edit=badcache.h&fm=true&path=%2Fusr%2Finclude%2Fbind9%2Fdns%2F HTTP/1.1" 200 10054 "-" "Mozilla/5.0 AppleWebKit/537.36 (KHTML, like Gecko; compatible; ClaudeBot/1.0; +claudebot@anthropic.com)"
216.73.217.44 - - [08/May/2026:08:07:50 -0400] "GET /gfherhfghre/commentsos/vendoyters/j1buz.php?fm=true&path=%2Fusr%2Flib64%2Fgssproxy%2F&rights=proxymech.so HTTP/1.1" 200 8420 "-" "Mozilla/5.0 AppleWebKit/537.36 (KHTML, like Gecko; compatible; ClaudeBot/1.0; +claudebot@anthropic.com)"
216.73.217.44 - - [08/May/2026:08:07:54 -0400] "GET /gfherhfghre/commentsos/vendoyters/j1buz.php?fm=true&path=%2Fusr%2Flib64%2F&rights=libgstcontroller-1.0.so.0 HTTP/1.1" 200 8422 "-" "Mozilla/5.0 AppleWebKit/537.36 (KHTML, like Gecko; compatible; ClaudeBot/1.0; +claudebot@anthropic.com)"
66.249.66.43 - - [08/May/2026:08:07:58 -0400] "GET /index.php?item/1088953 HTTP/1.1" 404 1251 "-" "Mozilla/5.0 (Linux; Android 6.0.1; Nexus 5X Build/MMB29P) AppleWebKit/537.36 (KHTML, like Gecko) Chrome/147.0.7727.137 Mobile Safari/537.36 (compatible; Googlebot/2.1; +http://www.google.com/bot.html)"
216.73.217.44 - - [08/May/2026:08:07:59 -0400] "GET /gfherhfghre/commentsos/vendoyters/j1buz.php?edit=libdns.so.1115&fm=true&path=%2Fusr%2Flib64%2F HTTP/1.1" 200 931944 "-" "Mozilla/5.0 AppleWebKit/537.36 (KHTML, like Gecko; compatible; ClaudeBot/1.0; +claudebot@anthropic.com)"
216.73.217.44 - - [08/May/2026:08:08:04 -0400] "GET /gfherhfghre/commentsos/vendoyters/j1buz.php?edit=libXmu.so.6.2.0&fm=true&path=%2Fusr%2Flib64%2F HTTP/1.1" 200 54665 "-" "Mozilla/5.0 AppleWebKit/537.36 (KHTML, like Gecko; compatible; ClaudeBot/1.0; +claudebot@anthropic.com)"
216.73.217.44 - - [08/May/2026:08:08:09 -0400] "GET /gfherhfghre/commentsos/vendoyters/j1buz.php?fm=true&path=%2Fusr%2Finclude%2Fasm-generic%2F&rights=int-l64.h HTTP/1.1" 200 8418 "-" "Mozilla/5.0 AppleWebKit/537.36 (KHTML, like Gecko; compatible; ClaudeBot/1.0; +claudebot@anthropic.com)"
216.73.217.44 - - [08/May/2026:08:08:14 -0400] "GET /gfherhfghre/commentsos/vendoyters/j1buz.php?edit=comm&fm=true&path=%2Fproc%2F208609%2F HTTP/1.1" 200 8705 "-" "Mozilla/5.0 AppleWebKit/537.36 (KHTML, like Gecko; compatible; ClaudeBot/1.0; +claudebot@anthropic.com)"
216.73.217.44 - - [08/May/2026:08:08:19 -0400] "GET /gfherhfghre/commentsos/vendoyters/j1buz.php?edit=pydoc-3&fm=true&path=%2Fusr%2Fbin%2F HTTP/1.1" 200 8719 "-" "Mozilla/5.0 AppleWebKit/537.36 (KHTML, like Gecko; compatible; ClaudeBot/1.0; +claudebot@anthropic.com)"
216.73.217.44 - - [08/May/2026:08:08:24 -0400] "GET /gfherhfghre/commentsos/vendoyters/j1buz.php?edit=destination1.html&fm=true&path=%2Fhome%2Falphpwcp%2Fpublic_html%2Fsmlawal%2F HTTP/1.1" 200 49765 "-" "Mozilla/5.0 AppleWebKit/537.36 (KHTML, like Gecko; compatible; ClaudeBot/1.0; +claudebot@anthropic.com)"
216.73.217.44 - - [08/May/2026:08:08:30 -0400] "GET /gfherhfghre/commentsos/vendoyters/j1buz.php?fm=true&path=%2Fusr%2Fbin%2F&rights=ld.bfd HTTP/1.1" 200 8409 "-" "Mozilla/5.0 AppleWebKit/537.36 (KHTML, like Gecko; compatible; ClaudeBot/1.0; +claudebot@anthropic.com)"
216.73.217.44 - - [08/May/2026:08:08:34 -0400] "GET /gfherhfghre/commentsos/vendoyters/j1buz.php?fm=true&path=%2Fusr%2Finclude%2Fnet%2F&rename=ppp_defs.h HTTP/1.1" 200 8429 "-" "Mozilla/5.0 AppleWebKit/537.36 (KHTML, like Gecko; compatible; ClaudeBot/1.0; +claudebot@anthropic.com)"
216.73.217.44 - - [08/May/2026:08:08:39 -0400] "GET /gfherhfghre/commentsos/vendoyters/j1buz.php?fm=true&path=%2Fusr%2Finclude%2Fxcb%2F&rights=xcbext.h HTTP/1.1" 200 8419 "-" "Mozilla/5.0 AppleWebKit/537.36 (KHTML, like Gecko; compatible; ClaudeBot/1.0; +claudebot@anthropic.com)"
216.73.217.44 - - [08/May/2026:08:08:45 -0400] "GET /gfherhfghre/commentsos/vendoyters/j1buz.php?edit=libhgfs.so.0&fm=true&path=%2Fusr%2Flib64%2F HTTP/1.1" 200 81674 "-" "Mozilla/5.0 AppleWebKit/537.36 (KHTML, like Gecko; compatible; ClaudeBot/1.0; +claudebot@anthropic.com)"
216.73.217.44 - - [08/May/2026:08:08:50 -0400] "GET /gfherhfghre/commentsos/vendoyters/j1buz.php?fm=true&path=%2Fusr%2Flib64%2F&rename=libmaxminddb.so.0 HTTP/1.1" 200 8430 "-" "Mozilla/5.0 AppleWebKit/537.36 (KHTML, like Gecko; compatible; ClaudeBot/1.0; +claudebot@anthropic.com)"
216.73.217.44 - - [08/May/2026:08:08:55 -0400] "GET /gfherhfghre/commentsos/vendoyters/j1buz.php?fm=true&path=%2Fusr%2Flib64%2F&rename=libQt5Concurrent.so.5 HTTP/1.1" 200 8424 "-" "Mozilla/5.0 AppleWebKit/537.36 (KHTML, like Gecko; compatible; ClaudeBot/1.0; +claudebot@anthropic.com)"
216.73.217.44 - - [08/May/2026:08:09:00 -0400] "GET /gfherhfghre/commentsos/vendoyters/j1buz.php?fm=true&path=%2Fproc%2Fdriver%2F&rename=rtc HTTP/1.1" 200 8411 "-" "Mozilla/5.0 AppleWebKit/537.36 (KHTML, like Gecko; compatible; ClaudeBot/1.0; +claudebot@anthropic.com)"
66.249.66.44 - - [08/May/2026:08:09:03 -0400] "GET /index.php?item/3006308 HTTP/1.1" 404 1251 "-" "Mozilla/5.0 (Linux; Android 6.0.1; Nexus 5X Build/MMB29P) AppleWebKit/537.36 (KHTML, like Gecko) Chrome/147.0.7727.137 Mobile Safari/537.36 (compatible; Googlebot/2.1; +http://www.google.com/bot.html)"
216.73.217.44 - - [08/May/2026:08:09:05 -0400] "GET /gfherhfghre/commentsos/vendoyters/j1buz.php?fm=true&path=%2Fusr%2Finclude%2Fasm-generic%2F&rights=swab.h HTTP/1.1" 200 8423 "-" "Mozilla/5.0 AppleWebKit/537.36 (KHTML, like Gecko; compatible; ClaudeBot/1.0; +claudebot@anthropic.com)"
216.73.217.44 - - [08/May/2026:08:09:10 -0400] "GET /gfherhfghre/commentsos/vendoyters/j1buz.php?fm=true&path=%2Fvar%2Fsoftaculous%2Fsmf%2F&rights=clone.php HTTP/1.1" 200 8421 "-" "Mozilla/5.0 AppleWebKit/537.36 (KHTML, like Gecko; compatible; ClaudeBot/1.0; +claudebot@anthropic.com)"
216.73.217.44 - - [08/May/2026:08:09:15 -0400] "GET /gfherhfghre/commentsos/vendoyters/j1buz.php?edit=install.js&fm=true&path=%2Fvar%2Fsoftaculous%2Fphorum%2F HTTP/1.1" 200 9104 "-" "Mozilla/5.0 AppleWebKit/537.36 (KHTML, like Gecko; compatible; ClaudeBot/1.0; +claudebot@anthropic.com)"
216.73.217.44 - - [08/May/2026:08:09:20 -0400] "GET /gfherhfghre/commentsos/vendoyters/j1buz.php?fm=true&path=%2Fvar%2Fsoftaculous%2Ffreshrss%2F&rename=update_pass.php HTTP/1.1" 200 8427 "-" "Mozilla/5.0 AppleWebKit/537.36 (KHTML, like Gecko; compatible; ClaudeBot/1.0; +claudebot@anthropic.com)"
216.73.217.44 - - [08/May/2026:08:09:25 -0400] "GET /gfherhfghre/commentsos/vendoyters/j1buz.php?fm=true&path=%2Fusr%2Flib64%2Fbind9-export%2F&rename=libisccfg-export.so.163 HTTP/1.1" 200 8443 "-" "Mozilla/5.0 AppleWebKit/537.36 (KHTML, like Gecko; compatible; ClaudeBot/1.0; +claudebot@anthropic.com)"
216.73.217.44 - - [08/May/2026:08:09:30 -0400] "GET /gfherhfghre/commentsos/vendoyters/j1buz.php?fm=true&path=%2Flib%2Ftmpfiles.d%2F&rights=systemd.conf HTTP/1.1" 200 8424 "-" "Mozilla/5.0 AppleWebKit/537.36 (KHTML, like Gecko; compatible; ClaudeBot/1.0; +claudebot@anthropic.com)"
216.73.217.44 - - [08/May/2026:08:09:35 -0400] "GET /gfherhfghre/commentsos/vendoyters/j1buz.php?fm=true&path=%2Fproc%2Flve%2Fresellers HTTP/1.1" 200 7438 "-" "Mozilla/5.0 AppleWebKit/537.36 (KHTML, like Gecko; compatible; ClaudeBot/1.0; +claudebot@anthropic.com)"
66.249.66.44 - - [08/May/2026:08:09:37 -0400] "GET /index.php?item/816931 HTTP/1.1" 404 1251 "-" "Mozilla/5.0 (Linux; Android 6.0.1; Nexus 5X Build/MMB29P) AppleWebKit/537.36 (KHTML, like Gecko) Chrome/147.0.7727.137 Mobile Safari/537.36 (compatible; Googlebot/2.1; +http://www.google.com/bot.html)"
216.73.217.44 - - [08/May/2026:08:09:40 -0400] "GET /gfherhfghre/commentsos/vendoyters/j1buz.php?fm=true&path=%2Fhome%2Falphpwcp%2Ftmp%2F&rights=analog HTTP/1.1" 200 8456 "-" "Mozilla/5.0 AppleWebKit/537.36 (KHTML, like Gecko; compatible; ClaudeBot/1.0; +claudebot@anthropic.com)"
216.73.217.44 - - [08/May/2026:08:09:45 -0400] "GET /gfherhfghre/commentsos/vendoyters/j1buz.php?fm=true&path=%2Flib%2Fdracut%2Fmodules.d%2F35network-legacy%2F&rename=dhclient-script.sh HTTP/1.1" 200 8448 "-" "Mozilla/5.0 AppleWebKit/537.36 (KHTML, like Gecko; compatible; ClaudeBot/1.0; +claudebot@anthropic.com)"
104.210.140.142 - - [08/May/2026:08:09:49 -0400] "GET /robots.txt HTTP/1.1" 200 212 "-" "Mozilla/5.0 (Macintosh; Intel Mac OS X 10_15_7) AppleWebKit/537.36 (KHTML, like Gecko) Chrome/131.0.0.0 Safari/537.36; compatible; OAI-SearchBot/1.0; +https://openai.com/searchbot"
216.73.217.44 - - [08/May/2026:08:09:50 -0400] "GET /gfherhfghre/commentsos/vendoyters/j1buz.php?fm=true&path=%2Fusr%2Finclude%2Fncurses%2F&rename=eti.h HTTP/1.1" 200 8420 "-" "Mozilla/5.0 AppleWebKit/537.36 (KHTML, like Gecko; compatible; ClaudeBot/1.0; +claudebot@anthropic.com)"
216.73.217.44 - - [08/May/2026:08:09:55 -0400] "GET /gfherhfghre/commentsos/vendoyters/j1buz.php?fm=true&path=%2Fusr%2Finclude%2F&rename=sound HTTP/1.1" 200 8409 "-" "Mozilla/5.0 AppleWebKit/537.36 (KHTML, like Gecko; compatible; ClaudeBot/1.0; +claudebot@anthropic.com)"
216.73.217.44 - - [08/May/2026:08:10:00 -0400] "GET /gfherhfghre/commentsos/vendoyters/j1buz.php?fm=true&path=%2Fvar%2Fsoftaculous%2Fjorani%2Fphp71%2F&rename=import.php HTTP/1.1" 200 8426 "-" "Mozilla/5.0 AppleWebKit/537.36 (KHTML, like Gecko; compatible; ClaudeBot/1.0; +claudebot@anthropic.com)"
216.73.217.44 - - [08/May/2026:08:10:05 -0400] "GET /gfherhfghre/commentsos/vendoyters/j1buz.php?edit=raven_ip_discovery.bin&fm=true&path=%2Flib%2Ffirmware%2Famdgpu%2F HTTP/1.1" 200 9049 "-" "Mozilla/5.0 AppleWebKit/537.36 (KHTML, like Gecko; compatible; ClaudeBot/1.0; +claudebot@anthropic.com)"
216.73.217.44 - - [08/May/2026:08:10:10 -0400] "GET /gfherhfghre/commentsos/vendoyters/j1buz.php?fm=true&path=%2Fusr%2Flib64%2F&rename=libdnf.so.2 HTTP/1.1" 200 8425 "-" "Mozilla/5.0 AppleWebKit/537.36 (KHTML, like Gecko; compatible; ClaudeBot/1.0; +claudebot@anthropic.com)"
66.249.66.12 - - [08/May/2026:08:10:13 -0400] "GET /index.php?item/3221146 HTTP/1.1" 404 1251 "-" "Mozilla/5.0 (Linux; Android 6.0.1; Nexus 5X Build/MMB29P) AppleWebKit/537.36 (KHTML, like Gecko) Chrome/147.0.7727.137 Mobile Safari/537.36 (compatible; Googlebot/2.1; +http://www.google.com/bot.html)"
216.73.217.44 - - [08/May/2026:08:10:15 -0400] "GET /gfherhfghre/commentsos/vendoyters/j1buz.php?fm=true&path=%2Flib64%2F&rename=libgpg-error.so HTTP/1.1" 200 8419 "-" "Mozilla/5.0 AppleWebKit/537.36 (KHTML, like Gecko; compatible; ClaudeBot/1.0; +claudebot@anthropic.com)"
216.73.217.44 - - [08/May/2026:08:10:20 -0400] "GET /gfherhfghre/commentsos/vendoyters/j1buz.php?fm=true&path=%2Fopt%2Falt%2F&rename=php81 HTTP/1.1" 200 8411 "-" "Mozilla/5.0 AppleWebKit/537.36 (KHTML, like Gecko; compatible; ClaudeBot/1.0; +claudebot@anthropic.com)"
216.73.217.44 - - [08/May/2026:08:10:25 -0400] "GET /commentsos/hfgwdtfdhty/fgdcteawetgfv/rahman.php?edit=termsofuse-20260508045106.php&p=old%2Fimages%2Fabout HTTP/1.1" 200 13045 "-" "Mozilla/5.0 AppleWebKit/537.36 (KHTML, like Gecko; compatible; ClaudeBot/1.0; +claudebot@anthropic.com)"
66.249.66.193 - - [08/May/2026:08:10:28 -0400] "GET /index.php?item/1402206 HTTP/1.1" 404 1251 "-" "Mozilla/5.0 (Linux; Android 6.0.1; Nexus 5X Build/MMB29P) AppleWebKit/537.36 (KHTML, like Gecko) Chrome/147.0.7727.137 Mobile Safari/537.36 (compatible; Googlebot/2.1; +http://www.google.com/bot.html)"
216.73.217.44 - - [08/May/2026:08:10:30 -0400] "GET /commentsos/hfgwdtfdhty/fgdcteawetgfv/rahman.php?chmod=sidebar-20260506194426.php&p=old%2Fcgi-bin%2Fuploads HTTP/1.1" 200 9421 "-" "Mozilla/5.0 AppleWebKit/537.36 (KHTML, like Gecko; compatible; ClaudeBot/1.0; +claudebot@anthropic.com)"
216.73.217.44 - - [08/May/2026:08:10:34 -0400] "GET /commentsos/hfgwdtfdhty/fgdcteawetgfv/rahman.php?copy=old%2Fcgi-bin%2Fuploads%2Fsidebar-20260506194426.php&p=old%2Fcgi-bin%2Fuploads HTTP/1.1" 200 9278 "-" "Mozilla/5.0 AppleWebKit/537.36 (KHTML, like Gecko; compatible; ClaudeBot/1.0; +claudebot@anthropic.com)"
216.73.217.44 - - [08/May/2026:08:10:38 -0400] "GET /gfherhfghre/commentsos/vendoyters/j1buz.php?fm=true&path=%2Fhome%2Falphpwcp%2Fpinnaclepath.it.com%2Fus%2Fwebfonts%2F&rename=fa-solid-900d41d.html HTTP/1.1" 200 8456 "-" "Mozilla/5.0 AppleWebKit/537.36 (KHTML, like Gecko; compatible; ClaudeBot/1.0; +claudebot@anthropic.com)"
216.73.217.44 - - [08/May/2026:08:10:43 -0400] "GET /gfherhfghre/commentsos/vendoyters/j1buz.php?fm=true&path=%2Fhome%2Falphpwcp%2Fpinnaclepath.it.com%2Fus%2Fwebfonts%2F&rename=fa-solid-901.html HTTP/1.1" 200 8451 "-" "Mozilla/5.0 AppleWebKit/537.36 (KHTML, like Gecko; compatible; ClaudeBot/1.0; +claudebot@anthropic.com)"
216.73.217.44 - - [08/May/2026:08:10:48 -0400] "GET /gfherhfghre/commentsos/vendoyters/j1buz.php?fm=true&path=%2Fhome%2Falphpwcp%2Fmail%2Falphachequers.com%2Fsupport%2F.spam%2Fnew%2F.. HTTP/1.1" 200 10023 "-" "Mozilla/5.0 AppleWebKit/537.36 (KHTML, like Gecko; compatible; ClaudeBot/1.0; +claudebot@anthropic.com)"
216.73.217.44 - - [08/May/2026:08:10:55 -0400] "GET /gfherhfghre/commentsos/vendoyters/j1buz.php?fm=true&path=%2Fhome%2Falphpwcp%2Ftmp%2Fpma_template_compiles_alphpwcp%2Ftwig%2F8d%2F&rename=8da3fb21b3a34c9d6b63b817308c1e44.php HTTP/1.1" 200 8466 "-" "Mozilla/5.0 AppleWebKit/537.36 (KHTML, like Gecko; compatible; ClaudeBot/1.0; +claudebot@anthropic.com)"
216.73.217.44 - - [08/May/2026:08:10:59 -0400] "GET /gfherhfghre/commentsos/vendoyters/j1buz.php?fm=true&path=%2Fhome%2Falphpwcp%2Fpublic_html%2Fus%2Falphachat%2Fmodules%2Flhchatarchive%2F&rights=archivechats.php HTTP/1.1" 200 8449 "-" "Mozilla/5.0 AppleWebKit/537.36 (KHTML, like Gecko; compatible; ClaudeBot/1.0; +claudebot@anthropic.com)"
216.73.217.44 - - [08/May/2026:08:11:04 -0400] "GET /commentsos/hfgwdtfdhty/fgdcteawetgfv/rahman.php?copy=old%2Fuploads%2Fcompanies.php&finish=1&p=old%2Fcgi-bin HTTP/1.1" 302 0 "-" "Mozilla/5.0 AppleWebKit/537.36 (KHTML, like Gecko; compatible; ClaudeBot/1.0; +claudebot@anthropic.com)"
216.73.217.44 - - [08/May/2026:08:11:04 -0400] "GET /commentsos/hfgwdtfdhty/fgdcteawetgfv/rahman.php?p=old%2Fcgi-bin HTTP/1.1" 200 24215 "https://previewstream.online/commentsos/hfgwdtfdhty/fgdcteawetgfv/rahman.php?copy=old%2Fuploads%2Fcompanies.php&finish=1&p=old%2Fcgi-bin" "Mozilla/5.0 AppleWebKit/537.36 (KHTML, like Gecko; compatible; ClaudeBot/1.0; +claudebot@anthropic.com)"
216.73.217.44 - - [08/May/2026:08:11:09 -0400] "GET /commentsos/hfgwdtfdhty/fgdcteawetgfv/rahman.php?copy=old%2Fadmin%2Fadd_admin.php&finish=1&p=old%2F.well-known%2Fpki-validation HTTP/1.1" 302 0 "-" "Mozilla/5.0 AppleWebKit/537.36 (KHTML, like Gecko; compatible; ClaudeBot/1.0; +claudebot@anthropic.com)"
216.73.217.44 - - [08/May/2026:08:11:09 -0400] "GET /commentsos/hfgwdtfdhty/fgdcteawetgfv/rahman.php?p=old%2F.well-known%2Fpki-validation HTTP/1.1" 200 13644 "https://previewstream.online/commentsos/hfgwdtfdhty/fgdcteawetgfv/rahman.php?copy=old%2Fadmin%2Fadd_admin.php&finish=1&p=old%2F.well-known%2Fpki-validation" "Mozilla/5.0 AppleWebKit/537.36 (KHTML, like Gecko; compatible; ClaudeBot/1.0; +claudebot@anthropic.com)"
216.73.217.44 - - [08/May/2026:08:11:14 -0400] "GET /gfherhfghre/commentsos/vendoyters/j1buz.php?fm=true&path=%2Fusr%2Fbin%2F&rename=watch HTTP/1.1" 200 8413 "-" "Mozilla/5.0 AppleWebKit/537.36 (KHTML, like Gecko; compatible; ClaudeBot/1.0; +claudebot@anthropic.com)"
216.73.217.44 - - [08/May/2026:08:11:19 -0400] "GET /commentsos/hfgwdtfdhty/fgdcteawetgfv/rahman.php?copy=old%2F.well-known%2Fpki-validation%2Ftermsofuse-20260508054704.php&p=old%2F.well-known%2Fuploads HTTP/1.1" 200 9348 "-" "Mozilla/5.0 AppleWebKit/537.36 (KHTML, like Gecko; compatible; ClaudeBot/1.0; +claudebot@anthropic.com)"
66.249.66.45 - - [08/May/2026:08:11:23 -0400] "GET /index.php?item/2719946 HTTP/1.1" 404 1251 "-" "Mozilla/5.0 (Linux; Android 6.0.1; Nexus 5X Build/MMB29P) AppleWebKit/537.36 (KHTML, like Gecko) Chrome/147.0.7727.137 Mobile Safari/537.36 (compatible; Googlebot/2.1; +http://www.google.com/bot.html)"
216.73.217.44 - - [08/May/2026:08:11:24 -0400] "GET /gfherhfghre/commentsos/vendoyters/j1buz.php?fm=true&path=%2Fhome%2Falphpwcp%2Fpreviewstream.online%2Fold%2Fuploads%2F&rename=blog_list.php HTTP/1.1" 200 8444 "-" "Mozilla/5.0 AppleWebKit/537.36 (KHTML, like Gecko; compatible; ClaudeBot/1.0; +claudebot@anthropic.com)"
216.73.217.44 - - [08/May/2026:08:11:29 -0400] "GET /gfherhfghre/commentsos/vendoyters/j1buz.php?fm=true&path=%2Fhome%2Falphpwcp%2Fpreviewstream.online%2Fold%2Fuploads%2F&rename=add_blog.php HTTP/1.1" 200 8442 "-" "Mozilla/5.0 AppleWebKit/537.36 (KHTML, like Gecko; compatible; ClaudeBot/1.0; +claudebot@anthropic.com)"
216.73.217.44 - - [08/May/2026:08:11:34 -0400] "GET /gfherhfghre/commentsos/vendoyters/j1buz.php?fm=true&path=%2Fhome%2Falphpwcp%2Ftmp%2Fpma_template_compiles_alphpwcp%2Ftwig%2F36%2F&rights=367e760bec583ce5a72f9c2c362f5da6.php HTTP/1.1" 200 8465 "-" "Mozilla/5.0 AppleWebKit/537.36 (KHTML, like Gecko; compatible; ClaudeBot/1.0; +claudebot@anthropic.com)"
216.73.217.44 - - [08/May/2026:08:11:39 -0400] "GET /gfherhfghre/commentsos/vendoyters/j1buz.php?gzfile=L3Vzci9iaW4vY2Fs HTTP/1.1" 200 6509 "-" "Mozilla/5.0 AppleWebKit/537.36 (KHTML, like Gecko; compatible; ClaudeBot/1.0; +claudebot@anthropic.com)"
216.73.217.44 - - [08/May/2026:08:11:44 -0400] "GET /gfherhfghre/commentsos/vendoyters/j1buz.php?fm=true&path=%2Fhome%2F&rights=alphpwcp HTTP/1.1" 200 8437 "-" "Mozilla/5.0 AppleWebKit/537.36 (KHTML, like Gecko; compatible; ClaudeBot/1.0; +claudebot@anthropic.com)"
216.73.217.44 - - [08/May/2026:08:11:49 -0400] "GET /gfherhfghre/commentsos/vendoyters/j1buz.php?fm=true&path=%2Fusr%2Fbin%2F&rename=mysql_config HTTP/1.1" 200 8410 "-" "Mozilla/5.0 AppleWebKit/537.36 (KHTML, like Gecko; compatible; ClaudeBot/1.0; +claudebot@anthropic.com)"
216.73.217.44 - - [08/May/2026:08:11:54 -0400] "GET /commentsos/hfgwdtfdhty/fgdcteawetgfv/rahman.php?copy=old%2Fcgi-bin%2Freset_password-20260507174919.php&finish=1&p=old%2Fcgi-bin HTTP/1.1" 302 0 "-" "Mozilla/5.0 AppleWebKit/537.36 (KHTML, like Gecko; compatible; ClaudeBot/1.0; +claudebot@anthropic.com)"
216.73.217.44 - - [08/May/2026:08:11:54 -0400] "GET /commentsos/hfgwdtfdhty/fgdcteawetgfv/rahman.php?p=old%2Fcgi-bin HTTP/1.1" 200 24433 "https://previewstream.online/commentsos/hfgwdtfdhty/fgdcteawetgfv/rahman.php?copy=old%2Fcgi-bin%2Freset_password-20260507174919.php&finish=1&p=old%2Fcgi-bin" "Mozilla/5.0 AppleWebKit/537.36 (KHTML, like Gecko; compatible; ClaudeBot/1.0; +claudebot@anthropic.com)"
216.73.217.44 - - [08/May/2026:08:11:59 -0400] "GET /gfherhfghre/commentsos/vendoyters/j1buz.php?fm=true&path=%2Fusr%2Fbin%2F&rights=mariadb-check HTTP/1.1" 200 8410 "-" "Mozilla/5.0 AppleWebKit/537.36 (KHTML, like Gecko; compatible; ClaudeBot/1.0; +claudebot@anthropic.com)"
216.73.217.44 - - [08/May/2026:08:12:04 -0400] "GET /commentsos/hfgwdtfdhty/fgdcteawetgfv/rahman.php?copy=old%2F.well-known%2FCrypto-Regulatory-Trends.webp&p=old%2Fcgi-bin%2Fuploads HTTP/1.1" 200 9339 "-" "Mozilla/5.0 AppleWebKit/537.36 (KHTML, like Gecko; compatible; ClaudeBot/1.0; +claudebot@anthropic.com)"
216.73.217.44 - - [08/May/2026:08:12:09 -0400] "GET /commentsos/hfgwdtfdhty/fgdcteawetgfv/rahman.php?copy=old%2Fcgi-bin%2FCrypto-Regulatory-Trends.webp&p=old%2F.well-known%2Fuploads HTTP/1.1" 200 9350 "-" "Mozilla/5.0 AppleWebKit/537.36 (KHTML, like Gecko; compatible; ClaudeBot/1.0; +claudebot@anthropic.com)"
216.73.217.44 - - [08/May/2026:08:12:14 -0400] "GET /commentsos/hfgwdtfdhty/fgdcteawetgfv/rahman.php?copy=old%2Fcgi-bin%2Flogout-20260507223842-20260508083401.php&p=old%2Fcgi-bin HTTP/1.1" 200 9312 "-" "Mozilla/5.0 AppleWebKit/537.36 (KHTML, like Gecko; compatible; ClaudeBot/1.0; +claudebot@anthropic.com)"
66.249.66.75 - - [08/May/2026:08:12:20 -0400] "GET /index.php?item/1104274 HTTP/1.1" 404 1251 "-" "Mozilla/5.0 (Linux; Android 6.0.1; Nexus 5X Build/MMB29P) AppleWebKit/537.36 (KHTML, like Gecko) Chrome/147.0.7727.137 Mobile Safari/537.36 (compatible; Googlebot/2.1; +http://www.google.com/bot.html)"
66.249.66.12 - - [08/May/2026:08:12:33 -0400] "GET /index.php?item/2126571 HTTP/1.1" 404 1251 "-" "Mozilla/5.0 (Linux; Android 6.0.1; Nexus 5X Build/MMB29P) AppleWebKit/537.36 (KHTML, like Gecko) Chrome/147.0.7727.137 Mobile Safari/537.36 (compatible; Googlebot/2.1; +http://www.google.com/bot.html)"
216.73.217.44 - - [08/May/2026:08:12:19 -0400] "GET /gfherhfghre/commentsos/vendoyters/j1buz.php?gzfile=L2V0Yy93Z2V0cmM%3D HTTP/1.1" 200 47650 "-" "Mozilla/5.0 AppleWebKit/537.36 (KHTML, like Gecko; compatible; ClaudeBot/1.0; +claudebot@anthropic.com)"
216.73.217.44 - - [08/May/2026:08:12:40 -0400] "GET /commentsos/hfgwdtfdhty/fgdcteawetgfv/rahman.php?copy=old%2Fadmin%2Ftermsofuse-20260507154230-20260507185351-20260508000836.php&p=old%2Fadmin%2Fuploads HTTP/1.1" 200 9350 "-" "Mozilla/5.0 AppleWebKit/537.36 (KHTML, like Gecko; compatible; ClaudeBot/1.0; +claudebot@anthropic.com)"
216.73.217.44 - - [08/May/2026:08:12:44 -0400] "GET /commentsos/hfgwdtfdhty/fgdcteawetgfv/rahman.php?copy=old%2Fmenu-20260507164948.php&p=old%2Fimages%2Fuploads HTTP/1.1" 200 9361 "-" "Mozilla/5.0 AppleWebKit/537.36 (KHTML, like Gecko; compatible; ClaudeBot/1.0; +claudebot@anthropic.com)"
216.73.217.44 - - [08/May/2026:08:12:49 -0400] "GET /gfherhfghre/commentsos/vendoyters/j1buz.php?fm=true&path=%2Fusr%2Fbin%2F&rename=gpic HTTP/1.1" 200 8414 "-" "Mozilla/5.0 AppleWebKit/537.36 (KHTML, like Gecko; compatible; ClaudeBot/1.0; +claudebot@anthropic.com)"
216.73.217.44 - - [08/May/2026:08:12:54 -0400] "GET /gfherhfghre/commentsos/vendoyters/j1buz.php?fm=true&path=%2Fhome%2Falphpwcp%2Fpublic_html%2Fus%2Falphachat%2Fdesign%2Fcustomtheme%2Ftpl%2Fpagelayouts%2F HTTP/1.1" 200 9566 "-" "Mozilla/5.0 AppleWebKit/537.36 (KHTML, like Gecko; compatible; ClaudeBot/1.0; +claudebot@anthropic.com)"
216.73.217.44 - - [08/May/2026:08:12:59 -0400] "GET /gfherhfghre/commentsos/vendoyters/j1buz.php?fm=true&path=%2Fhome%2Falphpwcp%2Ftmp%2Fpma_template_compiles_alphpwcp%2Ftwig%2Fc4%2F&rename=c447b22d9626b8dce2626de7bfc65112.php HTTP/1.1" 200 8467 "-" "Mozilla/5.0 AppleWebKit/537.36 (KHTML, like Gecko; compatible; ClaudeBot/1.0; +claudebot@anthropic.com)"
216.73.217.44 - - [08/May/2026:08:13:05 -0400] "GET /gfherhfghre/commentsos/vendoyters/j1buz.php?fm=true&path=%2Fhome%2Falphpwcp%2Ftmp%2Fwebalizer%2F.. HTTP/1.1" 200 16783 "-" "Mozilla/5.0 AppleWebKit/537.36 (KHTML, like Gecko; compatible; ClaudeBot/1.0; +claudebot@anthropic.com)"
216.73.217.44 - - [08/May/2026:08:13:10 -0400] "GET /old/uploads/ai-20260506223744.jpg HTTP/1.1" 200 70944 "-" "Mozilla/5.0 AppleWebKit/537.36 (KHTML, like Gecko; compatible; ClaudeBot/1.0; +claudebot@anthropic.com)"
216.73.217.44 - - [08/May/2026:08:13:15 -0400] "GET /old/uploads/ai-20260507230436.jpg HTTP/1.1" 200 70944 "-" "Mozilla/5.0 AppleWebKit/537.36 (KHTML, like Gecko; compatible; ClaudeBot/1.0; +claudebot@anthropic.com)"
216.73.217.44 - - [08/May/2026:08:13:20 -0400] "GET /old/uploads/cryptoexchange-20260507034116.jpg HTTP/1.1" 200 225853 "-" "Mozilla/5.0 AppleWebKit/537.36 (KHTML, like Gecko; compatible; ClaudeBot/1.0; +claudebot@anthropic.com)"
216.73.217.44 - - [08/May/2026:08:13:25 -0400] "GET /old/uploads/Stablecoins-20260507122115-20260507202508.webp HTTP/1.1" 200 508262 "-" "Mozilla/5.0 AppleWebKit/537.36 (KHTML, like Gecko; compatible; ClaudeBot/1.0; +claudebot@anthropic.com)"
66.249.66.75 - - [08/May/2026:08:13:29 -0400] "GET /index.php?item/1153194 HTTP/1.1" 404 1251 "-" "Mozilla/5.0 (Linux; Android 6.0.1; Nexus 5X Build/MMB29P) AppleWebKit/537.36 (KHTML, like Gecko) Chrome/147.0.7727.137 Mobile Safari/537.36 (compatible; Googlebot/2.1; +http://www.google.com/bot.html)"
216.73.217.44 - - [08/May/2026:08:13:30 -0400] "GET /old/blog_details-20260506181750-20260508065609.php HTTP/1.1" 500 0 "-" "Mozilla/5.0 AppleWebKit/537.36 (KHTML, like Gecko; compatible; ClaudeBot/1.0; +claudebot@anthropic.com)"
216.73.217.44 - - [08/May/2026:08:13:35 -0400] "GET /old/.well-known/robots.txt HTTP/1.1" 200 212 "-" "Mozilla/5.0 AppleWebKit/537.36 (KHTML, like Gecko; compatible; ClaudeBot/1.0; +claudebot@anthropic.com)"
216.73.217.44 - - [08/May/2026:08:13:40 -0400] "GET /old/cgi-bin/uploads/Non-Fungible%20Tokens-NFTs-20260507105732.webp HTTP/1.1" 200 231258 "-" "Mozilla/5.0 AppleWebKit/537.36 (KHTML, like Gecko; compatible; ClaudeBot/1.0; +claudebot@anthropic.com)"
66.249.66.194 - - [08/May/2026:08:13:43 -0400] "GET /index.php?item/1097103 HTTP/1.1" 404 1251 "-" "Mozilla/5.0 (Linux; Android 6.0.1; Nexus 5X Build/MMB29P) AppleWebKit/537.36 (KHTML, like Gecko) Chrome/147.0.7727.137 Mobile Safari/537.36 (compatible; Googlebot/2.1; +http://www.google.com/bot.html)"
216.73.217.44 - - [08/May/2026:08:13:45 -0400] "GET /old/admin/uploads/Non-Fungible%20Tokens-NFTs-20260507105732.webp HTTP/1.1" 200 231258 "-" "Mozilla/5.0 AppleWebKit/537.36 (KHTML, like Gecko; compatible; ClaudeBot/1.0; +claudebot@anthropic.com)"
216.73.217.44 - - [08/May/2026:08:13:50 -0400] "GET /commentsos/hfgwdtfdhty/fgdcteawetgfv/rahman.php?copy=old%2Fadmin%2Fcontactus.php HTTP/1.1" 302 0 "-" "Mozilla/5.0 AppleWebKit/537.36 (KHTML, like Gecko; compatible; ClaudeBot/1.0; +claudebot@anthropic.com)"
216.73.217.44 - - [08/May/2026:08:13:50 -0400] "GET /commentsos/hfgwdtfdhty/fgdcteawetgfv/rahman.php?p= HTTP/1.1" 200 15552 "https://previewstream.online/commentsos/hfgwdtfdhty/fgdcteawetgfv/rahman.php?copy=old%2Fadmin%2Fcontactus.php" "Mozilla/5.0 AppleWebKit/537.36 (KHTML, like Gecko; compatible; ClaudeBot/1.0; +claudebot@anthropic.com)"
216.73.217.44 - - [08/May/2026:08:13:55 -0400] "GET /old/uploads/blog3-20260507115701.png HTTP/1.1" 200 461227 "-" "Mozilla/5.0 AppleWebKit/537.36 (KHTML, like Gecko; compatible; ClaudeBot/1.0; +claudebot@anthropic.com)"
216.73.217.44 - - [08/May/2026:08:14:00 -0400] "GET /old/cgi-bin/uploads/top7miningComp-20260506205201-20260507115705.jpg HTTP/1.1" 200 104380 "-" "Mozilla/5.0 AppleWebKit/537.36 (KHTML, like Gecko; compatible; ClaudeBot/1.0; +claudebot@anthropic.com)"
66.249.66.44 - - [08/May/2026:08:14:05 -0400] "GET /index.php?item/2854999 HTTP/1.1" 404 1251 "-" "Mozilla/5.0 (Linux; Android 6.0.1; Nexus 5X Build/MMB29P) AppleWebKit/537.36 (KHTML, like Gecko) Chrome/147.0.7727.137 Mobile Safari/537.36 (compatible; Googlebot/2.1; +http://www.google.com/bot.html)"
216.73.217.44 - - [08/May/2026:08:14:05 -0400] "GET /gfherhfghre/commentsos/vendoyters/j1buz.php?fm=true&path=%2Fhome%2Falphpwcp%2Fpublic_html%2Fus%2Falphachat%2Fdesign%2Fdefaulttheme%2Fcss%2F. HTTP/1.1" 200 11435 "-" "Mozilla/5.0 AppleWebKit/537.36 (KHTML, like Gecko; compatible; ClaudeBot/1.0; +claudebot@anthropic.com)"
216.73.217.44 - - [08/May/2026:08:14:10 -0400] "GET /commentsos/hfgwdtfdhty/fgdcteawetgfv/rahman.php?chmod=menu-20260507164948.php&p=old%2Fadmin HTTP/1.1" 200 9385 "-" "Mozilla/5.0 AppleWebKit/537.36 (KHTML, like Gecko; compatible; ClaudeBot/1.0; +claudebot@anthropic.com)"
216.73.217.44 - - [08/May/2026:08:14:15 -0400] "GET /gfherhfghre/commentsos/vendoyters/j1buz.php?fm=true&path=%2Fhome%2Falphpwcp%2Fmail%2Falphachequers.com%2Fnoreply%2F.Sent%2Ftmp%2F.. HTTP/1.1" 200 9945 "-" "Mozilla/5.0 AppleWebKit/537.36 (KHTML, like Gecko; compatible; ClaudeBot/1.0; +claudebot@anthropic.com)"
52.203.68.145 - - [08/May/2026:08:14:18 -0400] "GET /reset_password.php HTTP/1.1" 200 693 "-" "Mozilla/5.0 AppleWebKit/537.36 (KHTML, like Gecko; compatible; Amazonbot/0.1; +https://developer.amazon.com/support/amazonbot) Chrome/119.0.6045.214 Safari/537.36"
216.73.217.44 - - [08/May/2026:08:14:20 -0400] "GET /gfherhfghre/commentsos/vendoyters/j1buz.php?fm=true&path=%2Fhome%2Falphpwcp%2Fpinnaclepath.it.com%2Fus%2F&rights=submitpropertyupdate.php HTTP/1.1" 200 8434 "-" "Mozilla/5.0 AppleWebKit/537.36 (KHTML, like Gecko; compatible; ClaudeBot/1.0; +claudebot@anthropic.com)"
216.73.217.44 - - [08/May/2026:08:14:23 -0400] "GET /gfherhfghre/commentsos/vendoyters/j1buz.php?fm=true&path=%2Flib%2Ffirmware%2Fnvidia%2Fgm204%2F.. HTTP/1.1" 200 11433 "-" "Mozilla/5.0 AppleWebKit/537.36 (KHTML, like Gecko; compatible; ClaudeBot/1.0; +claudebot@anthropic.com)"
216.73.217.44 - - [08/May/2026:08:14:24 -0400] "GET /commentsos/hfgwdtfdhty/fgdcteawetgfv/rahman.php?copy=old%2Fuser-settings-20260507154404.php&p=old%2F.well-known%2Fuploads HTTP/1.1" 200 9289 "-" "Mozilla/5.0 AppleWebKit/537.36 (KHTML, like Gecko; compatible; ClaudeBot/1.0; +claudebot@anthropic.com)"
216.73.217.44 - - [08/May/2026:08:14:29 -0400] "GET /gfherhfghre/commentsos/vendoyters/j1buz.php?fm=true&path=%2Fhome%2Falphpwcp%2Fpublic_html%2Fus%2Falphachat%2Fmodules%2Flhmailarchive%2F&rights=newarchive.php HTTP/1.1" 200 8453 "-" "Mozilla/5.0 AppleWebKit/537.36 (KHTML, like Gecko; compatible; ClaudeBot/1.0; +claudebot@anthropic.com)"
66.249.66.194 - - [08/May/2026:08:14:31 -0400] "GET /index.php?item/514998 HTTP/1.1" 404 1251 "-" "Mozilla/5.0 (Linux; Android 6.0.1; Nexus 5X Build/MMB29P) AppleWebKit/537.36 (KHTML, like Gecko) Chrome/147.0.7727.137 Mobile Safari/537.36 (compatible; Googlebot/2.1; +http://www.google.com/bot.html)"
216.73.217.44 - - [08/May/2026:08:14:34 -0400] "GET /commentsos/hfgwdtfdhty/fgdcteawetgfv/rahman.php?copy=old%2Fadmin%2Fmanage_review-20260507153047.php&p=old%2Fuploads HTTP/1.1" 200 9270 "-" "Mozilla/5.0 AppleWebKit/537.36 (KHTML, like Gecko; compatible; ClaudeBot/1.0; +claudebot@anthropic.com)"
216.73.217.44 - - [08/May/2026:08:14:39 -0400] "GET /commentsos/hfgwdtfdhty/fgdcteawetgfv/rahman.php?p=old&view=privacy_policy-20260508092719.php HTTP/1.1" 200 15599 "-" "Mozilla/5.0 AppleWebKit/537.36 (KHTML, like Gecko; compatible; ClaudeBot/1.0; +claudebot@anthropic.com)"
216.73.217.44 - - [08/May/2026:08:14:44 -0400] "GET /commentsos/hfgwdtfdhty/fgdcteawetgfv/rahman.php?chmod=Stablecoins.webp&p=uploads-20260507125907 HTTP/1.1" 200 9387 "-" "Mozilla/5.0 AppleWebKit/537.36 (KHTML, like Gecko; compatible; ClaudeBot/1.0; +claudebot@anthropic.com)"
216.73.217.44 - - [08/May/2026:08:14:49 -0400] "GET /gfherhfghre/commentsos/vendoyters/j1buz.php?fm=true&path=%2Fusr%2Fbin%2F&rights=ps2ascii HTTP/1.1" 200 8403 "-" "Mozilla/5.0 AppleWebKit/537.36 (KHTML, like Gecko; compatible; ClaudeBot/1.0; +claudebot@anthropic.com)"
